CREATE TABLE `currencies` (
  `id` int(10) unsigned NOT NULL AUTO_INCREMENT,
  `country` varchar(100) NOT NULL,
  `currency` varchar(100) NOT NULL,
  `code` varchar(25) NOT NULL,
  `symbol` varchar(25) NOT NULL,
  `thousand_separator` varchar(10) NOT NULL,
  `decimal_separator` varchar(10) NOT NULL,
  `created_at` timestamp NULL DEFAULT NULL,
  `updated_at` timestamp NULL DEFAULT NULL,
  PRIMARY KEY (`id`)
) ENGINE=InnoDB AUTO_INCREMENT=142 DEFAULT CHARSET=utf8mb4 COLLATE=utf8mb4_unicode_ci;

INSERT INTO `currencies` VALUES (1,'Albania','Leke','ALL','Lek',',','.',NULL,NULL),(2,'America','Dollars','USD','$',',','.',NULL,NULL),(3,'Afghanistan','Afghanis','AF','؋',',','.',NULL,NULL),(4,'Argentina','Pesos','ARS','$',',','.',NULL,NULL),(5,'Aruba','Guilders','AWG','ƒ',',','.',NULL,NULL),(6,'Australia','Dollars','AUD','$',',','.',NULL,NULL),(7,'Azerbaijan','New Manats','AZ','ман',',','.',NULL,NULL),(8,'Bahamas','Dollars','BSD','$',',','.',NULL,NULL),(9,'Barbados','Dollars','BBD','$',',','.',NULL,NULL),(10,'Belarus','Rubles','BYR','p.',',','.',NULL,NULL),(11,'Belgium','Euro','EUR','€',',','.',NULL,NULL),(12,'Beliz','Dollars','BZD','BZ$',',','.',NULL,NULL),(13,'Bermuda','Dollars','BMD','$',',','.',NULL,NULL),(14,'Bolivia','Bolivianos','BOB','$b',',','.',NULL,NULL),(15,'Bosnia and Herzegovina','Convertible Marka','BAM','KM',',','.',NULL,NULL),(16,'Botswana','Pula\'s','BWP','P',',','.',NULL,NULL),(17,'Bulgaria','Leva','BG','лв',',','.',NULL,NULL),(18,'Brazil','Reais','BRL','R$',',','.',NULL,NULL),(19,'Britain [United Kingdom]','Pounds','GBP','£',',','.',NULL,NULL),(20,'Brunei Darussalam','Dollars','BND','$',',','.',NULL,NULL),(21,'Cambodia','Riels','KHR','៛',',','.',NULL,NULL),(22,'Canada','Dollars','CAD','$',',','.',NULL,NULL),(23,'Cayman Islands','Dollars','KYD','$',',','.',NULL,NULL),(24,'Chile','Pesos','CLP','$',',','.',NULL,NULL),(25,'China','Yuan Renminbi','CNY','¥',',','.',NULL,NULL),(26,'Colombia','Pesos','COP','$',',','.',NULL,NULL),(27,'Costa Rica','Colón','CRC','₡',',','.',NULL,NULL),(28,'Croatia','Kuna','HRK','kn',',','.',NULL,NULL),(29,'Cuba','Pesos','CUP','₱',',','.',NULL,NULL),(30,'Cyprus','Euro','EUR','€','.',',',NULL,NULL),(31,'Czech Republic','Koruny','CZK','Kč',',','.',NULL,NULL),(32,'Denmark','Kroner','DKK','kr',',','.',NULL,NULL),(33,'Dominican Republic','Pesos','DOP ','RD$',',','.',NULL,NULL),(34,'East Caribbean','Dollars','XCD','$',',','.',NULL,NULL),(35,'Egypt','Pounds','EGP','£',',','.',NULL,NULL),(36,'El Salvador','Colones','SVC','$',',','.',NULL,NULL),(37,'England [United Kingdom]','Pounds','GBP','£',',','.',NULL,NULL),(38,'Euro','Euro','EUR','€','.',',',NULL,NULL),(39,'Falkland Islands','Pounds','FKP','£',',','.',NULL,NULL),(40,'Fiji','Dollars','FJD','$',',','.',NULL,NULL),(41,'France','Euro','EUR','€','.',',',NULL,NULL),(42,'Ghana','Cedis','GHS','¢',',','.',NULL,NULL),(43,'Gibraltar','Pounds','GIP','£',',','.',NULL,NULL),(44,'Greece','Euro','EUR','€','.',',',NULL,NULL),(45,'Guatemala','Quetzales','GTQ','Q',',','.',NULL,NULL),(46,'Guernsey','Pounds','GGP','£',',','.',NULL,NULL),(47,'Guyana','Dollars','GYD','$',',','.',NULL,NULL),(48,'Holland [Netherlands]','Euro','EUR','€','.',',',NULL,NULL),(49,'Honduras','Lempiras','HNL','L',',','.',NULL,NULL),(50,'Hong Kong','Dollars','HKD','$',',','.',NULL,NULL),(51,'Hungary','Forint','HUF','Ft',',','.',NULL,NULL),(52,'Iceland','Kronur','ISK','kr',',','.',NULL,NULL),(53,'India','Rupees','INR','₹',',','.',NULL,NULL),(54,'Indonesia','Rupiahs','IDR','Rp',',','.',NULL,NULL),(55,'Iran','Rials','IRR','﷼',',','.',NULL,NULL),(56,'Ireland','Euro','EUR','€','.',',',NULL,NULL),(57,'Isle of Man','Pounds','IMP','£',',','.',NULL,NULL),(58,'Israel','New Shekels','ILS','₪',',','.',NULL,NULL),(59,'Italy','Euro','EUR','€','.',',',NULL,NULL),(60,'Jamaica','Dollars','JMD','J$',',','.',NULL,NULL),(61,'Japan','Yen','JPY','¥',',','.',NULL,NULL),(62,'Jersey','Pounds','JEP','£',',','.',NULL,NULL),(63,'Kazakhstan','Tenge','KZT','лв',',','.',NULL,NULL),(64,'Korea [North]','Won','KPW','₩',',','.',NULL,NULL),(65,'Korea [South]','Won','KRW','₩',',','.',NULL,NULL),(66,'Kyrgyzstan','Soms','KGS','лв',',','.',NULL,NULL),(67,'Laos','Kips','LAK','₭',',','.',NULL,NULL),(68,'Latvia','Lati','LVL','Ls',',','.',NULL,NULL),(69,'Lebanon','Pounds','LBP','£',',','.',NULL,NULL),(70,'Liberia','Dollars','LRD','$',',','.',NULL,NULL),(71,'Liechtenstein','Switzerland Francs','CHF','CHF',',','.',NULL,NULL),(72,'Lithuania','Litai','LTL','Lt',',','.',NULL,NULL),(73,'Luxembourg','Euro','EUR','€','.',',',NULL,NULL),(74,'Macedonia','Denars','MKD','ден',',','.',NULL,NULL),(75,'Malaysia','Ringgits','MYR','RM',',','.',NULL,NULL),(76,'Malta','Euro','EUR','€','.',',',NULL,NULL),(77,'Mauritius','Rupees','MUR','₨',',','.',NULL,NULL),(78,'Mexico','Pesos','MXN','$',',','.',NULL,NULL),(79,'Mongolia','Tugriks','MNT','₮',',','.',NULL,NULL),(80,'Mozambique','Meticais','MZ','MT',',','.',NULL,NULL),(81,'Namibia','Dollars','NAD','$',',','.',NULL,NULL),(82,'Nepal','Rupees','NPR','₨',',','.',NULL,NULL),(83,'Netherlands Antilles','Guilders','ANG','ƒ',',','.',NULL,NULL),(84,'Netherlands','Euro','EUR','€','.',',',NULL,NULL),(85,'New Zealand','Dollars','NZD','$',',','.',NULL,NULL),(86,'Nicaragua','Cordobas','NIO','C$',',','.',NULL,NULL),(87,'Nigeria','Nairas','NGN','₦',',','.',NULL,NULL),(88,'North Korea','Won','KPW','₩',',','.',NULL,NULL),(89,'Norway','Krone','NOK','kr',',','.',NULL,NULL),(90,'Oman','Rials','OMR','﷼',',','.',NULL,NULL),(91,'Pakistan','Rupees','PKR','₨',',','.',NULL,NULL),(92,'Panama','Balboa','PAB','B/.',',','.',NULL,NULL),(93,'Paraguay','Guarani','PYG','Gs',',','.',NULL,NULL),(94,'Peru','Nuevos Soles','PE','S/.',',','.',NULL,NULL),(95,'Philippines','Pesos','PHP','Php',',','.',NULL,NULL),(96,'Poland','Zlotych','PL','zł',',','.',NULL,NULL),(97,'Qatar','Rials','QAR','﷼',',','.',NULL,NULL),(98,'Romania','New Lei','RO','lei',',','.',NULL,NULL),(99,'Russia','Rubles','RUB','руб',',','.',NULL,NULL),(100,'Saint Helena','Pounds','SHP','£',',','.',NULL,NULL),(101,'Saudi Arabia','Riyals','SAR','﷼',',','.',NULL,NULL),(102,'Serbia','Dinars','RSD','Дин.',',','.',NULL,NULL),(103,'Seychelles','Rupees','SCR','₨',',','.',NULL,NULL),(104,'Singapore','Dollars','SGD','$',',','.',NULL,NULL),(105,'Slovenia','Euro','EUR','€','.',',',NULL,NULL),(106,'Solomon Islands','Dollars','SBD','$',',','.',NULL,NULL),(107,'Somalia','Shillings','SOS','S',',','.',NULL,NULL),(108,'South Africa','Rand','ZAR','R',',','.',NULL,NULL),(109,'South Korea','Won','KRW','₩',',','.',NULL,NULL),(110,'Spain','Euro','EUR','€','.',',',NULL,NULL),(111,'Sri Lanka','Rupees','LKR','₨',',','.',NULL,NULL),(112,'Sweden','Kronor','SEK','kr',',','.',NULL,NULL),(113,'Switzerland','Francs','CHF','CHF',',','.',NULL,NULL),(114,'Suriname','Dollars','SRD','$',',','.',NULL,NULL),(115,'Syria','Pounds','SYP','£',',','.',NULL,NULL),(116,'Taiwan','New Dollars','TWD','NT$',',','.',NULL,NULL),(117,'Thailand','Baht','THB','฿',',','.',NULL,NULL),(118,'Trinidad and Tobago','Dollars','TTD','TT$',',','.',NULL,NULL),(119,'Turkey','Lira','TRY','TL',',','.',NULL,NULL),(120,'Turkey','Liras','TRL','£',',','.',NULL,NULL),(121,'Tuvalu','Dollars','TVD','$',',','.',NULL,NULL),(122,'Ukraine','Hryvnia','UAH','₴',',','.',NULL,NULL),(123,'United Kingdom','Pounds','GBP','£',',','.',NULL,NULL),(124,'United States of America','Dollars','USD','$',',','.',NULL,NULL),(125,'Uruguay','Pesos','UYU','$U',',','.',NULL,NULL),(126,'Uzbekistan','Sums','UZS','лв',',','.',NULL,NULL),(127,'Vatican City','Euro','EUR','€','.',',',NULL,NULL),(128,'Venezuela','Bolivares Fuertes','VEF','Bs',',','.',NULL,NULL),(129,'Vietnam','Dong','VND','₫',',','.',NULL,NULL),(130,'Yemen','Rials','YER','﷼',',','.',NULL,NULL),(131,'Zimbabwe','Zimbabwe Dollars','ZWD','Z$',',','.',NULL,NULL),(132,'Iraq','Iraqi dinar','IQD','د.ع',',','.',NULL,NULL),(133,'Kenya','Kenyan shilling','KES','KSh',',','.',NULL,NULL),(134,'Bangladesh','Taka','BDT','৳',',','.',NULL,NULL),(135,'Algerie','Algerian dinar','DZD','د.ج',' ','.',NULL,NULL),(136,'United Arab Emirates','United Arab Emirates dirham','AED','د.إ',',','.',NULL,NULL),(137,'Uganda','Uganda shillings','UGX','USh',',','.',NULL,NULL),(138,'Tanzania','Tanzanian shilling','TZS','TSh',',','.',NULL,NULL),(139,'Angola','Kwanza','AOA','Kz',',','.',NULL,NULL),(140,'Kuwait','Kuwaiti dinar','KWD','KD',',','.',NULL,NULL),(141,'Bahrain','Bahraini dinar','BHD','BD',',','.',NULL,NULL);
CREATE TABLE `customer_groups` (
  `id` int(10) unsigned NOT NULL AUTO_INCREMENT,
  `business_id` int(10) unsigned NOT NULL,
  `name` varchar(191) NOT NULL,
  `amount` double(5,2) NOT NULL,
  `price_calculation_type` varchar(191) DEFAULT 'percentage',
  `selling_price_group_id` int(11) DEFAULT NULL,
  `created_by` int(10) unsigned NOT NULL,
  `created_at` timestamp NULL DEFAULT NULL,
  `updated_at` timestamp NULL DEFAULT NULL,
  PRIMARY KEY (`id`),
  KEY `customer_groups_business_id_foreign` (`business_id`),
  KEY `customer_groups_created_by_index` (`created_by`),
  KEY `customer_groups_price_calculation_type_index` (`price_calculation_type`),
  KEY `customer_groups_selling_price_group_id_index` (`selling_price_group_id`)
) ENGINE=InnoDB AUTO_INCREMENT=3 DEFAULT CHARSET=utf8mb4 COLLATE=utf8mb4_unicode_ci;

INSERT INTO `customer_groups` VALUES (1,1,'Clients with cars',0.00,'percentage',NULL,1,'2023-02-08 19:15:46','2023-02-08 19:15:46'),(2,1,'Corporate',0.00,'percentage',NULL,1,'2023-02-08 19:16:03','2023-02-08 19:16:03');
CREATE TABLE `dashboard_configurations` (
  `id` int(10) unsigned NOT NULL AUTO_INCREMENT,
  `business_id` int(10) unsigned NOT NULL,
  `created_by` int(11) NOT NULL,
  `name` varchar(191) NOT NULL,
  `color` varchar(191) NOT NULL,
  `configuration` text DEFAULT NULL,
  `created_at` timestamp NULL DEFAULT NULL,
  `updated_at` timestamp NULL DEFAULT NULL,
  PRIMARY KEY (`id`),
  KEY `dashboard_configurations_business_id_foreign` (`business_id`)
) ENGINE=InnoDB DEFAULT CHARSET=utf8mb4 COLLATE=utf8mb4_unicode_ci;

CREATE TABLE `discount_variations` (
  `discount_id` int(11) NOT NULL,
  `variation_id` int(11) NOT NULL,
  KEY `discount_variations_discount_id_index` (`discount_id`),
  KEY `discount_variations_variation_id_index` (`variation_id`)
) ENGINE=InnoDB DEFAULT CHARSET=utf8mb4 COLLATE=utf8mb4_unicode_ci;

CREATE TABLE `discounts` (
  `id` int(10) unsigned NOT NULL AUTO_INCREMENT,
  `name` varchar(191) NOT NULL,
  `business_id` int(11) NOT NULL,
  `brand_id` int(11) DEFAULT NULL,
  `category_id` int(11) DEFAULT NULL,
  `location_id` int(11) DEFAULT NULL,
  `priority` int(11) DEFAULT NULL,
  `discount_type` varchar(191) DEFAULT NULL,
  `discount_amount` decimal(22,4) NOT NULL DEFAULT 0.0000,
  `starts_at` datetime DEFAULT NULL,
  `ends_at` datetime DEFAULT NULL,
  `is_active` tinyint(1) NOT NULL DEFAULT 1,
  `spg` varchar(100) DEFAULT NULL COMMENT 'Applicable in specified selling price group only. Use of applicable_in_spg column is discontinued',
  `applicable_in_cg` tinyint(1) DEFAULT 0,
  `created_at` timestamp NULL DEFAULT NULL,
  `updated_at` timestamp NULL DEFAULT NULL,
  PRIMARY KEY (`id`),
  KEY `discounts_business_id_index` (`business_id`),
  KEY `discounts_brand_id_index` (`brand_id`),
  KEY `discounts_category_id_index` (`category_id`),
  KEY `discounts_location_id_index` (`location_id`),
  KEY `discounts_priority_index` (`priority`),
  KEY `discounts_spg_index` (`spg`)
) ENGINE=InnoDB DEFAULT CHARSET=utf8mb4 COLLATE=utf8mb4_unicode_ci;

CREATE TABLE `document_and_notes` (
  `id` int(10) unsigned NOT NULL AUTO_INCREMENT,
  `business_id` int(11) NOT NULL,
  `notable_id` int(11) NOT NULL,
  `notable_type` varchar(191) NOT NULL,
  `heading` text DEFAULT NULL,
  `description` text DEFAULT NULL,
  `is_private` tinyint(1) NOT NULL DEFAULT 0,
  `created_by` int(11) NOT NULL,
  `created_at` timestamp NULL DEFAULT NULL,
  `updated_at` timestamp NULL DEFAULT NULL,
  PRIMARY KEY (`id`),
  KEY `document_and_notes_business_id_index` (`business_id`),
  KEY `document_and_notes_notable_id_index` (`notable_id`),
  KEY `document_and_notes_created_by_index` (`created_by`)
) ENGINE=InnoDB DEFAULT CHARSET=utf8mb4 COLLATE=utf8mb4_unicode_ci;

CREATE TABLE `essentials_allowances_and_deductions` (
  `id` int(10) unsigned NOT NULL AUTO_INCREMENT,
  `business_id` int(11) NOT NULL,
  `description` varchar(191) NOT NULL,
  `type` enum('allowance','deduction') NOT NULL,
  `amount` decimal(22,4) NOT NULL,
  `amount_type` enum('fixed','percent') NOT NULL,
  `applicable_date` date DEFAULT NULL,
  `created_at` timestamp NULL DEFAULT NULL,
  `updated_at` timestamp NULL DEFAULT NULL,
  PRIMARY KEY (`id`),
  KEY `essentials_allowances_and_deductions_business_id_index` (`business_id`)
) ENGINE=InnoDB AUTO_INCREMENT=4 DEFAULT CHARSET=utf8mb4 COLLATE=utf8mb4_unicode_ci;

INSERT INTO `essentials_allowances_and_deductions` VALUES (1,1,'Staff of the month Bonus','allowance',3500.0000,'fixed',NULL,'2023-04-01 16:11:04','2023-05-18 13:48:22'),(2,1,'Absent fee','deduction',1000.0000,'fixed',NULL,'2023-04-01 16:11:45','2023-05-23 15:49:22');
CREATE TABLE `essentials_attendances` (
  `id` int(10) unsigned NOT NULL AUTO_INCREMENT,
  `user_id` int(11) NOT NULL,
  `business_id` int(11) NOT NULL,
  `clock_in_time` datetime DEFAULT NULL,
  `clock_out_time` datetime DEFAULT NULL,
  `essentials_shift_id` int(11) DEFAULT NULL,
  `ip_address` varchar(191) DEFAULT NULL,
  `clock_in_note` text DEFAULT NULL,
  `clock_out_note` text DEFAULT NULL,
  `clock_in_location` text DEFAULT NULL,
  `clock_out_location` text DEFAULT NULL,
  `created_at` timestamp NULL DEFAULT NULL,
  `updated_at` timestamp NULL DEFAULT NULL,
  PRIMARY KEY (`id`),
  KEY `essentials_attendances_user_id_index` (`user_id`),
  KEY `essentials_attendances_business_id_index` (`business_id`),
  KEY `essentials_attendances_essentials_shift_id_index` (`essentials_shift_id`)
) ENGINE=InnoDB AUTO_INCREMENT=11 DEFAULT CHARSET=utf8mb4 COLLATE=utf8mb4_unicode_ci;

INSERT INTO `essentials_attendances` VALUES (8,7,1,'2023-04-29 08:05:00',NULL,1,'105.112.1.186',NULL,NULL,NULL,NULL,'2023-04-29 22:06:44','2023-04-29 22:06:44'),(9,29,1,'2023-05-01 12:04:00',NULL,NULL,'105.112.1.186',NULL,NULL,NULL,NULL,'2023-05-01 16:06:00','2023-05-01 16:06:00'),(10,20,1,'2023-07-29 15:44:00',NULL,NULL,'197.210.53.218',NULL,NULL,NULL,NULL,'2023-07-29 19:45:03','2023-07-29 19:45:03');
CREATE TABLE `essentials_document_shares` (
  `id` int(10) unsigned NOT NULL AUTO_INCREMENT,
  `document_id` int(11) NOT NULL,
  `value_type` enum('user','role') NOT NULL,
  `value` int(11) NOT NULL,
  `created_at` timestamp NULL DEFAULT NULL,
  `updated_at` timestamp NULL DEFAULT NULL,
  PRIMARY KEY (`id`),
  KEY `essentials_document_shares_document_id_index` (`document_id`),
  KEY `essentials_document_shares_value_type_index` (`value_type`)
) ENGINE=InnoDB DEFAULT CHARSET=utf8mb4 COLLATE=utf8mb4_unicode_ci;

CREATE TABLE `essentials_documents` (
  `id` int(10) unsigned NOT NULL AUTO_INCREMENT,
  `business_id` int(11) NOT NULL,
  `user_id` int(11) NOT NULL,
  `type` varchar(191) DEFAULT NULL,
  `name` varchar(191) NOT NULL,
  `description` varchar(191) DEFAULT NULL,
  `created_at` timestamp NULL DEFAULT NULL,
  `updated_at` timestamp NULL DEFAULT NULL,
  PRIMARY KEY (`id`)
) ENGINE=InnoDB AUTO_INCREMENT=2 DEFAULT CHARSET=utf8mb4 COLLATE=utf8mb4_unicode_ci;

INSERT INTO `essentials_documents` VALUES (1,1,26,'document','1680346783_african-american-college-student-with-laptop-sunny-day-city-street.jpg','CV','2023-04-01 15:59:43','2023-04-01 15:59:43');
CREATE TABLE `essentials_holidays` (
  `id` int(10) unsigned NOT NULL AUTO_INCREMENT,
  `name` varchar(191) DEFAULT NULL,
  `start_date` date NOT NULL,
  `end_date` date NOT NULL,
  `business_id` int(11) NOT NULL,
  `location_id` int(11) DEFAULT NULL,
  `note` text DEFAULT NULL,
  `created_at` timestamp NULL DEFAULT NULL,
  `updated_at` timestamp NULL DEFAULT NULL,
  PRIMARY KEY (`id`),
  KEY `essentials_holidays_business_id_index` (`business_id`),
  KEY `essentials_holidays_location_id_index` (`location_id`)
) ENGINE=InnoDB AUTO_INCREMENT=2 DEFAULT CHARSET=utf8mb4 COLLATE=utf8mb4_unicode_ci;

INSERT INTO `essentials_holidays` VALUES (1,'Easter Monday','2023-04-10','2023-04-10',1,NULL,'Happy Easter','2023-04-01 16:05:37','2023-04-01 16:05:37');
CREATE TABLE `essentials_kb` (
  `id` bigint(20) unsigned NOT NULL AUTO_INCREMENT,
  `business_id` bigint(20) unsigned NOT NULL,
  `title` varchar(191) NOT NULL,
  `content` longtext DEFAULT NULL,
  `status` varchar(191) NOT NULL,
  `kb_type` varchar(191) NOT NULL,
  `parent_id` bigint(20) unsigned DEFAULT NULL COMMENT 'id from essentials_kb table',
  `share_with` varchar(191) DEFAULT NULL COMMENT 'public, private, only_with',
  `created_by` bigint(20) unsigned NOT NULL,
  `created_at` timestamp NULL DEFAULT NULL,
  `updated_at` timestamp NULL DEFAULT NULL,
  PRIMARY KEY (`id`),
  KEY `essentials_kb_business_id_index` (`business_id`),
  KEY `essentials_kb_parent_id_index` (`parent_id`),
  KEY `essentials_kb_created_by_index` (`created_by`)
) ENGINE=InnoDB DEFAULT CHARSET=utf8mb4 COLLATE=utf8mb4_unicode_ci;

CREATE TABLE `essentials_kb_users` (
  `id` bigint(20) unsigned NOT NULL AUTO_INCREMENT,
  `kb_id` int(11) NOT NULL,
  `user_id` int(11) NOT NULL,
  PRIMARY KEY (`id`),
  KEY `essentials_kb_users_kb_id_index` (`kb_id`),
  KEY `essentials_kb_users_user_id_index` (`user_id`)
) ENGINE=InnoDB DEFAULT CHARSET=utf8mb4 COLLATE=utf8mb4_unicode_ci;

CREATE TABLE `essentials_leave_types` (
  `id` int(10) unsigned NOT NULL AUTO_INCREMENT,
  `leave_type` varchar(191) NOT NULL,
  `max_leave_count` int(11) DEFAULT NULL,
  `leave_count_interval` enum('month','year') DEFAULT NULL,
  `business_id` int(11) NOT NULL,
  `created_at` timestamp NULL DEFAULT NULL,
  `updated_at` timestamp NULL DEFAULT NULL,
  PRIMARY KEY (`id`),
  KEY `essentials_leave_types_business_id_index` (`business_id`)
) ENGINE=InnoDB AUTO_INCREMENT=3 DEFAULT CHARSET=utf8mb4 COLLATE=utf8mb4_unicode_ci;

INSERT INTO `essentials_leave_types` VALUES (1,'Sick Leave',2,'month',1,'2023-04-01 16:02:40','2023-04-01 16:02:40'),(2,'Annual Leave',1,'year',1,'2023-04-01 16:09:36','2023-04-01 16:09:36');
CREATE TABLE `essentials_leaves` (
  `id` int(10) unsigned NOT NULL AUTO_INCREMENT,
  `essentials_leave_type_id` int(11) DEFAULT NULL,
  `business_id` int(11) NOT NULL,
  `user_id` int(11) NOT NULL,
  `start_date` date NOT NULL,
  `end_date` date NOT NULL,
  `ref_no` varchar(191) DEFAULT NULL,
  `status` enum('pending','approved','cancelled') DEFAULT NULL,
  `reason` text DEFAULT NULL,
  `status_note` text DEFAULT NULL,
  `created_at` timestamp NULL DEFAULT NULL,
  `updated_at` timestamp NULL DEFAULT NULL,
  PRIMARY KEY (`id`),
  KEY `essentials_leaves_essentials_leave_type_id_index` (`essentials_leave_type_id`),
  KEY `essentials_leaves_business_id_index` (`business_id`),
  KEY `essentials_leaves_user_id_index` (`user_id`)
) ENGINE=InnoDB AUTO_INCREMENT=2 DEFAULT CHARSET=utf8mb4 COLLATE=utf8mb4_unicode_ci;

INSERT INTO `essentials_leaves` VALUES (1,1,1,46,'2023-05-25','2023-05-26','2023/0001','approved','Sick and followed Due Process with H.M.O',NULL,'2023-05-25 13:53:30','2023-05-25 13:53:57');
CREATE TABLE `essentials_messages` (
  `id` int(10) unsigned NOT NULL AUTO_INCREMENT,
  `business_id` int(11) NOT NULL,
  `user_id` int(11) NOT NULL,
  `message` text NOT NULL,
  `location_id` int(11) DEFAULT NULL,
  `created_at` timestamp NULL DEFAULT NULL,
  `updated_at` timestamp NULL DEFAULT NULL,
  PRIMARY KEY (`id`),
  KEY `essentials_messages_business_id_index` (`business_id`),
  KEY `essentials_messages_user_id_index` (`user_id`),
  KEY `essentials_messages_location_id_index` (`location_id`)
) ENGINE=InnoDB AUTO_INCREMENT=2 DEFAULT CHARSET=utf8mb4 COLLATE=utf8mb4_unicode_ci;

INSERT INTO `essentials_messages` VALUES (1,1,1,'Message Check',1,'2023-04-01 16:01:38','2023-04-01 16:01:38');
CREATE TABLE `essentials_payroll_group_transactions` (
  `payroll_group_id` bigint(20) unsigned NOT NULL,
  `transaction_id` int(11) NOT NULL,
  KEY `essentials_payroll_group_transactions_payroll_group_id_foreign` (`payroll_group_id`)
) ENGINE=InnoDB DEFAULT CHARSET=utf8mb4 COLLATE=utf8mb4_unicode_ci;

INSERT INTO `essentials_payroll_group_transactions` VALUES (13,4424),(13,4425),(13,4426),(13,4427),(13,4428),(13,4429),(13,4430),(13,4431),(13,4432),(13,4433),(13,4434),(13,4435),(13,4436),(13,4437),(13,4438),(13,4439),(13,4440),(13,4441),(13,4442),(13,4443),(13,4444),(13,4445),(13,4446),(13,4447),(13,4448),(13,4449),(13,4450),(13,4451),(13,4452),(13,4453),(13,4454),(13,4455),(13,4456),(13,4457),(13,4458),(14,4526),(14,4527),(14,4528),(14,4529),(15,4730),(15,4731),(15,4732),(15,4733),(15,4734),(15,4735),(15,4736),(15,4737),(15,4738),(15,4739),(15,4740),(15,4741),(15,4742),(15,4743),(15,4744),(15,4745),(15,4746),(15,4747),(15,4748),(15,4749),(15,4750),(15,4751),(15,4752),(15,4753),(15,4754),(15,4755),(15,4756),(15,4757),(15,4758),(15,4759),(15,4760),(15,4761),(15,4762),(15,4763),(15,4764),(15,4765),(16,4862),(16,4863),(16,4864),(16,4865),(16,4866),(17,5487),(17,5488),(17,5489),(17,5490),(17,5491),(18,5785),(18,5786),(18,5787),(18,5788),(19,5815),(20,6152),(20,6153),(20,6154),(20,6155),(20,6156),(20,6157),(20,6158),(20,6159),(20,6160),(20,6161),(20,6162),(20,6163),(20,6164),(20,6165),(20,6166),(20,6167),(20,6168),(20,6169),(20,6170),(20,6171),(20,6172),(20,6173),(20,6174),(20,6175),(20,6176),(20,6177),(20,6178),(20,6179),(20,6180),(20,6181),(20,6182),(21,6955),(21,6956),(21,6957),(21,6958),(21,6959),(21,6960),(22,6994),(22,6995),(22,6996),(22,6997),(22,6998),(22,6999),(22,7000),(22,7001),(24,7781),(24,7782),(24,7783),(24,7784),(24,7785),(24,7786),(24,7787),(24,7788),(24,7789),(24,7790),(24,7791),(24,7792),(24,7793),(24,7794),(24,7795),(24,7796),(24,7797),(24,7798),(24,7799),(24,7800),(24,7801),(24,7802),(24,7803),(24,7804),(24,7805),(24,7806),(24,7807),(24,7808),(24,7809),(24,7810),(24,7811),(24,7812),(24,7813),(24,7814),(24,7815),(24,7816),(24,7817),(25,7834),(25,7835),(25,7836),(25,7837),(25,7838),(25,7839),(25,7840),(25,7841),(26,8600),(27,9475),(27,9476),(27,9477),(27,9478),(27,9479),(27,9480),(27,9481),(27,9482),(27,9483),(27,9484),(27,9485),(27,9486),(27,9487),(27,9488),(27,9489),(27,9490),(27,9491),(27,9492),(27,9493),(27,9494),(27,9495),(27,9496),(27,9497),(27,9498),(27,9499),(27,9500),(27,9501),(27,9502),(27,9503),(27,9504),(27,9505),(27,9506),(27,9507),(27,9508),(27,9509),(27,9510),(27,9511);
CREATE TABLE `essentials_payroll_groups` (
  `id` bigint(20) unsigned NOT NULL AUTO_INCREMENT,
  `business_id` int(11) NOT NULL,
  `location_id` int(11) DEFAULT NULL COMMENT 'payroll for work location',
  `name` varchar(191) NOT NULL,
  `status` varchar(191) NOT NULL,
  `payment_status` varchar(191) NOT NULL DEFAULT 'due',
  `gross_total` decimal(22,4) NOT NULL DEFAULT 0.0000,
  `created_by` int(11) NOT NULL,
  `created_at` timestamp NULL DEFAULT NULL,
  `updated_at` timestamp NULL DEFAULT NULL,
  PRIMARY KEY (`id`)
) ENGINE=InnoDB AUTO_INCREMENT=28 DEFAULT CHARSET=utf8mb4 COLLATE=utf8mb4_unicode_ci;

INSERT INTO `essentials_payroll_groups` VALUES (13,1,1,'Payroll for May 2023','final','paid',5500.0000,1,'2023-05-30 15:48:18','2023-06-27 20:20:22'),(14,1,1,'Payroll for May 2023 002','final','paid',0.0000,29,'2023-05-31 18:58:00','2023-06-27 20:15:41'),(15,1,1,'Payroll for June 2023 01','final','paid',1262190.0000,29,'2023-06-05 20:39:16','2023-07-03 21:09:20'),(16,1,1,'(DOMESTIC STAFFS) PAYROLL FOR MAY','final','paid',0.0000,29,'2023-06-08 14:36:14','2023-06-27 20:13:39'),(17,1,1,'DOMESTIC STAFFS PAYROLL FOR JUNE 2023','final','paid',117000.0000,29,'2023-06-22 22:24:55','2023-06-28 14:20:17'),(18,1,1,'Payroll for June 2023 02','final','paid',555000.0000,29,'2023-06-27 17:52:52','2023-07-05 13:52:49'),(19,1,1,'MERCY ANUKWUORGI (HOUSE TEACHER) JUNE PAYROLL','final','paid',30000.0000,29,'2023-06-28 22:09:24','2023-07-03 18:32:18'),(20,1,1,'Payroll for July 2023','final','paid',1105270.0000,29,'2023-07-08 18:22:33','2023-08-02 14:33:22'),(21,1,1,'PAYROLL FOR JULY (DOMESTIC STAFF)','final','paid',148000.0000,29,'2023-07-29 16:11:55','2023-08-01 14:36:50'),(22,1,1,'Payroll for June 2023 02','final','paid',647483.0000,29,'2023-07-29 19:27:01','2023-08-04 18:28:50'),(24,1,1,'Payroll for August 2023','final','paid',1516241.0000,29,'2023-08-14 21:51:59','2023-08-31 16:27:04'),(25,1,1,'Domestic Staff and Loan Payroll for August 2023','final','paid',500000.0000,29,'2023-08-15 14:18:37','2023-09-01 12:45:24'),(26,1,1,'Payroll For August (Stephen Oyewole)','final','paid',29031.0000,29,'2023-08-30 21:59:17','2023-08-31 13:55:14'),(27,1,1,'Payroll for September 2023','final','partial',1785842.0000,29,'2023-09-20 19:01:58','2023-09-27 21:46:14');
CREATE TABLE `essentials_reminders` (
  `id` int(10) unsigned NOT NULL AUTO_INCREMENT,
  `business_id` int(11) NOT NULL,
  `user_id` int(11) NOT NULL,
  `name` varchar(191) NOT NULL,
  `date` date NOT NULL,
  `time` time NOT NULL,
  `end_time` time DEFAULT NULL,
  `repeat` enum('one_time','every_day','every_week','every_month') NOT NULL,
  `created_at` timestamp NULL DEFAULT NULL,
  `updated_at` timestamp NULL DEFAULT NULL,
  PRIMARY KEY (`id`),
  KEY `essentials_reminders_business_id_index` (`business_id`),
  KEY `essentials_reminders_user_id_index` (`user_id`)
) ENGINE=InnoDB AUTO_INCREMENT=4 DEFAULT CHARSET=utf8mb4 COLLATE=utf8mb4_unicode_ci;

INSERT INTO `essentials_reminders` VALUES (1,1,1,'Call Monday','2023-04-01','12:02:00','12:03:00','one_time','2023-04-01 16:01:15','2023-04-01 16:01:15'),(2,1,29,'SANDRA NITRI BIRTHDAY','2023-04-13','08:00:00','18:00:00','one_time','2023-04-12 18:49:37','2023-04-12 18:49:37'),(3,1,29,'SALLAH','2023-06-28','10:32:00','20:32:00','one_time','2023-06-28 00:33:45','2023-06-28 00:33:45');
CREATE TABLE `essentials_shifts` (
  `id` int(10) unsigned NOT NULL AUTO_INCREMENT,
  `name` varchar(191) NOT NULL,
  `type` enum('fixed_shift','flexible_shift') NOT NULL DEFAULT 'fixed_shift',
  `business_id` int(11) NOT NULL,
  `start_time` time DEFAULT NULL,
  `end_time` time DEFAULT NULL,
  `is_allowed_auto_clockout` tinyint(1) NOT NULL DEFAULT 0,
  `auto_clockout_time` time DEFAULT NULL,
  `holidays` text DEFAULT NULL,
  `created_at` timestamp NULL DEFAULT NULL,
  `updated_at` timestamp NULL DEFAULT NULL,
  PRIMARY KEY (`id`),
  KEY `essentials_shifts_type_index` (`type`),
  KEY `essentials_shifts_business_id_index` (`business_id`)
) ENGINE=InnoDB AUTO_INCREMENT=3 DEFAULT CHARSET=utf8mb4 COLLATE=utf8mb4_unicode_ci;

INSERT INTO `essentials_shifts` VALUES (1,'Normal Shift','fixed_shift',1,'08:00:00','18:00:00',0,'11:00:00','[\"sunday\"]','2023-04-01 14:58:15','2023-04-03 19:50:28'),(2,'Extended Flexible Shift','flexible_shift',1,NULL,NULL,0,NULL,'[\"sunday\"]','2023-04-01 14:58:41','2023-04-01 14:58:41');
CREATE TABLE `essentials_to_dos` (
  `id` int(10) unsigned NOT NULL AUTO_INCREMENT,
  `business_id` int(11) NOT NULL,
  `task` text NOT NULL,
  `date` datetime DEFAULT NULL,
  `end_date` datetime DEFAULT NULL,
  `task_id` varchar(191) DEFAULT NULL,
  `description` text DEFAULT NULL,
  `status` varchar(191) DEFAULT NULL,
  `estimated_hours` varchar(191) DEFAULT NULL,
  `priority` varchar(191) DEFAULT NULL,
  `created_by` int(11) DEFAULT NULL,
  `created_at` timestamp NULL DEFAULT NULL,
  `updated_at` timestamp NULL DEFAULT NULL,
  PRIMARY KEY (`id`),
  KEY `essentials_to_dos_status_index` (`status`),
  KEY `essentials_to_dos_priority_index` (`priority`),
  KEY `essentials_to_dos_created_by_index` (`created_by`),
  KEY `essentials_to_dos_business_id_index` (`business_id`),
  KEY `essentials_to_dos_task_id_index` (`task_id`)
) ENGINE=InnoDB AUTO_INCREMENT=5 DEFAULT CHARSET=utf8mb4 COLLATE=utf8mb4_unicode_ci;

INSERT INTO `essentials_to_dos` VALUES (1,1,'REWRITE JOB DESCRIPTIONS','2023-04-05 09:49:00','2023-04-12 09:50:00','2023/0001','<p>Re-write company Job descriptions and assign responsibilities</p>','new',NULL,'high',29,'2023-04-05 13:52:25','2023-04-05 13:52:25'),(3,1,'REPORT FOR RETURN JOBS','2023-04-05 15:52:00','2023-04-08 15:53:00','2023/0003','<p>Send report on vehicles that are reported to have related issues after repairs of the same identified problems.</p>\r\n<p>Include DATE, ASSIGNED MECHANIC, ELECTRICIAN, and brief CASE NARRATION etc&nbsp;</p>','in_progress',NULL,'high',29,'2023-04-05 19:56:38','2023-04-05 19:56:38'),(4,1,'OLA TO CREATE CONTENT FOR YOUTUBE','2023-04-06 12:13:00','2023-04-30 12:16:00','2023/0004','<p>Create content for Youtube. E.g</p>\r\n<p>HOW TO CHANGE YOUR TYRES PROPERLY</p>\r\n<p>THINGS TO DO BEFORE YOU MOVE YOUR CAR</p>\r\n<p>VEHICLE MAINTANANCE HACKS etc</p>','new',NULL,'medium',29,'2023-04-06 16:19:47','2023-04-06 16:19:47');
CREATE TABLE `essentials_todo_comments` (
  `id` int(10) unsigned NOT NULL AUTO_INCREMENT,
  `comment` text NOT NULL,
  `task_id` int(11) NOT NULL,
  `comment_by` int(11) NOT NULL,
  `created_at` timestamp NULL DEFAULT NULL,
  `updated_at` timestamp NULL DEFAULT NULL,
  PRIMARY KEY (`id`),
  KEY `essentials_todo_comments_task_id_index` (`task_id`),
  KEY `essentials_todo_comments_comment_by_index` (`comment_by`)
) ENGINE=InnoDB DEFAULT CHARSET=utf8mb4 COLLATE=utf8mb4_unicode_ci;

CREATE TABLE `essentials_todos_users` (
  `todo_id` int(11) NOT NULL,
  `user_id` int(11) NOT NULL
) ENGINE=InnoDB DEFAULT CHARSET=utf8mb4 COLLATE=utf8mb4_unicode_ci;

INSERT INTO `essentials_todos_users` VALUES (1,29),(2,29),(3,11),(4,29);
CREATE TABLE `essentials_user_allowance_and_deductions` (
  `user_id` int(11) NOT NULL,
  `allowance_deduction_id` int(11) NOT NULL,
  KEY `essentials_user_allowance_and_deductions_user_id_index` (`user_id`),
  KEY `allow_deduct_index` (`allowance_deduction_id`)
) ENGINE=InnoDB DEFAULT CHARSET=utf8mb4 COLLATE=utf8mb4_unicode_ci;

CREATE TABLE `essentials_user_sales_targets` (
  `id` bigint(20) unsigned NOT NULL AUTO_INCREMENT,
  `user_id` int(11) NOT NULL,
  `target_start` decimal(22,4) NOT NULL DEFAULT 0.0000,
  `target_end` decimal(22,4) NOT NULL DEFAULT 0.0000,
  `commission_percent` decimal(22,4) NOT NULL DEFAULT 0.0000,
  `created_at` timestamp NULL DEFAULT NULL,
  `updated_at` timestamp NULL DEFAULT NULL,
  PRIMARY KEY (`id`)
) ENGINE=InnoDB DEFAULT CHARSET=utf8mb4 COLLATE=utf8mb4_unicode_ci;

CREATE TABLE `essentials_user_shifts` (
  `id` int(10) unsigned NOT NULL AUTO_INCREMENT,
  `user_id` int(11) NOT NULL,
  `essentials_shift_id` int(11) NOT NULL,
  `start_date` date DEFAULT NULL,
  `end_date` date DEFAULT NULL,
  `created_at` timestamp NULL DEFAULT NULL,
  `updated_at` timestamp NULL DEFAULT NULL,
  PRIMARY KEY (`id`),
  KEY `essentials_user_shifts_user_id_index` (`user_id`),
  KEY `essentials_user_shifts_essentials_shift_id_index` (`essentials_shift_id`)
) ENGINE=InnoDB AUTO_INCREMENT=10 DEFAULT CHARSET=utf8mb4 COLLATE=utf8mb4_unicode_ci;

INSERT INTO `essentials_user_shifts` VALUES (1,1,1,'2023-04-01',NULL,'2023-04-01 15:00:49','2023-04-01 15:00:49'),(2,7,1,'2023-04-01',NULL,'2023-04-01 15:00:49','2023-04-01 15:00:49'),(3,8,1,'2023-04-01',NULL,'2023-04-01 15:00:49','2023-04-01 15:00:49'),(4,9,1,'2023-04-01',NULL,'2023-04-01 15:00:49','2023-04-01 15:00:49'),(5,10,1,'2023-04-01',NULL,'2023-04-01 15:00:49','2023-04-01 15:00:49'),(6,11,1,'2023-04-01',NULL,'2023-04-01 15:00:49','2023-04-01 15:00:49'),(7,27,1,'2023-04-01',NULL,'2023-04-01 15:00:49','2023-04-01 15:00:49'),(9,28,1,'2023-04-01',NULL,'2023-04-01 15:14:18','2023-04-01 15:14:18');
CREATE TABLE `expense_categories` (
  `id` int(10) unsigned NOT NULL AUTO_INCREMENT,
  `name` varchar(191) NOT NULL,
  `business_id` int(10) unsigned NOT NULL,
  `code` varchar(191) DEFAULT NULL,
  `parent_id` int(11) DEFAULT NULL,
  `deleted_at` timestamp NULL DEFAULT NULL,
  `created_at` timestamp NULL DEFAULT NULL,
  `updated_at` timestamp NULL DEFAULT NULL,
  PRIMARY KEY (`id`),
  KEY `expense_categories_business_id_foreign` (`business_id`)
) ENGINE=InnoDB AUTO_INCREMENT=95 DEFAULT CHARSET=utf8mb4 COLLATE=utf8mb4_unicode_ci;

INSERT INTO `expense_categories` VALUES (1,'DIRECT',1,'DR',NULL,NULL,'2023-02-10 23:50:44','2023-02-10 23:51:34'),(2,'INDIRECT',1,'IDR',NULL,NULL,'2023-02-10 23:51:08','2023-02-10 23:51:41'),(3,'PLAZA MAINTENANCE',1,'PM',2,NULL,'2023-02-10 23:52:11','2023-03-24 22:00:02'),(4,'INTL SPARE PARTS PURCHASE',1,'ISPP',49,NULL,'2023-03-08 00:53:23','2023-03-24 21:49:58'),(5,'INTL SPARE PARTS LOGISTICS',1,'ISPC',49,NULL,'2023-03-08 00:55:12','2023-03-24 21:49:48'),(6,'LAGOS SPARE PARTS',1,'LSP',50,NULL,'2023-03-08 00:56:04','2023-03-24 21:50:32'),(7,'LAGOS SPARE PARTS LOGISTICS',1,'LSPL',50,NULL,'2023-03-08 00:56:50','2023-03-24 21:50:41'),(8,'DESIEL',1,'D',1,NULL,'2023-03-08 01:10:02','2023-03-24 21:42:14'),(9,'FUEL',1,'F',2,NULL,'2023-03-08 01:10:36','2023-05-20 13:46:45'),(10,'ABUJA CONSUMABLE PARTS',1,'ASP',50,NULL,'2023-03-08 01:11:32','2023-07-04 16:47:44'),(11,'ABUJA LOGISTICS FOR INTL',1,'AL',49,NULL,'2023-03-08 01:11:56','2023-03-24 23:42:01'),(12,'AIRTIME',1,'AT',NULL,NULL,'2023-03-08 01:46:53','2023-05-23 14:34:13'),(13,'EQUIPMENT MAINTENANCE',1,'EM',2,NULL,'2023-03-08 14:29:39','2023-05-20 13:46:53'),(14,'NEW EQUIPMENT/TOOLS',1,'NET',1,NULL,'2023-03-08 14:30:18','2023-03-24 21:53:44'),(15,'ELECTRICITY',1,'EE',2,NULL,'2023-03-08 14:38:22','2023-05-20 13:47:06'),(16,'TIRES',1,'Ty',1,NULL,'2023-03-08 17:45:53','2023-03-24 22:05:31'),(17,'PAINT/PANEL',1,'P/P',1,NULL,'2023-03-08 17:52:11','2023-03-24 21:53:54'),(18,'CARBAD',1,'C',1,NULL,'2023-03-08 17:57:01','2023-03-24 21:41:59'),(19,'ENUGU/ONITSHA LOGISTIC',1,'E/O/L',49,NULL,'2023-03-08 22:15:40','2023-03-24 21:47:22'),(20,'RADIATOR REPAIRS',1,'R/R',1,NULL,'2023-03-08 22:35:08','2023-03-24 22:00:14'),(21,'PLAZA INTERNET',1,'P/I',2,NULL,'2023-03-08 22:39:24','2023-03-24 21:54:19'),(22,'BOSS EXPENSE',1,'B/E',2,NULL,'2023-03-09 21:59:43','2023-03-24 21:43:33'),(23,'SALARY',1,'SL',NULL,NULL,'2023-03-09 23:06:36','2023-05-18 23:53:04'),(24,'REFUND TO CUSTOMERS',1,'RTC',1,NULL,'2023-03-10 22:42:20','2023-08-16 15:41:12'),(25,'GRINDING OF TOP/RESURAFCING',1,'G/R',1,NULL,'2023-03-11 18:41:34','2023-03-24 21:48:04'),(26,'TYRES PUCHASE',1,'T/P',1,NULL,'2023-03-13 13:41:40','2023-03-24 22:04:48'),(27,'DETERGENT/LIQUID SOAP/RAZOR BLADE',1,'D/L',2,NULL,'2023-03-13 15:38:48','2023-05-22 19:28:21'),(28,'BATTERY.',1,'B',50,NULL,'2023-03-14 17:07:26','2023-07-03 16:28:03'),(29,'TRANSMISSION WORK',1,'T/W',1,NULL,'2023-03-14 19:49:13','2023-03-24 22:03:23'),(30,'REPAIRS PARTS',1,'RP',1,NULL,'2023-03-14 22:35:59','2023-03-24 22:00:50'),(31,'LOAN',1,'LO',NULL,NULL,'2023-03-14 22:51:15','2023-03-14 22:51:15'),(32,'STAFF INJURY/TREATMENT',1,'SIT',2,NULL,'2023-03-15 12:14:59','2023-05-29 14:49:59'),(33,'KEY CUTTING/PROGRAMMING.',1,'KCP',1,NULL,'2023-03-15 16:34:47','2023-03-24 21:50:10'),(34,'DISPOSAL OF WASTE BIN',1,'DWB',2,NULL,'2023-03-15 22:07:33','2023-05-20 13:46:21'),(35,'STAFF WELFARE.',1,'S/F',2,NULL,'2023-03-17 14:39:32','2023-05-20 22:51:51'),(36,'BUMPER REPAIRS',1,'BR',1,NULL,'2023-03-17 21:38:32','2023-03-24 21:43:44'),(37,'MANAGER WATER/DRINKS',1,'MWD',2,NULL,'2023-03-18 13:37:24','2023-03-24 21:53:33'),(38,'ELECTRICAL CONSUMABLES',1,'EWO',1,NULL,'2023-03-18 14:01:55','2023-03-25 18:16:12'),(39,'WELDING WORK OUTSIDE.',1,'WWO',1,NULL,'2023-03-18 15:21:43','2023-03-24 22:05:42'),(40,'AC WORKMANSHIP',1,NULL,2,NULL,'2023-03-18 19:19:50','2023-06-03 20:03:15'),(41,'SECURITY SUPPLY',1,'SS',23,NULL,'2023-03-18 20:57:08','2023-03-24 22:05:17'),(42,'WINDSHIELD GLASS/FIXING',1,'WGF',1,NULL,'2023-03-18 21:16:57','2023-03-24 22:05:54'),(43,'VONOS SHOP - CRYSTAL GREASE',1,NULL,1,NULL,'2023-03-21 15:53:54','2023-03-24 22:04:38'),(44,'UPHOLSTERY WORK',1,'UW',1,NULL,'2023-03-21 21:40:50','2023-03-24 22:04:22'),(45,'SAFETY BOOTH/ OVERHAUL./T.SHIRT',1,'SBOTS',2,NULL,'2023-03-22 20:56:35','2023-03-28 20:14:44'),(46,'CEMEMT',1,'C',2,NULL,'2023-03-22 21:29:49','2023-03-24 21:43:52'),(47,'AC GAS SUPPLIED',1,'AGS',50,NULL,'2023-03-23 14:39:48','2023-08-09 22:01:40'),(48,'TINT OF GLASS',1,'TOG',1,NULL,'2023-03-23 21:43:58','2023-05-30 22:36:13'),(49,'INTL SHOP GOODS',1,NULL,NULL,NULL,'2023-03-24 21:45:33','2023-03-24 21:49:39'),(50,'LOCAL GOODS FOR SHOP',1,NULL,NULL,NULL,'2023-03-24 21:45:46','2023-03-24 21:55:53'),(51,'Bike fair transport',1,NULL,1,NULL,'2023-03-24 22:07:11','2023-03-24 22:07:11'),(52,'salary',1,NULL,23,NULL,'2023-03-24 22:09:01','2023-03-24 22:09:01'),(53,'IOU',1,NULL,23,NULL,'2023-03-24 22:09:10','2023-03-24 22:09:10'),(54,'House rents',1,NULL,23,NULL,'2023-03-24 23:36:16','2023-03-24 23:36:16'),(55,'LAGOS CONSUMABLE PARTS',1,NULL,1,NULL,'2023-03-24 23:42:51','2023-03-24 23:42:51'),(56,'LAGOS CONSUMABLE TRANSPORT',1,NULL,1,NULL,'2023-03-24 23:43:17','2023-03-24 23:43:17'),(57,'ALIGNMENT CONSUMABLE',1,NULL,1,NULL,'2023-03-25 18:13:09','2023-03-25 18:15:12'),(58,'ELECTRICAL CONSUMABLE',1,NULL,NULL,'2023-03-25 18:15:51','2023-03-25 18:13:24','2023-03-25 18:15:51'),(59,'MECHANICAL CONSUMABLE',1,NULL,1,NULL,'2023-03-25 18:13:42','2023-03-25 18:16:36'),(60,'ELECTRICA CONSUMABLE',1,NULL,NULL,'2023-03-25 18:15:35','2023-03-25 18:15:04','2023-03-25 18:15:35'),(61,'PRINTER REPAIRS/ TONER REFILLING',1,'PRTR',1,NULL,'2023-03-25 21:32:11','2023-03-25 21:32:11'),(62,'FUEL FOR BOSS',1,'FFB',2,'2023-03-27 21:45:10','2023-03-27 18:54:22','2023-03-27 21:45:10'),(63,'V.I.O/ROAD SAFETY',1,'VRS',2,NULL,'2023-03-27 19:03:54','2023-03-27 19:03:54'),(64,'CAR CLEARING PAYMENT',1,'CCP',2,NULL,'2023-03-27 21:46:33','2023-03-27 21:46:33'),(65,'MEDIA TOOLS',1,'MT',1,NULL,'2023-03-30 18:02:47','2023-03-30 18:04:29'),(66,'PANEL BEATER GAS',1,'PBG',1,NULL,'2023-03-30 18:25:39','2023-03-30 18:25:39'),(67,'OVEN MAINTENANCE',1,'O/M',2,NULL,'2023-04-08 17:44:13','2023-04-08 17:44:13'),(68,'STATIONARY MATERIALS',1,'S/M',2,NULL,'2023-04-15 12:57:57','2023-07-17 18:38:02'),(69,'CUSTOMER WELFARE/WATER/DRINKS',1,'C/W',2,NULL,'2023-04-19 21:43:29','2023-05-31 20:14:31'),(70,'TOOLS AND EQUIPMENT',1,NULL,NULL,NULL,'2023-04-22 18:28:19','2023-06-02 15:51:21'),(71,'ELECTRONICS/LIGHTENING',1,'E/L',2,NULL,'2023-04-24 20:18:53','2023-08-15 18:30:47'),(72,'PLUMBING WORK/MATERIAL.',1,'P/W/M.',1,NULL,'2023-04-29 16:53:45','2023-04-29 16:53:45'),(73,'TAXES/STAMP DUTY PAYMENT',1,'TSDP',2,NULL,'2023-04-29 21:31:30','2023-04-29 21:31:30'),(74,'TOWING OF CARS',1,'TOC',2,NULL,'2023-05-09 20:09:53','2023-05-09 20:09:53'),(75,'GENERATOR MAINTENACE',1,'GM',1,NULL,'2023-05-18 17:44:29','2023-05-18 17:44:29'),(76,'OUTSIDE MECHANIC PAYMENT',1,'OMP',2,NULL,'2023-05-18 21:03:24','2023-05-18 21:03:24'),(77,'IOU',1,'IOU',NULL,NULL,'2023-05-18 23:53:23','2023-05-18 23:53:23'),(78,'STAFF LOAN',1,'SL',NULL,NULL,'2023-05-18 23:53:41','2023-05-18 23:53:41'),(79,'ACCOMMODATION LOAN',1,NULL,NULL,NULL,'2023-05-19 00:09:18','2023-05-19 00:09:18'),(80,'TRANSPORT/BIKE FAIR',1,NULL,NULL,NULL,'2023-05-19 00:15:31','2023-05-19 00:15:31'),(81,'AIRTIME',1,NULL,2,NULL,'2023-05-19 00:25:05','2023-05-20 13:48:09'),(82,'FUEL',1,NULL,NULL,NULL,'2023-05-19 00:42:42','2023-05-19 00:42:42'),(83,'BIKE REPAIRS',1,'BR',2,NULL,'2023-05-20 16:29:04','2023-05-20 16:29:04'),(84,'SYSTEM SOFTWARE INSTALLATION',1,'SSI',2,NULL,'2023-05-25 19:25:37','2023-05-25 19:25:37'),(85,'CASH SUMMITTED TO BOSS',1,'CSTB',2,NULL,'2023-05-30 20:02:19','2023-05-30 20:02:19'),(86,'PADLOCK,LADDER/REPAIRS',1,'PLR',2,NULL,'2023-06-02 22:15:36','2023-06-02 22:15:36'),(87,'OUTSIDE OIL SUPPLIED',1,NULL,2,NULL,'2023-06-07 19:50:27','2023-06-07 19:50:27'),(88,'BWARI AREA COUNCIL LEVY',1,'BACL',2,NULL,'2023-06-19 17:02:13','2023-06-19 17:02:13'),(89,'ENGINE OIL',1,'EO',50,NULL,'2023-06-19 19:00:07','2023-06-19 19:00:07'),(90,'PARTS FROM VONOS STORE',1,'PFVS',NULL,NULL,'2023-07-06 13:56:00','2023-07-06 13:56:00'),(91,'VONOS TIRES',1,'VT',NULL,NULL,'2023-07-06 13:56:25','2023-07-06 13:56:25'),(92,'CASH BACK',1,'CB',1,NULL,'2023-08-21 16:31:15','2023-08-21 16:31:15'),(93,'STAFF PENSION REMITTANCE',1,'SPR',2,NULL,'2023-09-05 18:30:09','2023-09-05 18:30:09'),(94,'WEBSITE PAYMENT',1,'WSP',1,NULL,'2023-09-26 13:40:08','2023-09-26 13:40:08');
CREATE TABLE `group_sub_taxes` (
  `group_tax_id` int(10) unsigned NOT NULL,
  `tax_id` int(10) unsigned NOT NULL,
  KEY `group_sub_taxes_group_tax_id_foreign` (`group_tax_id`),
  KEY `group_sub_taxes_tax_id_foreign` (`tax_id`)
) ENGINE=InnoDB DEFAULT CHARSET=utf8mb4 COLLATE=utf8mb4_unicode_ci;

CREATE TABLE `invoice_layouts` (
  `id` int(10) unsigned NOT NULL AUTO_INCREMENT,
  `name` varchar(191) NOT NULL,
  `header_text` text DEFAULT NULL,
  `invoice_no_prefix` varchar(191) DEFAULT NULL,
  `quotation_no_prefix` varchar(191) DEFAULT NULL,
  `invoice_heading` varchar(191) DEFAULT NULL,
  `sub_heading_line1` varchar(191) DEFAULT NULL,
  `sub_heading_line2` varchar(191) DEFAULT NULL,
  `sub_heading_line3` varchar(191) DEFAULT NULL,
  `sub_heading_line4` varchar(191) DEFAULT NULL,
  `sub_heading_line5` varchar(191) DEFAULT NULL,
  `invoice_heading_not_paid` varchar(191) DEFAULT NULL,
  `invoice_heading_paid` varchar(191) DEFAULT NULL,
  `quotation_heading` varchar(191) DEFAULT NULL,
  `sub_total_label` varchar(191) DEFAULT NULL,
  `discount_label` varchar(191) DEFAULT NULL,
  `tax_label` varchar(191) DEFAULT NULL,
  `total_label` varchar(191) DEFAULT NULL,
  `round_off_label` varchar(191) DEFAULT NULL,
  `total_due_label` varchar(191) DEFAULT NULL,
  `paid_label` varchar(191) DEFAULT NULL,
  `show_client_id` tinyint(1) NOT NULL DEFAULT 0,
  `client_id_label` varchar(191) DEFAULT NULL,
  `client_tax_label` varchar(191) DEFAULT NULL,
  `date_label` varchar(191) DEFAULT NULL,
  `date_time_format` varchar(191) DEFAULT NULL,
  `show_time` tinyint(1) NOT NULL DEFAULT 1,
  `show_brand` tinyint(1) NOT NULL DEFAULT 0,
  `show_sku` tinyint(1) NOT NULL DEFAULT 1,
  `show_cat_code` tinyint(1) NOT NULL DEFAULT 1,
  `show_expiry` tinyint(1) NOT NULL DEFAULT 0,
  `show_lot` tinyint(1) NOT NULL DEFAULT 0,
  `show_image` tinyint(1) NOT NULL DEFAULT 0,
  `show_sale_description` tinyint(1) NOT NULL DEFAULT 0,
  `sales_person_label` varchar(191) DEFAULT NULL,
  `show_sales_person` tinyint(1) NOT NULL DEFAULT 0,
  `table_product_label` varchar(191) DEFAULT NULL,
  `table_qty_label` varchar(191) DEFAULT NULL,
  `table_unit_price_label` varchar(191) DEFAULT NULL,
  `table_subtotal_label` varchar(191) DEFAULT NULL,
  `cat_code_label` varchar(191) DEFAULT NULL,
  `logo` varchar(191) DEFAULT NULL,
  `show_logo` tinyint(1) NOT NULL DEFAULT 0,
  `show_business_name` tinyint(1) NOT NULL DEFAULT 0,
  `show_location_name` tinyint(1) NOT NULL DEFAULT 1,
  `show_landmark` tinyint(1) NOT NULL DEFAULT 1,
  `show_city` tinyint(1) NOT NULL DEFAULT 1,
  `show_state` tinyint(1) NOT NULL DEFAULT 1,
  `show_zip_code` tinyint(1) NOT NULL DEFAULT 1,
  `show_country` tinyint(1) NOT NULL DEFAULT 1,
  `show_mobile_number` tinyint(1) NOT NULL DEFAULT 1,
  `show_alternate_number` tinyint(1) NOT NULL DEFAULT 0,
  `show_email` tinyint(1) NOT NULL DEFAULT 0,
  `show_tax_1` tinyint(1) NOT NULL DEFAULT 1,
  `show_tax_2` tinyint(1) NOT NULL DEFAULT 0,
  `show_barcode` tinyint(1) NOT NULL DEFAULT 0,
  `show_payments` tinyint(1) NOT NULL DEFAULT 0,
  `show_customer` tinyint(1) NOT NULL DEFAULT 0,
  `customer_label` varchar(191) DEFAULT NULL,
  `commission_agent_label` varchar(191) DEFAULT NULL,
  `show_commission_agent` tinyint(1) NOT NULL DEFAULT 0,
  `show_reward_point` tinyint(1) NOT NULL DEFAULT 0,
  `highlight_color` varchar(10) DEFAULT NULL,
  `footer_text` text DEFAULT NULL,
  `module_info` text DEFAULT NULL,
  `common_settings` text DEFAULT NULL,
  `is_default` tinyint(1) NOT NULL DEFAULT 0,
  `business_id` int(10) unsigned NOT NULL,
  `show_letter_head` tinyint(1) NOT NULL DEFAULT 0,
  `letter_head` varchar(191) DEFAULT NULL,
  `show_qr_code` tinyint(1) NOT NULL DEFAULT 0,
  `qr_code_fields` text DEFAULT NULL,
  `design` varchar(190) DEFAULT 'classic',
  `cn_heading` varchar(191) DEFAULT NULL COMMENT 'cn = credit note',
  `cn_no_label` varchar(191) DEFAULT NULL,
  `cn_amount_label` varchar(191) DEFAULT NULL,
  `table_tax_headings` text DEFAULT NULL,
  `show_previous_bal` tinyint(1) NOT NULL DEFAULT 0,
  `prev_bal_label` varchar(191) DEFAULT NULL,
  `change_return_label` varchar(191) DEFAULT NULL,
  `product_custom_fields` text DEFAULT NULL,
  `contact_custom_fields` text DEFAULT NULL,
  `location_custom_fields` text DEFAULT NULL,
  `created_at` timestamp NULL DEFAULT NULL,
  `updated_at` timestamp NULL DEFAULT NULL,
  PRIMARY KEY (`id`),
  KEY `invoice_layouts_business_id_foreign` (`business_id`)
) ENGINE=InnoDB AUTO_INCREMENT=2 DEFAULT CHARSET=utf8mb4 COLLATE=utf8mb4_unicode_ci;

INSERT INTO `invoice_layouts` VALUES (1,'Default',NULL,'Invoice No.','Quotation No.','Invoice',NULL,NULL,NULL,NULL,NULL,'UNPAID','PAID','Quotation','Subtotal','Discount','Tax','Total',NULL,'Total Due','Total Paid',1,'Plate Number:',NULL,'Date',NULL,1,0,0,0,0,0,0,0,'Sales Person :',1,'Product','Quantity','Unit Price','Subtotal','Cat code','1675863353_IMG-20221019-WA0007.jpg',1,1,0,1,1,0,0,0,1,0,1,0,0,0,0,1,'Customer',NULL,0,0,'#000000','<p>Note: During repairs, any additional faults shall be communicated accordingly. Thanks for your patronage.</p>','{\"service_staff\":{\"show_service_staff\":\"1\",\"service_staff_label\":\"<b>Service staff:<\\/b>\"}}','{\"proforma_heading\":\"PROFORMA Invoice\",\"sales_order_heading\":\"Sales Order\",\"due_date_label\":\"Due Date\",\"total_quantity_label\":\"Total Quantity\",\"item_discount_label\":\"item discount\",\"show_total_in_words\":\"1\",\"num_to_word_format\":\"international\",\"tax_summary_label\":null}',1,1,0,NULL,0,'[\"business_name\",\"total_amount\",\"customer_name\"]','elegant',NULL,NULL,NULL,NULL,0,NULL,'Customer Balance (Change)',NULL,'[\"custom_field3\"]',NULL,'2023-02-08 23:18:42','2023-06-05 20:19:06');
CREATE TABLE `invoice_schemes` (
  `id` int(10) unsigned NOT NULL AUTO_INCREMENT,
  `business_id` int(10) unsigned NOT NULL,
  `name` varchar(191) NOT NULL,
  `scheme_type` enum('blank','year') NOT NULL,
  `number_type` varchar(100) NOT NULL DEFAULT 'sequential',
  `prefix` varchar(191) DEFAULT NULL,
  `start_number` int(11) DEFAULT NULL,
  `invoice_count` int(11) NOT NULL DEFAULT 0,
  `total_digits` int(11) DEFAULT NULL,
  `is_default` tinyint(1) NOT NULL DEFAULT 0,
  `created_at` timestamp NULL DEFAULT NULL,
  `updated_at` timestamp NULL DEFAULT NULL,
  PRIMARY KEY (`id`),
  KEY `invoice_schemes_business_id_foreign` (`business_id`),
  KEY `invoice_schemes_scheme_type_index` (`scheme_type`),
  KEY `invoice_schemes_number_type_index` (`number_type`)
) ENGINE=InnoDB AUTO_INCREMENT=2 DEFAULT CHARSET=utf8mb4 COLLATE=utf8mb4_unicode_ci;

INSERT INTO `invoice_schemes` VALUES (1,1,'Default','blank','sequential','VA',1,3259,5,1,'2023-02-08 23:18:42','2023-09-27 22:26:13');
CREATE TABLE `media` (
  `id` int(10) unsigned NOT NULL AUTO_INCREMENT,
  `business_id` int(11) NOT NULL,
  `file_name` varchar(191) NOT NULL,
  `description` text DEFAULT NULL,
  `uploaded_by` int(11) DEFAULT NULL,
  `model_type` varchar(191) NOT NULL,
  `woocommerce_media_id` int(11) DEFAULT NULL,
  `model_media_type` varchar(191) DEFAULT NULL,
  `model_id` bigint(20) unsigned NOT NULL,
  `created_at` timestamp NULL DEFAULT NULL,
  `updated_at` timestamp NULL DEFAULT NULL,
  PRIMARY KEY (`id`),
  KEY `media_model_type_model_id_index` (`model_type`,`model_id`),
  KEY `media_business_id_index` (`business_id`),
  KEY `media_uploaded_by_index` (`uploaded_by`)
) ENGINE=InnoDB AUTO_INCREMENT=4 DEFAULT CHARSET=utf8mb4 COLLATE=utf8mb4_unicode_ci;

INSERT INTO `media` VALUES (1,1,'1676289202_787511701_04152-38020.jpg',NULL,2,'App\\Product',NULL,NULL,3,'2023-02-13 17:53:22','2023-02-13 17:53:22'),(3,1,'1680707628_1313552615_10Kingsly (2).jpg',NULL,8,'App\\User',NULL,NULL,8,'2023-04-05 20:13:48','2023-04-05 20:13:48');
CREATE TABLE `migrations` (
  `id` int(10) unsigned NOT NULL AUTO_INCREMENT,
  `migration` varchar(191) NOT NULL,
  `batch` int(11) NOT NULL,
  PRIMARY KEY (`id`)
) ENGINE=InnoDB AUTO_INCREMENT=353 DEFAULT CHARSET=utf8mb4 COLLATE=utf8mb4_unicode_ci;

INSERT INTO `migrations` VALUES (1,'2014_10_12_000000_create_users_table',1),(2,'2014_10_12_100000_create_password_resets_table',1),(3,'2016_06_01_000001_create_oauth_auth_codes_table',1),(4,'2016_06_01_000002_create_oauth_access_tokens_table',1),(5,'2016_06_01_000003_create_oauth_refresh_tokens_table',1),(6,'2016_06_01_000004_create_oauth_clients_table',1),(7,'2016_06_01_000005_create_oauth_personal_access_clients_table',1),(8,'2017_07_05_071953_create_currencies_table',1),(9,'2017_07_05_073658_create_business_table',1),(10,'2017_07_22_075923_add_business_id_users_table',1),(11,'2017_07_23_113209_create_brands_table',1),(12,'2017_07_26_083429_create_permission_tables',1),(13,'2017_07_26_110000_create_tax_rates_table',1),(14,'2017_07_26_122313_create_units_table',1),(15,'2017_07_27_075706_create_contacts_table',1),(16,'2017_08_04_071038_create_categories_table',1),(17,'2017_08_08_115903_create_products_table',1),(18,'2017_08_09_061616_create_variation_templates_table',1),(19,'2017_08_09_061638_create_variation_value_templates_table',1),(20,'2017_08_10_061146_create_product_variations_table',1),(21,'2017_08_10_061216_create_variations_table',1),(22,'2017_08_19_054827_create_transactions_table',1),(23,'2017_08_31_073533_create_purchase_lines_table',1),(24,'2017_10_15_064638_create_transaction_payments_table',1),(25,'2017_10_31_065621_add_default_sales_tax_to_business_table',1),(26,'2017_11_20_051930_create_table_group_sub_taxes',1),(27,'2017_11_20_063603_create_transaction_sell_lines',1),(28,'2017_11_21_064540_create_barcodes_table',1),(29,'2017_11_23_181237_create_invoice_schemes_table',1),(30,'2017_12_25_122822_create_business_locations_table',1),(31,'2017_12_25_160253_add_location_id_to_transactions_table',1),(32,'2017_12_25_163227_create_variation_location_details_table',1),(33,'2018_01_04_115627_create_sessions_table',1),(34,'2018_01_05_112817_create_invoice_layouts_table',1),(35,'2018_01_06_112303_add_invoice_scheme_id_and_invoice_layout_id_to_business_locations',1),(36,'2018_01_08_104124_create_expense_categories_table',1),(37,'2018_01_08_123327_modify_transactions_table_for_expenses',1),(38,'2018_01_09_111005_modify_payment_status_in_transactions_table',1),(39,'2018_01_09_111109_add_paid_on_column_to_transaction_payments_table',1),(40,'2018_01_25_172439_add_printer_related_fields_to_business_locations_table',1),(41,'2018_01_27_184322_create_printers_table',1),(42,'2018_01_30_181442_create_cash_registers_table',1),(43,'2018_01_31_125836_create_cash_register_transactions_table',1),(44,'2018_02_07_173326_modify_business_table',1),(45,'2018_02_08_105425_add_enable_product_expiry_column_to_business_table',1),(46,'2018_02_08_111027_add_expiry_period_and_expiry_period_type_columns_to_products_table',1),(47,'2018_02_08_131118_add_mfg_date_and_exp_date_purchase_lines_table',1),(48,'2018_02_08_155348_add_exchange_rate_to_transactions_table',1),(49,'2018_02_09_124945_modify_transaction_payments_table_for_contact_payments',1),(50,'2018_02_12_113640_create_transaction_sell_lines_purchase_lines_table',1),(51,'2018_02_12_114605_add_quantity_sold_in_purchase_lines_table',1),(52,'2018_02_13_183323_alter_decimal_fields_size',1),(53,'2018_02_14_161928_add_transaction_edit_days_to_business_table',1),(54,'2018_02_15_161032_add_document_column_to_transactions_table',1),(55,'2018_02_17_124709_add_more_options_to_invoice_layouts',1),(56,'2018_02_19_111517_add_keyboard_shortcut_column_to_business_table',1),(57,'2018_02_19_121537_stock_adjustment_move_to_transaction_table',1),(58,'2018_02_20_165505_add_is_direct_sale_column_to_transactions_table',1),(59,'2018_02_21_105329_create_system_table',1),(60,'2018_02_23_100549_version_1_2',1),(61,'2018_02_23_125648_add_enable_editing_sp_from_purchase_column_to_business_table',1),(62,'2018_02_26_103612_add_sales_commission_agent_column_to_business_table',1),(63,'2018_02_26_130519_modify_users_table_for_sales_cmmsn_agnt',1),(64,'2018_02_26_134500_add_commission_agent_to_transactions_table',1),(65,'2018_02_27_121422_add_item_addition_method_to_business_table',1),(66,'2018_02_27_170232_modify_transactions_table_for_stock_transfer',1),(67,'2018_03_05_153510_add_enable_inline_tax_column_to_business_table',1),(68,'2018_03_06_210206_modify_product_barcode_types',1),(69,'2018_03_13_181541_add_expiry_type_to_business_table',1),(70,'2018_03_16_113446_product_expiry_setting_for_business',1),(71,'2018_03_19_113601_add_business_settings_options',1),(72,'2018_03_26_125334_add_pos_settings_to_business_table',1),(73,'2018_03_26_165350_create_customer_groups_table',1),(74,'2018_03_27_122720_customer_group_related_changes_in_tables',1),(75,'2018_03_29_110138_change_tax_field_to_nullable_in_business_table',1),(76,'2018_03_29_115502_add_changes_for_sr_number_in_products_and_sale_lines_table',1),(77,'2018_03_29_134340_add_inline_discount_fields_in_purchase_lines',1),(78,'2018_03_31_140921_update_transactions_table_exchange_rate',1),(79,'2018_04_03_103037_add_contact_id_to_contacts_table',1),(80,'2018_04_03_122709_add_changes_to_invoice_layouts_table',1),(81,'2018_04_09_135320_change_exchage_rate_size_in_business_table',1),(82,'2018_04_17_123122_add_lot_number_to_business',1),(83,'2018_04_17_160845_add_product_racks_table',1),(84,'2018_04_20_182015_create_res_tables_table',1),(85,'2018_04_24_105246_restaurant_fields_in_transaction_table',1),(86,'2018_04_24_114149_add_enabled_modules_business_table',1),(87,'2018_04_24_133704_add_modules_fields_in_invoice_layout_table',1),(88,'2018_04_27_132653_quotation_related_change',1),(89,'2018_05_02_104439_add_date_format_and_time_format_to_business',1),(90,'2018_05_02_111939_add_sell_return_to_transaction_payments',1),(91,'2018_05_14_114027_add_rows_positions_for_products',1),(92,'2018_05_14_125223_add_weight_to_products_table',1),(93,'2018_05_14_164754_add_opening_stock_permission',1),(94,'2018_05_15_134729_add_design_to_invoice_layouts',1),(95,'2018_05_16_183307_add_tax_fields_invoice_layout',1),(96,'2018_05_18_191956_add_sell_return_to_transaction_table',1),(97,'2018_05_21_131349_add_custom_fileds_to_contacts_table',1),(98,'2018_05_21_131607_invoice_layout_fields_for_sell_return',1),(99,'2018_05_21_131949_add_custom_fileds_and_website_to_business_locations_table',1),(100,'2018_05_22_123527_create_reference_counts_table',1),(101,'2018_05_22_154540_add_ref_no_prefixes_column_to_business_table',1),(102,'2018_05_24_132620_add_ref_no_column_to_transaction_payments_table',1),(103,'2018_05_24_161026_add_location_id_column_to_business_location_table',1),(104,'2018_05_25_180603_create_modifiers_related_table',1),(105,'2018_05_29_121714_add_purchase_line_id_to_stock_adjustment_line_table',1),(106,'2018_05_31_114645_add_res_order_status_column_to_transactions_table',1),(107,'2018_06_05_103530_rename_purchase_line_id_in_stock_adjustment_lines_table',1),(108,'2018_06_05_111905_modify_products_table_for_modifiers',1),(109,'2018_06_06_110524_add_parent_sell_line_id_column_to_transaction_sell_lines_table',1),(110,'2018_06_07_152443_add_is_service_staff_to_roles_table',1),(111,'2018_06_07_182258_add_image_field_to_products_table',1),(112,'2018_06_13_133705_create_bookings_table',1),(113,'2018_06_15_173636_add_email_column_to_contacts_table',1),(114,'2018_06_27_182835_add_superadmin_related_fields_business',1),(115,'2018_07_10_101913_add_custom_fields_to_products_table',1),(116,'2018_07_17_103434_add_sales_person_name_label_to_invoice_layouts_table',1),(117,'2018_07_17_163920_add_theme_skin_color_column_to_business_table',1),(118,'2018_07_24_160319_add_lot_no_line_id_to_transaction_sell_lines_table',1),(119,'2018_07_25_110004_add_show_expiry_and_show_lot_colums_to_invoice_layouts_table',1),(120,'2018_07_25_172004_add_discount_columns_to_transaction_sell_lines_table',1),(121,'2018_07_26_124720_change_design_column_type_in_invoice_layouts_table',1),(122,'2018_07_26_170424_add_unit_price_before_discount_column_to_transaction_sell_line_table',1),(123,'2018_07_28_103614_add_credit_limit_column_to_contacts_table',1),(124,'2018_08_08_110755_add_new_payment_methods_to_transaction_payments_table',1),(125,'2018_08_08_122225_modify_cash_register_transactions_table_for_new_payment_methods',1),(126,'2018_08_14_104036_add_opening_balance_type_to_transactions_table',1),(127,'2018_09_04_155900_create_accounts_table',1),(128,'2018_09_06_114438_create_selling_price_groups_table',1),(129,'2018_09_06_154057_create_variation_group_prices_table',1),(130,'2018_09_07_102413_add_permission_to_access_default_selling_price',1),(131,'2018_09_07_134858_add_selling_price_group_id_to_transactions_table',1),(132,'2018_09_10_112448_update_product_type_to_single_if_null_in_products_table',1),(133,'2018_09_10_152703_create_account_transactions_table',1),(134,'2018_09_10_173656_add_account_id_column_to_transaction_payments_table',1),(135,'2018_09_19_123914_create_notification_templates_table',1),(136,'2018_09_22_110504_add_sms_and_email_settings_columns_to_business_table',1),(137,'2018_09_24_134942_add_lot_no_line_id_to_stock_adjustment_lines_table',1),(138,'2018_09_26_105557_add_transaction_payments_for_existing_expenses',1),(139,'2018_09_27_111609_modify_transactions_table_for_purchase_return',1),(140,'2018_09_27_131154_add_quantity_returned_column_to_purchase_lines_table',1),(141,'2018_10_02_131401_add_return_quantity_column_to_transaction_sell_lines_table',1),(142,'2018_10_03_104918_add_qty_returned_column_to_transaction_sell_lines_purchase_lines_table',1),(143,'2018_10_03_185947_add_default_notification_templates_to_database',1),(144,'2018_10_09_153105_add_business_id_to_transaction_payments_table',1),(145,'2018_10_16_135229_create_permission_for_sells_and_purchase',1),(146,'2018_10_22_114441_add_columns_for_variable_product_modifications',1),(147,'2018_10_22_134428_modify_variable_product_data',1),(148,'2018_10_30_181558_add_table_tax_headings_to_invoice_layout',1),(149,'2018_10_31_122619_add_pay_terms_field_transactions_table',1),(150,'2018_10_31_161328_add_new_permissions_for_pos_screen',1),(151,'2018_10_31_174752_add_access_selected_contacts_only_to_users_table',1),(152,'2018_10_31_175627_add_user_contact_access',1),(153,'2018_10_31_180559_add_auto_send_sms_column_to_notification_templates_table',1),(154,'2018_11_02_171949_change_card_type_column_to_varchar_in_transaction_payments_table',1),(155,'2018_11_08_105621_add_role_permissions',1),(156,'2018_11_26_114135_add_is_suspend_column_to_transactions_table',1),(157,'2018_11_28_104410_modify_units_table_for_multi_unit',1),(158,'2018_11_28_170952_add_sub_unit_id_to_purchase_lines_and_sell_lines',1),(159,'2018_11_29_115918_add_primary_key_in_system_table',1),(160,'2018_12_03_185546_add_product_description_column_to_products_table',1),(161,'2018_12_06_114937_modify_system_table_and_users_table',1),(162,'2018_12_13_160007_add_custom_fields_display_options_to_invoice_layouts_table',1),(163,'2018_12_14_103307_modify_system_table',1),(164,'2018_12_18_133837_add_prev_balance_due_columns_to_invoice_layouts_table',1),(165,'2018_12_18_170656_add_invoice_token_column_to_transaction_table',1),(166,'2018_12_20_133639_add_date_time_format_column_to_invoice_layouts_table',1),(167,'2018_12_21_120659_add_recurring_invoice_fields_to_transactions_table',1),(168,'2018_12_24_154933_create_notifications_table',1),(169,'2019_01_08_112015_add_document_column_to_transaction_payments_table',1),(170,'2019_01_10_124645_add_account_permission',1),(171,'2019_01_16_125825_add_subscription_no_column_to_transactions_table',1),(172,'2019_01_28_111647_add_order_addresses_column_to_transactions_table',1),(173,'2019_02_13_173821_add_is_inactive_column_to_products_table',1),(174,'2019_02_19_103118_create_discounts_table',1),(175,'2019_02_21_120324_add_discount_id_column_to_transaction_sell_lines_table',1),(176,'2019_02_21_134324_add_permission_for_discount',1),(177,'2019_03_04_170832_add_service_staff_columns_to_transaction_sell_lines_table',1),(178,'2019_03_09_102425_add_sub_type_column_to_transactions_table',1),(179,'2019_03_09_124457_add_indexing_transaction_sell_lines_purchase_lines_table',1),(180,'2019_03_12_120336_create_activity_log_table',1),(181,'2019_03_15_132925_create_media_table',1),(182,'2019_05_08_130339_add_indexing_to_parent_id_in_transaction_payments_table',1),(183,'2019_05_10_132311_add_missing_column_indexing',1),(184,'2019_05_14_091812_add_show_image_column_to_invoice_layouts_table',1),(185,'2019_05_25_104922_add_view_purchase_price_permission',1),(186,'2019_06_17_103515_add_profile_informations_columns_to_users_table',1),(187,'2019_06_18_135524_add_permission_to_view_own_sales_only',1),(188,'2019_06_19_112058_add_database_changes_for_reward_points',1),(189,'2019_06_28_133732_change_type_column_to_string_in_transactions_table',1),(190,'2019_07_13_111420_add_is_created_from_api_column_to_transactions_table',1),(191,'2019_07_15_165136_add_fields_for_combo_product',1),(192,'2019_07_19_103446_add_mfg_quantity_used_column_to_purchase_lines_table',1),(193,'2019_07_22_152649_add_not_for_selling_in_product_table',1),(194,'2019_07_29_185351_add_show_reward_point_column_to_invoice_layouts_table',1),(195,'2019_08_08_162302_add_sub_units_related_fields',1),(196,'2019_08_26_133419_update_price_fields_decimal_point',1),(197,'2019_09_02_160054_remove_location_permissions_from_roles',1),(198,'2019_09_03_185259_add_permission_for_pos_screen',1),(199,'2019_09_04_163141_add_location_id_to_cash_registers_table',1),(200,'2019_09_04_184008_create_types_of_services_table',1),(201,'2019_09_06_131445_add_types_of_service_fields_to_transactions_table',1),(202,'2019_09_09_134810_add_default_selling_price_group_id_column_to_business_locations_table',1),(203,'2019_09_12_105616_create_product_locations_table',1),(204,'2019_09_17_122522_add_custom_labels_column_to_business_table',1),(205,'2019_09_18_164319_add_shipping_fields_to_transactions_table',1),(206,'2019_09_19_170927_close_all_active_registers',1),(207,'2019_09_23_161906_add_media_description_cloumn_to_media_table',1),(208,'2019_10_18_155633_create_account_types_table',1),(209,'2019_10_22_163335_add_common_settings_column_to_business_table',1),(210,'2019_10_29_132521_add_update_purchase_status_permission',1),(211,'2019_11_09_110522_add_indexing_to_lot_number',1),(212,'2019_11_19_170824_add_is_active_column_to_business_locations_table',1),(213,'2019_11_21_162913_change_quantity_field_types_to_decimal',1),(214,'2019_11_25_160340_modify_categories_table_for_polymerphic_relationship',1),(215,'2019_12_02_105025_create_warranties_table',1),(216,'2019_12_03_180342_add_common_settings_field_to_invoice_layouts_table',1),(217,'2019_12_05_183955_add_more_fields_to_users_table',1),(218,'2019_12_06_174904_add_change_return_label_column_to_invoice_layouts_table',1),(219,'2019_12_11_121307_add_draft_and_quotation_list_permissions',1),(220,'2019_12_12_180126_copy_expense_total_to_total_before_tax',1),(221,'2019_12_19_181412_make_alert_quantity_field_nullable_on_products_table',1),(222,'2019_12_25_173413_create_dashboard_configurations_table',1),(223,'2020_01_08_133506_create_document_and_notes_table',1),(224,'2020_01_09_113252_add_cc_bcc_column_to_notification_templates_table',1),(225,'2020_01_16_174818_add_round_off_amount_field_to_transactions_table',1),(226,'2020_01_28_162345_add_weighing_scale_settings_in_business_settings_table',1),(227,'2020_02_18_172447_add_import_fields_to_transactions_table',1),(228,'2020_03_13_135844_add_is_active_column_to_selling_price_groups_table',1),(229,'2020_03_16_115449_add_contact_status_field_to_contacts_table',1),(230,'2020_03_26_124736_add_allow_login_column_in_users_table',1),(231,'2020_04_13_154150_add_feature_products_column_to_business_loactions',1),(232,'2020_04_15_151802_add_user_type_to_users_table',1),(233,'2020_04_22_153905_add_subscription_repeat_on_column_to_transactions_table',1),(234,'2020_04_28_111436_add_shipping_address_to_contacts_table',1),(235,'2020_06_01_094654_add_max_sale_discount_column_to_users_table',1),(236,'2020_06_12_162245_modify_contacts_table',1),(237,'2020_06_22_103104_change_recur_interval_default_to_one',1),(238,'2020_07_09_174621_add_balance_field_to_contacts_table',1),(239,'2020_07_23_104933_change_status_column_to_varchar_in_transaction_table',1),(240,'2020_09_07_171059_change_completed_stock_transfer_status_to_final',1),(241,'2020_09_21_123224_modify_booking_status_column_in_bookings_table',1),(242,'2020_09_22_121639_create_discount_variations_table',1),(243,'2020_10_05_121550_modify_business_location_table_for_invoice_layout',1),(244,'2020_10_16_175726_set_status_as_received_for_opening_stock',1),(245,'2020_10_23_170823_add_for_group_tax_column_to_tax_rates_table',1),(246,'2020_11_04_130940_add_more_custom_fields_to_contacts_table',1),(247,'2020_11_10_152841_add_cash_register_permissions',1),(248,'2020_11_17_164041_modify_type_column_to_varchar_in_contacts_table',1),(249,'2020_12_18_181447_add_shipping_custom_fields_to_transactions_table',1),(250,'2020_12_22_164303_add_sub_status_column_to_transactions_table',1),(251,'2020_12_24_153050_add_custom_fields_to_transactions_table',1),(252,'2020_12_28_105403_add_whatsapp_text_column_to_notification_templates_table',1),(253,'2020_12_29_165925_add_model_document_type_to_media_table',1),(254,'2021_02_08_175632_add_contact_number_fields_to_users_table',1),(255,'2021_02_11_172217_add_indexing_for_multiple_columns',1),(256,'2021_02_23_122043_add_more_columns_to_customer_groups_table',1),(257,'2021_02_24_175551_add_print_invoice_permission_to_all_roles',1),(258,'2021_03_03_162021_add_purchase_order_columns_to_purchase_lines_and_transactions_table',1),(259,'2021_03_11_120229_add_sales_order_columns',1),(260,'2021_03_16_120705_add_business_id_to_activity_log_table',1),(261,'2021_03_16_153427_add_code_columns_to_business_table',1),(262,'2021_03_18_173308_add_account_details_column_to_accounts_table',1),(263,'2021_03_18_183119_add_prefer_payment_account_columns_to_transactions_table',1),(264,'2021_03_22_120810_add_more_types_of_service_custom_fields',1),(265,'2021_03_24_183132_add_shipping_export_custom_field_details_to_contacts_table',1),(266,'2021_03_25_170715_add_export_custom_fields_info_to_transactions_table',1),(267,'2021_04_15_063449_add_denominations_column_to_cash_registers_table',1),(268,'2021_05_22_083426_add_indexing_to_account_transactions_table',1),(269,'2021_07_08_065808_add_additional_expense_columns_to_transaction_table',1),(270,'2021_07_13_082918_add_qr_code_columns_to_invoice_layouts_table',1),(271,'2021_07_21_061615_add_fields_to_show_commission_agent_in_invoice_layout',1),(272,'2021_08_13_105549_add_crm_contact_id_to_users_table',1),(273,'2021_08_25_114932_add_payment_link_fields_to_transaction_payments_table',1),(274,'2021_09_01_063110_add_spg_column_to_discounts_table',1),(275,'2021_09_03_061528_modify_cash_register_transactions_table',1),(276,'2021_10_05_061658_add_source_column_to_transactions_table',1),(277,'2021_12_16_121851_add_parent_id_column_to_expense_categories_table',1),(278,'2018_10_01_151252_create_documents_table',2),(279,'2018_10_02_151803_create_document_shares_table',2),(280,'2018_10_09_134558_create_reminders_table',2),(281,'2018_11_16_170756_create_to_dos_table',2),(282,'2019_02_22_120329_essentials_messages',2),(283,'2019_02_22_161513_add_message_permissions',2),(284,'2019_03_29_164339_add_essentials_version_to_system_table',2),(285,'2019_05_17_153306_create_essentials_leave_types_table',2),(286,'2019_05_17_175921_create_essentials_leaves_table',2),(287,'2019_05_21_154517_add_essentials_settings_columns_to_business_table',2),(288,'2019_05_21_181653_create_table_essentials_attendance',2),(289,'2019_05_30_110049_create_essentials_payrolls_table',2),(290,'2019_06_04_105723_create_essentials_holidays_table',2),(291,'2019_06_28_134217_add_payroll_columns_to_transactions_table',2),(292,'2019_08_26_103520_add_approve_leave_permission',2),(293,'2019_08_27_103724_create_essentials_allowance_and_deduction_table',2),(294,'2019_08_27_105236_create_essentials_user_allowances_and_deductions',2),(295,'2019_09_20_115906_add_more_columns_to_essentials_to_dos_table',2),(296,'2019_09_23_120439_create_essentials_todo_comments_table',2),(297,'2019_12_05_170724_add_hrm_columns_to_users_table',2),(298,'2019_12_09_105809_add_allowance_and_deductions_permission',2),(299,'2020_03_28_152838_create_essentials_shift_table',2),(300,'2020_03_30_162029_create_user_shifts_table',2),(301,'2020_03_31_134558_add_shift_id_to_attendance_table',2),(302,'2020_11_05_105157_modify_todos_date_column_type',2),(303,'2020_11_11_174852_add_end_time_column_to_essentials_reminders_table',2),(304,'2020_11_26_170527_create_essentials_kb_table',2),(305,'2020_11_30_112615_create_essentials_kb_users_table',2),(306,'2021_02_12_185514_add_clock_in_location_to_essentials_attendances_table',2),(307,'2021_02_16_190203_add_essentials_module_indexing',2),(308,'2021_02_27_133448_add_columns_to_users_table',2),(309,'2021_03_04_174857_create_payroll_groups_table',2),(310,'2021_03_04_175025_create_payroll_group_transactions_table',2),(311,'2021_03_09_123914_add_auto_clockout_to_essentials_shifts',2),(312,'2021_06_17_121451_add_location_id_to_table',2),(313,'2021_09_28_091541_create_essentials_user_sales_targets_table',2),(314,'2018_10_10_110400_add_module_version_to_system_table',3),(315,'2018_10_10_122845_add_woocommerce_api_settings_to_business_table',3),(316,'2018_10_10_162041_add_woocommerce_category_id_to_categories_table',3),(317,'2018_10_11_173839_create_woocommerce_sync_logs_table',3),(318,'2018_10_16_123522_add_woocommerce_tax_rate_id_column_to_tax_rates_table',3),(319,'2018_10_23_111555_add_woocommerce_attr_id_column_to_variation_templates_table',3),(320,'2018_12_03_163945_add_woocommerce_permissions',3),(321,'2019_02_18_154414_change_woocommerce_sync_logs_table',3),(322,'2019_04_19_174129_add_disable_woocommerce_sync_column_to_products_table',3),(323,'2019_06_08_132440_add_woocommerce_wh_oc_secret_column_to_business_table',3),(324,'2019_10_01_171828_add_woocommerce_media_id_columns',3),(325,'2020_09_07_124952_add_woocommerce_skipped_orders_fields_to_business_table',3),(326,'2018_06_27_185405_create_packages_table',4),(327,'2018_06_28_182803_create_subscriptions_table',4),(328,'2018_07_17_182021_add_rows_to_system_table',4),(329,'2018_07_19_131721_add_options_to_packages_table',4),(330,'2018_08_17_155534_add_min_termination_alert_days',4),(331,'2018_08_28_105945_add_business_based_username_settings_to_system_table',4),(332,'2018_08_30_105906_add_superadmin_communicator_logs_table',4),(333,'2018_11_02_130636_add_custom_permissions_to_packages_table',4),(334,'2018_11_05_161848_add_more_fields_to_packages_table',4),(335,'2018_12_10_124621_modify_system_table_values_null_default',4),(336,'2019_05_10_135434_add_missing_database_column_indexes',4),(337,'2019_08_16_115300_create_superadmin_frontend_pages_table',4),(338,'2022_04_14_075120_add_payment_type_column_to_transaction_payments_table',5),(339,'2022_04_21_083327_create_cash_denominations_table',5),(340,'2022_05_10_055307_add_delivery_date_column_to_transactions_table',5),(341,'2022_06_13_123135_add_currency_precision_and_quantity_precision_fields_to_business_table',5),(342,'2022_06_28_133342_add_secondary_unit_columns_to_products_sell_line_purchase_lines_tables',5),(343,'2022_07_13_114307_create_purchase_requisition_related_columns',5),(344,'2022_08_25_132707_add_service_staff_timer_fields_to_products_and_users_table',5),(345,'2023_01_28_114255_add_letter_head_column_to_invoice_layouts_table',5),(346,'2023_02_11_161510_add_event_column_to_activity_log_table',5),(347,'2023_02_11_161511_add_batch_uuid_column_to_activity_log_table',5),(348,'2023_03_02_170312_add_provider_to_oauth_clients_table',5),(349,'2023_03_21_122731_add_sale_invoice_scheme_id_business_table',5),(350,'2023_03_21_170446_add_number_type_to_invoice_scheme',5),(351,'2023_04_17_155216_add_custom_fields_to_products',5),(352,'2023_04_28_130247_add_price_type_to_group_price_table',5);
CREATE TABLE `model_has_permissions` (
  `permission_id` int(10) unsigned NOT NULL,
  `model_type` varchar(191) NOT NULL,
  `model_id` bigint(20) unsigned NOT NULL,
  PRIMARY KEY (`permission_id`,`model_id`,`model_type`),
  KEY `model_has_permissions_model_type_model_id_index` (`model_type`,`model_id`)
) ENGINE=InnoDB DEFAULT CHARSET=utf8mb4 COLLATE=utf8mb4_unicode_ci;

INSERT INTO `model_has_permissions` VALUES (80,'App\\User',2),(80,'App\\User',4),(80,'App\\User',5),(80,'App\\User',7),(80,'App\\User',8),(80,'App\\User',12),(80,'App\\User',15),(80,'App\\User',17),(80,'App\\User',18),(80,'App\\User',20),(80,'App\\User',21),(80,'App\\User',22),(80,'App\\User',23),(80,'App\\User',24),(80,'App\\User',25),(80,'App\\User',27),(80,'App\\User',28),(80,'App\\User',29),(80,'App\\User',30),(80,'App\\User',31),(80,'App\\User',32),(80,'App\\User',33),(80,'App\\User',36),(80,'App\\User',37),(80,'App\\User',38),(80,'App\\User',39),(80,'App\\User',40),(80,'App\\User',41),(80,'App\\User',42),(80,'App\\User',43),(80,'App\\User',44),(80,'App\\User',46),(80,'App\\User',56),(80,'App\\User',57),(80,'App\\User',58),(80,'App\\User',64),(80,'App\\User',66),(80,'App\\User',76),(80,'App\\User',78),(80,'App\\User',79),(82,'App\\User',3),(82,'App\\User',6),(82,'App\\User',9),(82,'App\\User',10),(82,'App\\User',11),(82,'App\\User',14),(82,'App\\User',15),(82,'App\\User',19),(82,'App\\User',26),(82,'App\\User',34),(82,'App\\User',45),(82,'App\\User',48),(82,'App\\User',49),(82,'App\\User',50),(82,'App\\User',51),(82,'App\\User',52),(82,'App\\User',53),(82,'App\\User',54),(82,'App\\User',55),(82,'App\\User',58),(82,'App\\User',59),(82,'App\\User',60),(82,'App\\User',61),(82,'App\\User',62),(82,'App\\User',63),(82,'App\\User',65),(82,'App\\User',67),(82,'App\\User',68),(82,'App\\User',69),(82,'App\\User',70),(82,'App\\User',71),(82,'App\\User',72),(82,'App\\User',73),(82,'App\\User',74),(82,'App\\User',75),(82,'App\\User',77),(82,'App\\User',80),(82,'App\\User',81),(82,'App\\User',82),(82,'App\\User',83),(120,'App\\User',13);
CREATE TABLE `model_has_roles` (
  `role_id` int(10) unsigned NOT NULL,
  `model_type` varchar(191) NOT NULL,
  `model_id` bigint(20) unsigned NOT NULL,
  PRIMARY KEY (`role_id`,`model_id`,`model_type`),
  KEY `model_has_roles_model_type_model_id_index` (`model_type`,`model_id`)
) ENGINE=InnoDB DEFAULT CHARSET=utf8mb4 COLLATE=utf8mb4_unicode_ci;

INSERT INTO `model_has_roles` VALUES (1,'App\\User',1),(1,'App\\User',2),(3,'App\\User',4),(3,'App\\User',9),(3,'App\\User',32),(3,'App\\User',34),(3,'App\\User',44),(3,'App\\User',45),(3,'App\\User',48),(3,'App\\User',50),(3,'App\\User',51),(3,'App\\User',54),(3,'App\\User',59),(3,'App\\User',60),(3,'App\\User',61),(3,'App\\User',62),(3,'App\\User',63),(3,'App\\User',64),(3,'App\\User',65),(3,'App\\User',66),(3,'App\\User',67),(3,'App\\User',68),(3,'App\\User',69),(3,'App\\User',70),(3,'App\\User',71),(3,'App\\User',72),(3,'App\\User',73),(3,'App\\User',74),(3,'App\\User',77),(3,'App\\User',78),(3,'App\\User',79),(3,'App\\User',80),(3,'App\\User',81),(4,'App\\User',3),(4,'App\\User',27),(5,'App\\User',5),(5,'App\\User',20),(6,'App\\User',7),(6,'App\\User',28),(7,'App\\User',10),(7,'App\\User',12),(7,'App\\User',13),(8,'App\\User',11),(8,'App\\User',83),(12,'App\\User',6),(12,'App\\User',21),(12,'App\\User',22),(12,'App\\User',23),(12,'App\\User',30),(12,'App\\User',33),(12,'App\\User',36),(12,'App\\User',37),(12,'App\\User',38),(12,'App\\User',49),(12,'App\\User',53),(12,'App\\User',55),(12,'App\\User',58),(12,'App\\User',75),(12,'App\\User',82),(16,'App\\User',14),(16,'App\\User',15),(16,'App\\User',16),(16,'App\\User',17),(16,'App\\User',18),(16,'App\\User',19),(16,'App\\User',24),(16,'App\\User',25),(16,'App\\User',26),(16,'App\\User',40),(16,'App\\User',41),(16,'App\\User',42),(16,'App\\User',43),(16,'App\\User',46),(17,'App\\User',29),(18,'App\\User',47),(19,'App\\User',31),(20,'App\\User',35),(20,'App\\User',57),(21,'App\\User',39),(22,'App\\User',8),(23,'App\\User',52),(23,'App\\User',56),(23,'App\\User',76);
CREATE TABLE `notification_templates` (
  `id` int(10) unsigned NOT NULL AUTO_INCREMENT,
  `business_id` int(11) NOT NULL,
  `template_for` varchar(191) NOT NULL,
  `email_body` text DEFAULT NULL,
  `sms_body` text DEFAULT NULL,
  `whatsapp_text` text DEFAULT NULL,
  `subject` varchar(191) DEFAULT NULL,
  `cc` varchar(191) DEFAULT NULL,
  `bcc` varchar(191) DEFAULT NULL,
  `auto_send` tinyint(1) NOT NULL DEFAULT 0,
  `auto_send_sms` tinyint(1) NOT NULL DEFAULT 0,
  `auto_send_wa_notif` tinyint(1) NOT NULL DEFAULT 0,
  `created_at` timestamp NULL DEFAULT NULL,
  `updated_at` timestamp NULL DEFAULT NULL,
  PRIMARY KEY (`id`)
) ENGINE=InnoDB AUTO_INCREMENT=10 DEFAULT CHARSET=utf8mb4 COLLATE=utf8mb4_unicode_ci;

INSERT INTO `notification_templates` VALUES (1,1,'new_sale','<p>Dear {contact_name},</p>\n\n                    <p>Your invoice number is {invoice_number}<br />\n                    Total amount: {total_amount}<br />\n                    Paid amount: {received_amount}</p>\n\n                    <p>Thank you for shopping with us.</p>\n\n                    <p>{business_logo}</p>\n\n                    <p>&nbsp;</p>','Dear {contact_name}, Thank you for shopping with us. {business_name}',NULL,'Thank you from {business_name}',NULL,NULL,0,0,0,'2023-02-08 23:18:42','2023-02-08 23:18:42'),(2,1,'payment_received','<p>Dear {contact_name},</p>\n\n                <p>We have received a payment of {received_amount}</p>\n\n                <p>{business_logo}</p>','Dear {contact_name}, We have received a payment of {received_amount}. {business_name}',NULL,'Payment Received, from {business_name}',NULL,NULL,0,0,0,'2023-02-08 23:18:42','2023-02-08 23:18:42'),(3,1,'payment_reminder','<p>Dear {contact_name},</p>\n\n                    <p>This is to remind you that you have pending payment of {due_amount}. Kindly pay it as soon as possible.</p>\n\n                    <p>{business_logo}</p>','Dear {contact_name}, You have pending payment of {due_amount}. Kindly pay it as soon as possible. {business_name}',NULL,'Payment Reminder, from {business_name}',NULL,NULL,0,0,0,'2023-02-08 23:18:42','2023-02-08 23:18:42'),(4,1,'new_booking','<p>Dear {contact_name},</p>\n\n                    <p>Your booking is confirmed</p>\n\n                    <p>Date: {start_time} to {end_time}</p>\n\n                    <p>Table: {table}</p>\n\n                    <p>Location: {location}</p>\n\n                    <p>{business_logo}</p>','Dear {contact_name}, Your booking is confirmed. Date: {start_time} to {end_time}, Table: {table}, Location: {location}',NULL,'Booking Confirmed - {business_name}',NULL,NULL,0,0,0,'2023-02-08 23:18:42','2023-02-08 23:18:42'),(5,1,'new_order','<p>Dear {contact_name},</p>\n\n                    <p>We have a new order with reference number {order_ref_number}. Kindly process the products as soon as possible.</p>\n\n                    <p>{business_name}<br />\n                    {business_logo}</p>','Dear {contact_name}, We have a new order with reference number {order_ref_number}. Kindly process the products as soon as possible. {business_name}',NULL,'New Order, from {business_name}',NULL,NULL,0,0,0,'2023-02-08 23:18:42','2023-02-08 23:18:42'),(6,1,'payment_paid','<p>Dear {contact_name},</p>\n\n                    <p>We have paid amount {paid_amount} again invoice number {order_ref_number}.<br />\n                    Kindly note it down.</p>\n\n                    <p>{business_name}<br />\n                    {business_logo}</p>','We have paid amount {paid_amount} again invoice number {order_ref_number}.\n                    Kindly note it down. {business_name}',NULL,'Payment Paid, from {business_name}',NULL,NULL,0,0,0,'2023-02-08 23:18:42','2023-02-08 23:18:42'),(7,1,'items_received','<p>Dear {contact_name},</p>\n\n                    <p>We have received all items from invoice reference number {order_ref_number}. Thank you for processing it.</p>\n\n                    <p>{business_name}<br />\n                    {business_logo}</p>','We have received all items from invoice reference number {order_ref_number}. Thank you for processing it. {business_name}',NULL,'Items received, from {business_name}',NULL,NULL,0,0,0,'2023-02-08 23:18:42','2023-02-08 23:18:42'),(8,1,'items_pending','<p>Dear {contact_name},<br />\n                    This is to remind you that we have not yet received some items from invoice reference number {order_ref_number}. Please process it as soon as possible.</p>\n\n                    <p>{business_name}<br />\n                    {business_logo}</p>','This is to remind you that we have not yet received some items from invoice reference number {order_ref_number} . Please process it as soon as possible.{business_name}',NULL,'Items Pending, from {business_name}',NULL,NULL,0,0,0,'2023-02-08 23:18:42','2023-02-08 23:18:42'),(9,1,'new_quotation','<p>Dear {contact_name},</p>\n\n                    <p>Your quotation number is {invoice_number}<br />\n                    Total amount: {total_amount}</p>\n\n                    <p>Thank you for shopping with us.</p>\n\n                    <p>{business_logo}</p>\n\n                    <p>&nbsp;</p>','Dear {contact_name}, Thank you for shopping with us. {business_name}',NULL,'Thank you from {business_name}',NULL,NULL,0,0,0,'2023-02-08 23:18:42','2023-02-08 23:18:42');
CREATE TABLE `notifications` (
  `id` char(36) NOT NULL,
  `type` varchar(191) NOT NULL,
  `notifiable_type` varchar(191) NOT NULL,
  `notifiable_id` bigint(20) unsigned NOT NULL,
  `data` text NOT NULL,
  `read_at` timestamp NULL DEFAULT NULL,
  `created_at` timestamp NULL DEFAULT NULL,
  `updated_at` timestamp NULL DEFAULT NULL,
  PRIMARY KEY (`id`),
  KEY `notifications_notifiable_type_notifiable_id_index` (`notifiable_type`,`notifiable_id`)
) ENGINE=InnoDB DEFAULT CHARSET=utf8mb4 COLLATE=utf8mb4_unicode_ci;

INSERT INTO `notifications` VALUES ('0570d67e-9db5-4b6f-8510-9f5b316eec6f','Modules\\Woocommerce\\Notifications\\SyncOrdersNotification','App\\User',1,'[]','2023-02-19 17:40:36','2023-02-17 18:00:16','2023-02-19 17:40:36'),('063b238f-b48d-4a1a-93cb-53628375b17b','Modules\\Woocommerce\\Notifications\\SyncOrdersNotification','App\\User',1,'[]','2023-02-19 18:03:57','2023-02-19 18:00:29','2023-02-19 18:03:57'),('0cb466aa-ba50-46c5-9805-f3295d6ec03b','Modules\\Woocommerce\\Notifications\\SyncOrdersNotification','App\\User',1,'[]','2023-02-17 14:24:42','2023-02-15 18:00:40','2023-02-17 14:24:42'),('145a64ea-1918-4672-9d69-9a3a617cc4a9','Modules\\Essentials\\Notifications\\NewTaskNotification','App\\User',11,'{\"assigned_by\":29,\"task_id\":\"2023\\/0003\",\"id\":3}','2023-04-05 20:02:58','2023-04-05 19:56:38','2023-04-05 20:02:58'),('213cfb74-c805-4f1e-b42e-b44fe56c29de','Modules\\Essentials\\Notifications\\NewMessageNotification','App\\User',26,'{\"from\":\"Mr Vonos Autos\",\"from_id\":1}','2023-04-01 17:11:47','2023-04-01 16:01:38','2023-04-01 17:11:47'),('23c6284f-ec41-42e4-9a9c-4ede383c4a70','Modules\\Woocommerce\\Notifications\\SyncOrdersNotification','App\\User',1,'[]','2023-02-17 14:24:42','2023-02-16 06:00:33','2023-02-17 14:24:42'),('2804c51c-6e04-4ba8-bff1-f87a3c377031','Modules\\Woocommerce\\Notifications\\SyncOrdersNotification','App\\User',1,'[]','2023-02-13 05:29:22','2023-02-13 01:30:27','2023-02-13 05:29:22'),('30e44790-5d0d-450f-832f-e56ba8291047','Modules\\Woocommerce\\Notifications\\SyncOrdersNotification','App\\User',1,'[]','2023-02-17 14:24:42','2023-02-14 06:00:26','2023-02-17 14:24:42'),('4680e083-a85d-493c-8adb-bf54c9ed4942','Modules\\Woocommerce\\Notifications\\SyncOrdersNotification','App\\User',1,'[]','2023-02-17 14:24:42','2023-02-15 18:00:25','2023-02-17 14:24:42'),('4787c8a3-5130-4462-9703-45b6a2ba97c1','Modules\\Essentials\\Notifications\\PayrollNotification','App\\User',27,'{\"month\":\"04\",\"year\":\"2023\",\"ref_no\":\"VPR-2023\\/0001\",\"action\":\"created\",\"created_by\":1}',NULL,'2023-04-01 16:15:33','2023-04-01 16:15:33'),('4a4908bb-6747-4ef5-93cb-f71374546372','Modules\\Woocommerce\\Notifications\\SyncOrdersNotification','App\\User',1,'[]','2023-02-13 05:29:22','2023-02-12 01:30:33','2023-02-13 05:29:22'),('4ecb1ee8-9a85-4092-bedf-ea2ef7755b1b','Modules\\Woocommerce\\Notifications\\SyncOrdersNotification','App\\User',1,'[]','2023-02-20 13:44:33','2023-02-20 06:00:49','2023-02-20 13:44:33'),('5117f327-e594-4810-9735-0e01e9777530','Modules\\Woocommerce\\Notifications\\SyncOrdersNotification','App\\User',1,'[]','2023-02-17 14:24:42','2023-02-17 06:00:43','2023-02-17 14:24:42'),('5264a1fb-757b-405a-afaf-2fefd3661de2','Modules\\Essentials\\Notifications\\NewMessageNotification','App\\User',10,'{\"from\":\"Mr Vonos Autos\",\"from_id\":1}',NULL,'2023-04-01 16:01:38','2023-04-01 16:01:38'),('56cd5432-8235-493a-82f3-adc4a636e935','Modules\\Woocommerce\\Notifications\\SyncOrdersNotification','App\\User',1,'[]','2023-02-20 13:44:33','2023-02-20 06:00:32','2023-02-20 13:44:33'),('694fdb1c-5b06-4a7b-a76c-437819547c28','Modules\\Woocommerce\\Notifications\\SyncOrdersNotification','App\\User',1,'[]','2023-02-17 14:24:42','2023-02-17 06:00:17','2023-02-17 14:24:42'),('6ed695bc-e4b5-4e6c-b941-c380ca41e866','Modules\\Essentials\\Notifications\\NewMessageNotification','App\\User',9,'{\"from\":\"Mr Vonos Autos\",\"from_id\":1}','2023-04-03 21:35:08','2023-04-01 16:01:38','2023-04-03 21:35:08'),('712bb433-fced-4df2-9e06-d11d8e8755a8','Modules\\Woocommerce\\Notifications\\SyncOrdersNotification','App\\User',1,'[]','2023-02-19 17:40:36','2023-02-18 06:00:33','2023-02-19 17:40:36'),('73d98aa8-5bf9-4f73-aae1-ea2ec1285eb2','Modules\\Woocommerce\\Notifications\\SyncOrdersNotification','App\\User',1,'[]','2023-02-13 13:48:27','2023-02-13 06:00:36','2023-02-13 13:48:27'),('7ad9fb44-3d86-4e1b-8c16-073dac045f86','Modules\\Woocommerce\\Notifications\\SyncOrdersNotification','App\\User',1,'[]','2023-02-17 14:24:42','2023-02-15 06:00:55','2023-02-17 14:24:42'),('7bf7195e-40bb-4589-9ffc-954b8b1f86a3','Modules\\Woocommerce\\Notifications\\SyncOrdersNotification','App\\User',1,'[]','2023-02-17 14:24:42','2023-02-16 18:00:35','2023-02-17 14:24:42'),('7d081d8c-39a1-42c9-8494-c7572c8971b5','Modules\\Woocommerce\\Notifications\\SyncOrdersNotification','App\\User',1,'[]','2023-02-19 18:03:57','2023-02-19 18:00:47','2023-02-19 18:03:57'),('7f60ae15-c309-4f52-8ede-717996f66bc0','Modules\\Woocommerce\\Notifications\\SyncOrdersNotification','App\\User',1,'[]','2023-02-19 17:40:36','2023-02-18 18:00:30','2023-02-19 17:40:36'),('93886808-4d1f-485e-8249-c797f85a9b94','Modules\\Essentials\\Notifications\\LeaveStatusNotification','App\\User',46,'{\"ref_no\":\"2023\\/0001\",\"status\":\"Approved\",\"changed_by\":29}',NULL,'2023-05-25 13:53:57','2023-05-25 13:53:57'),('94a3eb72-d500-4fbd-8366-2442bc348d92','Modules\\Woocommerce\\Notifications\\SyncOrdersNotification','App\\User',1,'[]','2023-02-17 14:24:42','2023-02-16 06:00:15','2023-02-17 14:24:42'),('9e636f7f-011c-441e-87e9-a43bdbf97c58','Modules\\Woocommerce\\Notifications\\SyncOrdersNotification','App\\User',1,'[]','2023-02-13 13:48:27','2023-02-13 06:00:31','2023-02-13 13:48:27'),('a325a10d-1c60-470a-9a64-9b8dc379e8b2','Modules\\Woocommerce\\Notifications\\SyncOrdersNotification','App\\User',1,'[]','2023-02-19 17:40:36','2023-02-17 18:00:16','2023-02-19 17:40:36'),('a6e921ce-de37-4fe0-b971-4b21192d76ca','Modules\\Woocommerce\\Notifications\\SyncOrdersNotification','App\\User',1,'[]','2023-02-13 05:29:22','2023-02-12 13:30:26','2023-02-13 05:29:22'),('b204f1e1-8fbe-4ba4-8a39-186bffad8dd1','Modules\\Woocommerce\\Notifications\\SyncOrdersNotification','App\\User',1,'[]','2023-02-19 17:40:36','2023-02-18 18:00:50','2023-02-19 17:40:36'),('be500f50-276a-4557-acd2-28472955fb37','Modules\\Woocommerce\\Notifications\\SyncOrdersNotification','App\\User',1,'[]','2023-02-17 14:24:42','2023-02-15 06:00:55','2023-02-17 14:24:42'),('d0e8261b-921e-4d3e-ae5d-123b98258863','Modules\\Woocommerce\\Notifications\\SyncOrdersNotification','App\\User',1,'[]','2023-02-17 14:24:42','2023-02-16 18:00:37','2023-02-17 14:24:42'),('d63c4d5a-a2c0-4992-9d17-882d5085e0e1','Modules\\Woocommerce\\Notifications\\SyncOrdersNotification','App\\User',1,'[]','2023-02-17 14:24:42','2023-02-13 18:00:27','2023-02-17 14:24:42'),('e36e385f-3084-4bd0-8b62-ac7b3fb7cd58','Modules\\Woocommerce\\Notifications\\SyncOrdersNotification','App\\User',1,'[]','2023-02-17 14:24:42','2023-02-14 18:00:31','2023-02-17 14:24:42'),('e45be589-c08e-4830-b479-f6ed85e02986','Modules\\Woocommerce\\Notifications\\SyncOrdersNotification','App\\User',1,'[]','2023-02-17 14:24:42','2023-02-13 18:00:20','2023-02-17 14:24:42'),('eaae5b94-0d46-43c2-8825-6bc843b9ddb1','Modules\\Essentials\\Notifications\\NewLeaveNotification','App\\User',2,'{\"applied_by\":\"46\",\"ref_no\":\"2023\\/0001\"}',NULL,'2023-05-25 13:53:30','2023-05-25 13:53:30'),('eec88234-626c-4a0e-865c-a17aab1de6ee','Modules\\Woocommerce\\Notifications\\SyncOrdersNotification','App\\User',1,'[]','2023-02-17 14:24:42','2023-02-14 06:00:14','2023-02-17 14:24:42'),('f5b1c0c0-6952-471f-9c2e-83f21551c224','Modules\\Woocommerce\\Notifications\\SyncOrdersNotification','App\\User',1,'[]','2023-02-17 14:24:42','2023-02-14 18:00:39','2023-02-17 14:24:42'),('f66cef06-3e7e-41bb-95a6-c9757851ed04','Modules\\Woocommerce\\Notifications\\SyncOrdersNotification','App\\User',1,'[]','2023-02-19 17:40:36','2023-02-18 06:00:50','2023-02-19 17:40:36'),('f70e50aa-600e-489a-b865-097c7448d457','Modules\\Woocommerce\\Notifications\\SyncOrdersNotification','App\\User',1,'[]','2023-02-19 17:40:36','2023-02-19 06:00:12','2023-02-19 17:40:36'),('f71ae256-439c-461b-91d3-ce9f1209b707','Modules\\Woocommerce\\Notifications\\SyncOrdersNotification','App\\User',1,'[]','2023-02-19 17:40:36','2023-02-19 06:00:22','2023-02-19 17:40:36'),('f749e8df-f788-4699-b59c-ed3c463703e7','Modules\\Woocommerce\\Notifications\\SyncOrdersNotification','App\\User',1,'[]','2023-02-13 05:29:22','2023-02-11 13:30:27','2023-02-13 05:29:22'),('f8f737e9-2b32-4906-8ac7-0a2a6ba2f4cf','Modules\\Essentials\\Notifications\\NewLeaveNotification','App\\User',1,'{\"applied_by\":\"46\",\"ref_no\":\"2023\\/0001\"}','2023-05-30 11:42:54','2023-05-25 13:53:30','2023-05-30 11:42:54');
CREATE TABLE `oauth_auth_codes` (
  `id` varchar(100) NOT NULL,
  `user_id` bigint(20) NOT NULL,
  `client_id` int(10) unsigned NOT NULL,
  `scopes` text DEFAULT NULL,
  `revoked` tinyint(1) NOT NULL,
  `expires_at` datetime DEFAULT NULL,
  PRIMARY KEY (`id`)
) ENGINE=InnoDB DEFAULT CHARSET=utf8mb4 COLLATE=utf8mb4_unicode_ci;

CREATE TABLE `oauth_personal_access_clients` (
  `id` int(10) unsigned NOT NULL AUTO_INCREMENT,
  `client_id` int(10) unsigned NOT NULL,
  `created_at` timestamp NULL DEFAULT NULL,
  `updated_at` timestamp NULL DEFAULT NULL,
  PRIMARY KEY (`id`),
  KEY `oauth_personal_access_clients_client_id_index` (`client_id`)
) ENGINE=InnoDB DEFAULT CHARSET=utf8mb4 COLLATE=utf8mb4_unicode_ci;

CREATE TABLE `packages` (
  `id` int(10) unsigned NOT NULL AUTO_INCREMENT,
  `name` varchar(191) NOT NULL,
  `description` text NOT NULL,
  `location_count` int(11) NOT NULL COMMENT 'No. of Business Locations, 0 = infinite option.',
  `user_count` int(11) NOT NULL,
  `product_count` int(11) NOT NULL,
  `bookings` tinyint(1) NOT NULL DEFAULT 0 COMMENT 'Enable/Disable bookings',
  `kitchen` tinyint(1) NOT NULL DEFAULT 0 COMMENT 'Enable/Disable kitchen',
  `order_screen` tinyint(1) NOT NULL DEFAULT 0 COMMENT 'Enable/Disable order_screen',
  `tables` tinyint(1) NOT NULL DEFAULT 0 COMMENT 'Enable/Disable tables',
  `invoice_count` int(11) NOT NULL,
  `interval` enum('days','months','years') NOT NULL,
  `interval_count` int(11) NOT NULL,
  `trial_days` int(11) NOT NULL,
  `price` decimal(22,4) NOT NULL,
  `custom_permissions` longtext NOT NULL,
  `created_by` int(11) NOT NULL,
  `sort_order` int(11) NOT NULL DEFAULT 0,
  `is_active` tinyint(1) NOT NULL,
  `is_private` tinyint(1) NOT NULL DEFAULT 0,
  `is_one_time` tinyint(1) NOT NULL DEFAULT 0,
  `enable_custom_link` tinyint(1) NOT NULL DEFAULT 0,
  `custom_link` varchar(191) DEFAULT NULL,
  `custom_link_text` varchar(191) DEFAULT NULL,
  `deleted_at` timestamp NULL DEFAULT NULL,
  `created_at` timestamp NULL DEFAULT NULL,
  `updated_at` timestamp NULL DEFAULT NULL,
  PRIMARY KEY (`id`)
) ENGINE=InnoDB DEFAULT CHARSET=utf8mb4 COLLATE=utf8mb4_unicode_ci;

CREATE TABLE `permissions` (
  `id` int(10) unsigned NOT NULL AUTO_INCREMENT,
  `name` varchar(191) NOT NULL,
  `guard_name` varchar(191) NOT NULL,
  `created_at` timestamp NULL DEFAULT NULL,
  `updated_at` timestamp NULL DEFAULT NULL,
  PRIMARY KEY (`id`)
) ENGINE=InnoDB AUTO_INCREMENT=162 DEFAULT CHARSET=utf8mb4 COLLATE=utf8mb4_unicode_ci;

INSERT INTO `permissions` VALUES (1,'profit_loss_report.view','web','2023-02-08 23:15:23',NULL),(2,'direct_sell.access','web','2023-02-08 23:15:23',NULL),(3,'product.opening_stock','web','2023-02-08 23:15:25','2023-02-08 23:15:25'),(4,'crud_all_bookings','web','2023-02-08 23:15:25','2023-02-08 23:15:25'),(5,'crud_own_bookings','web','2023-02-08 23:15:25','2023-02-08 23:15:25'),(6,'access_default_selling_price','web','2023-02-08 23:15:26','2023-02-08 23:15:26'),(7,'purchase.payments','web','2023-02-08 23:15:26','2023-02-08 23:15:26'),(8,'sell.payments','web','2023-02-08 23:15:26','2023-02-08 23:15:26'),(9,'edit_product_price_from_sale_screen','web','2023-02-08 23:15:26','2023-02-08 23:15:26'),(10,'edit_product_discount_from_sale_screen','web','2023-02-08 23:15:26','2023-02-08 23:15:26'),(11,'roles.view','web','2023-02-08 23:15:26','2023-02-08 23:15:26'),(12,'roles.create','web','2023-02-08 23:15:26','2023-02-08 23:15:26'),(13,'roles.update','web','2023-02-08 23:15:26','2023-02-08 23:15:26'),(14,'roles.delete','web','2023-02-08 23:15:26','2023-02-08 23:15:26'),(15,'account.access','web','2023-02-08 23:15:27','2023-02-08 23:15:27'),(16,'discount.access','web','2023-02-08 23:15:27','2023-02-08 23:15:27'),(17,'view_purchase_price','web','2023-02-08 23:15:27','2023-02-08 23:15:27'),(18,'view_own_sell_only','web','2023-02-08 23:15:27','2023-02-08 23:15:27'),(19,'edit_product_discount_from_pos_screen','web','2023-02-08 23:15:28','2023-02-08 23:15:28'),(20,'edit_product_price_from_pos_screen','web','2023-02-08 23:15:28','2023-02-08 23:15:28'),(21,'access_shipping','web','2023-02-08 23:15:28','2023-02-08 23:15:28'),(22,'purchase.update_status','web','2023-02-08 23:15:28','2023-02-08 23:15:28'),(23,'list_drafts','web','2023-02-08 23:15:28','2023-02-08 23:15:28'),(24,'list_quotations','web','2023-02-08 23:15:28','2023-02-08 23:15:28'),(25,'view_cash_register','web','2023-02-08 23:15:29','2023-02-08 23:15:29'),(26,'close_cash_register','web','2023-02-08 23:15:29','2023-02-08 23:15:29'),(27,'print_invoice','web','2023-02-08 23:15:30','2023-02-08 23:15:30'),(28,'user.view','web','2023-02-08 23:15:31',NULL),(29,'user.create','web','2023-02-08 23:15:31',NULL),(30,'user.update','web','2023-02-08 23:15:31',NULL),(31,'user.delete','web','2023-02-08 23:15:31',NULL),(32,'supplier.view','web','2023-02-08 23:15:31',NULL),(33,'supplier.create','web','2023-02-08 23:15:31',NULL),(34,'supplier.update','web','2023-02-08 23:15:31',NULL),(35,'supplier.delete','web','2023-02-08 23:15:31',NULL),(36,'customer.view','web','2023-02-08 23:15:31',NULL),(37,'customer.create','web','2023-02-08 23:15:31',NULL),(38,'customer.update','web','2023-02-08 23:15:31',NULL),(39,'customer.delete','web','2023-02-08 23:15:31',NULL),(40,'product.view','web','2023-02-08 23:15:31',NULL),(41,'product.create','web','2023-02-08 23:15:31',NULL),(42,'product.update','web','2023-02-08 23:15:31',NULL),(43,'product.delete','web','2023-02-08 23:15:31',NULL),(44,'purchase.view','web','2023-02-08 23:15:31',NULL),(45,'purchase.create','web','2023-02-08 23:15:31',NULL),(46,'purchase.update','web','2023-02-08 23:15:31',NULL),(47,'purchase.delete','web','2023-02-08 23:15:31',NULL),(48,'sell.view','web','2023-02-08 23:15:31',NULL),(49,'sell.create','web','2023-02-08 23:15:31',NULL),(50,'sell.update','web','2023-02-08 23:15:31',NULL),(51,'sell.delete','web','2023-02-08 23:15:31',NULL),(52,'purchase_n_sell_report.view','web','2023-02-08 23:15:31',NULL),(53,'contacts_report.view','web','2023-02-08 23:15:31',NULL),(54,'stock_report.view','web','2023-02-08 23:15:31',NULL),(55,'tax_report.view','web','2023-02-08 23:15:31',NULL),(56,'trending_product_report.view','web','2023-02-08 23:15:31',NULL),(57,'register_report.view','web','2023-02-08 23:15:31',NULL),(58,'sales_representative.view','web','2023-02-08 23:15:31',NULL),(59,'expense_report.view','web','2023-02-08 23:15:31',NULL),(60,'business_settings.access','web','2023-02-08 23:15:31',NULL),(61,'barcode_settings.access','web','2023-02-08 23:15:31',NULL),(62,'invoice_settings.access','web','2023-02-08 23:15:31',NULL),(63,'brand.view','web','2023-02-08 23:15:31',NULL),(64,'brand.create','web','2023-02-08 23:15:31',NULL),(65,'brand.update','web','2023-02-08 23:15:31',NULL),(66,'brand.delete','web','2023-02-08 23:15:31',NULL),(67,'tax_rate.view','web','2023-02-08 23:15:31',NULL),(68,'tax_rate.create','web','2023-02-08 23:15:31',NULL),(69,'tax_rate.update','web','2023-02-08 23:15:31',NULL),(70,'tax_rate.delete','web','2023-02-08 23:15:31',NULL),(71,'unit.view','web','2023-02-08 23:15:31',NULL),(72,'unit.create','web','2023-02-08 23:15:31',NULL),(73,'unit.update','web','2023-02-08 23:15:31',NULL),(74,'unit.delete','web','2023-02-08 23:15:31',NULL),(75,'category.view','web','2023-02-08 23:15:31',NULL),(76,'category.create','web','2023-02-08 23:15:31',NULL),(77,'category.update','web','2023-02-08 23:15:31',NULL),(78,'category.delete','web','2023-02-08 23:15:31',NULL),(79,'expense.access','web','2023-02-08 23:15:31',NULL),(80,'access_all_locations','web','2023-02-08 23:15:31',NULL),(81,'dashboard.data','web','2023-02-08 23:15:31',NULL),(82,'location.1','web','2023-02-08 23:18:42','2023-02-08 23:18:42'),(83,'view_export_buttons','web','2023-02-08 19:21:10','2023-02-08 19:21:10'),(84,'edit_purchase_payment','web','2023-02-08 19:21:10','2023-02-08 19:21:10'),(85,'view_paid_sells_only','web','2023-02-08 19:21:10','2023-02-08 19:21:10'),(86,'view_due_sells_only','web','2023-02-08 19:21:10','2023-02-08 19:21:10'),(87,'view_partial_sells_only','web','2023-02-08 19:21:10','2023-02-08 19:21:10'),(88,'view_overdue_sells_only','web','2023-02-08 19:21:10','2023-02-08 19:21:10'),(89,'direct_sell.update','web','2023-02-08 19:21:10','2023-02-08 19:21:10'),(90,'view_commission_agent_sell','web','2023-02-08 19:21:10','2023-02-08 19:21:10'),(91,'edit_sell_payment','web','2023-02-08 19:21:10','2023-02-08 19:21:10'),(92,'access_sell_return','web','2023-02-08 19:21:10','2023-02-08 19:21:10'),(93,'access_own_sell_return','web','2023-02-08 19:21:10','2023-02-08 19:21:10'),(94,'edit_invoice_number','web','2023-02-08 19:21:10','2023-02-08 19:21:10'),(95,'draft.update','web','2023-02-08 19:21:10','2023-02-08 19:21:10'),(96,'quotation.update','web','2023-02-08 19:21:10','2023-02-08 19:21:10'),(97,'access_pending_shipments_only','web','2023-02-08 19:21:10','2023-02-08 19:21:10'),(98,'access_commission_agent_shipping','web','2023-02-08 19:21:10','2023-02-08 19:21:10'),(99,'expense.add','web','2023-02-08 19:21:10','2023-02-08 19:21:10'),(100,'expense.edit','web','2023-02-08 19:21:10','2023-02-08 19:21:10'),(101,'customer_irrespective_of_sell','web','2023-02-08 19:21:10','2023-02-08 19:21:10'),(102,'view_own_purchase','web','2023-02-08 19:21:10','2023-02-08 19:21:10'),(103,'draft.view_own','web','2023-02-08 19:21:10','2023-02-08 19:21:10'),(104,'quotation.view_own','web','2023-02-08 19:21:10','2023-02-08 19:21:10'),(105,'access_own_shipping','web','2023-02-08 19:21:10','2023-02-08 19:21:10'),(106,'view_own_expense','web','2023-02-08 19:21:10','2023-02-08 19:21:10'),(107,'essentials.create_message','web','2023-02-10 14:46:40','2023-02-10 14:46:40'),(108,'essentials.view_message','web','2023-02-10 14:46:40','2023-02-10 14:46:40'),(109,'essentials.approve_leave','web','2023-02-10 14:46:40','2023-02-10 14:46:40'),(110,'essentials.assign_todos','web','2023-02-10 14:46:40','2023-02-10 14:46:40'),(111,'essentials.add_allowance_and_deduction','web','2023-02-10 14:46:40','2023-02-10 14:46:40'),(112,'essentials.view_own_attendance','web','2023-02-10 15:35:56','2023-02-10 15:35:56'),(113,'access_types_of_service','web','2023-02-10 16:35:59','2023-02-10 16:35:59'),(114,'woocommerce.syc_categories','web','2023-02-10 17:19:46','2023-02-10 17:19:46'),(115,'woocommerce.sync_products','web','2023-02-10 17:19:46','2023-02-10 17:19:46'),(116,'woocommerce.sync_orders','web','2023-02-10 17:19:46','2023-02-10 17:19:46'),(117,'woocommerce.map_tax_rates','web','2023-02-10 17:19:46','2023-02-10 17:19:46'),(118,'woocommerce.access_woocommerce_api_settings','web','2023-02-10 17:19:46','2023-02-10 17:19:46'),(119,'location.2','web','2023-02-11 00:26:16','2023-02-11 00:26:16'),(120,'location.3','web','2023-02-11 00:27:50','2023-02-11 00:27:50'),(121,'delete_sell_payment','web','2023-02-19 19:09:41','2023-02-19 19:09:41'),(122,'draft.delete','web','2023-02-19 19:09:41','2023-02-19 19:09:41'),(123,'supplier.view_own','web','2023-02-19 19:09:41','2023-02-19 19:09:41'),(124,'direct_sell.view','web','2023-02-19 19:14:29','2023-02-19 19:14:29'),(125,'delete_purchase_payment','web','2023-02-20 13:52:09','2023-02-20 13:52:09'),(126,'purchase_order.create','web','2023-02-20 13:52:09','2023-02-20 13:52:09'),(127,'purchase_order.update','web','2023-02-20 13:52:09','2023-02-20 13:52:09'),(128,'purchase_order.delete','web','2023-02-20 13:52:09','2023-02-20 13:52:09'),(129,'direct_sell.delete','web','2023-02-20 13:52:09','2023-02-20 13:52:09'),(130,'quotation.delete','web','2023-02-20 13:52:09','2023-02-20 13:52:09'),(131,'view_product_stock_value','web','2023-02-20 13:52:09','2023-02-20 13:52:09'),(132,'expense.delete','web','2023-02-20 13:52:09','2023-02-20 13:52:09'),(133,'edit_account_transaction','web','2023-02-20 13:52:09','2023-02-20 13:52:09'),(134,'essentials.crud_leave_type','web','2023-02-20 13:52:09','2023-02-20 13:52:09'),(135,'essentials.allow_users_for_attendance_from_web','web','2023-02-20 13:52:09','2023-02-20 13:52:09'),(136,'essentials.allow_users_for_attendance_from_api','web','2023-02-20 13:52:09','2023-02-20 13:52:09'),(137,'essentials.view_allowance_and_deduction','web','2023-02-20 13:52:09','2023-02-20 13:52:09'),(138,'essentials.crud_department','web','2023-02-20 13:52:09','2023-02-20 13:52:09'),(139,'essentials.crud_designation','web','2023-02-20 13:52:09','2023-02-20 13:52:09'),(140,'essentials.view_all_payroll','web','2023-02-20 13:52:09','2023-02-20 13:52:09'),(141,'essentials.create_payroll','web','2023-02-20 13:52:09','2023-02-20 13:52:09'),(142,'essentials.update_payroll','web','2023-02-20 13:52:09','2023-02-20 13:52:09'),(143,'essentials.delete_payroll','web','2023-02-20 13:52:09','2023-02-20 13:52:09'),(144,'essentials.access_sales_target','web','2023-02-20 13:52:09','2023-02-20 13:52:09'),(145,'purchase_order.view_all','web','2023-02-20 13:52:09','2023-02-20 13:52:09'),(146,'draft.view_all','web','2023-02-20 13:52:09','2023-02-20 13:52:09'),(147,'quotation.view_all','web','2023-02-20 13:52:09','2023-02-20 13:52:09'),(148,'all_expense.access','web','2023-02-20 13:52:09','2023-02-20 13:52:09'),(149,'essentials.crud_all_leave','web','2023-02-20 13:52:10','2023-02-20 13:52:10'),(150,'essentials.crud_all_attendance','web','2023-02-20 13:52:10','2023-02-20 13:52:10'),(151,'access_printers','web','2023-02-20 20:48:43','2023-02-20 20:48:43'),(152,'customer.view_own','web','2023-02-20 20:48:43','2023-02-20 20:48:43'),(153,'purchase_order.view_own','web','2023-02-20 20:48:43','2023-02-20 20:48:43'),(154,'customer_with_no_sell_one_month','web','2023-02-20 21:48:32','2023-02-20 21:48:32'),(155,'location.4','web','2023-03-22 23:48:37','2023-03-22 23:48:37'),(156,'location.5','web','2023-03-23 13:01:14','2023-03-23 13:01:14'),(157,'location.6','web','2023-03-23 13:02:20','2023-03-23 13:02:20'),(158,'location.7','web','2023-03-23 13:03:34','2023-03-23 13:03:34'),(159,'location.8','web','2023-03-24 18:18:55','2023-03-24 18:18:55'),(160,'location.9','web','2023-03-25 19:41:39','2023-03-25 19:41:39'),(161,'essentials.crud_own_leave','web','2023-04-01 14:48:56','2023-04-01 14:48:56');
CREATE TABLE `printers` (
  `id` int(10) unsigned NOT NULL AUTO_INCREMENT,
  `business_id` int(10) unsigned NOT NULL,
  `name` varchar(191) NOT NULL,
  `connection_type` enum('network','windows','linux') NOT NULL,
  `capability_profile` enum('default','simple','SP2000','TEP-200M','P822D') NOT NULL DEFAULT 'default',
  `char_per_line` varchar(191) DEFAULT NULL,
  `ip_address` varchar(191) DEFAULT NULL,
  `port` varchar(191) DEFAULT NULL,
  `path` varchar(191) DEFAULT NULL,
  `created_by` int(10) unsigned NOT NULL,
  `created_at` timestamp NULL DEFAULT NULL,
  `updated_at` timestamp NULL DEFAULT NULL,
  PRIMARY KEY (`id`),
  KEY `printers_business_id_foreign` (`business_id`)
) ENGINE=InnoDB DEFAULT CHARSET=utf8mb4 COLLATE=utf8mb4_unicode_ci;

CREATE TABLE `product_locations` (
  `product_id` int(11) NOT NULL,
  `location_id` int(11) NOT NULL,
  KEY `product_locations_product_id_index` (`product_id`),
  KEY `product_locations_location_id_index` (`location_id`)
) ENGINE=InnoDB DEFAULT CHARSET=utf8mb4 COLLATE=utf8mb4_unicode_ci;

INSERT INTO `product_locations` VALUES (1,1),(2,1),(3,1),(4,1),(5,1),(6,1),(7,1),(8,1),(10,1),(11,1),(12,1),(13,1),(14,1),(15,1),(16,1),(17,1),(18,1),(19,1),(20,1),(21,1),(22,1),(23,1),(24,1),(25,1),(26,1),(27,1),(28,1),(29,1),(30,1),(31,1),(32,1),(33,1),(34,1),(35,1),(36,1),(37,1),(38,1),(39,1),(40,1),(41,1),(42,1),(43,1),(44,1),(47,1),(49,1),(50,1),(51,1),(52,1),(53,1),(54,1),(48,1),(55,1),(56,1),(57,1),(58,1),(59,1),(60,1),(61,1),(62,1),(63,1),(64,1),(65,1),(66,1),(67,1),(68,1),(69,1),(70,1),(71,1),(72,1),(73,1),(74,1),(75,1),(76,1),(77,1),(78,1),(79,1),(80,1),(81,1),(82,1),(83,1),(84,1),(85,1),(86,1),(87,1),(88,1),(89,1),(90,1),(91,1),(92,1),(93,1),(94,1),(95,1),(96,1),(97,1),(98,1),(99,1),(100,1),(101,1),(102,1),(103,1),(104,1),(105,1),(106,1),(107,1),(108,1),(109,1),(110,1),(111,1),(112,1),(113,1),(114,1),(115,1),(116,1),(117,1),(118,1),(119,1),(120,1),(121,1),(122,1),(123,1),(124,1),(125,1),(126,1),(127,1),(128,1),(129,1),(130,1),(131,1),(132,1),(133,1),(134,1),(135,1),(136,1),(137,1),(138,1),(139,1),(140,1),(141,1),(142,1),(143,1),(144,1),(145,1),(146,1),(147,1),(148,1),(149,1),(150,1),(151,1),(152,1),(153,1),(154,1),(155,1),(156,1),(157,1),(158,1),(159,1),(160,1),(161,1),(162,1),(163,1),(164,1),(165,1),(166,1),(167,1),(168,1),(169,1),(170,1),(171,1),(172,1),(173,1),(174,1),(175,1),(176,1),(177,1),(178,1),(179,1),(180,1),(181,1),(182,1),(183,1),(184,1),(185,1),(186,1),(187,1),(188,1),(189,1),(190,1),(191,1),(192,1),(193,1),(194,1),(195,1),(196,1),(197,1),(198,1),(199,1),(200,1),(201,1),(202,1),(203,1),(204,1),(205,1),(206,1),(207,1),(208,1),(209,1),(210,1),(211,1),(212,1),(213,1),(214,1),(215,1),(216,1),(217,1),(218,1),(219,1),(220,1),(221,1),(222,1),(223,1),(224,1),(225,1),(226,1),(227,1),(228,1),(229,1),(230,1),(231,1),(232,1),(233,1),(234,1),(235,1),(236,1),(237,1),(238,1),(239,1),(240,1),(241,1),(242,1),(243,1),(244,1),(245,1),(246,1),(247,1),(248,1),(249,1),(250,1),(251,1),(252,1),(253,1),(254,1),(255,1),(256,1),(257,1),(258,1),(259,1),(260,1),(261,1),(262,1),(263,1),(264,1),(265,1),(266,1),(267,1),(268,1),(269,1),(270,1),(271,1),(272,1),(273,1),(274,1),(275,1),(276,1),(277,1),(278,1),(279,1),(280,1),(281,1),(282,1),(283,1),(284,1),(285,1),(286,1),(287,1),(288,1),(289,1),(290,1),(291,1),(292,1),(293,1),(294,1),(295,1),(296,1),(297,1),(298,1),(299,1),(300,1),(301,1),(302,1),(303,1),(304,1),(305,1),(306,1),(307,1),(308,1),(309,1),(310,1),(311,1),(312,1),(313,1),(314,1),(315,1),(316,1),(317,1),(318,1),(319,1),(320,1),(321,1),(322,1),(323,1),(324,1),(325,1),(326,1),(327,1),(328,1),(329,1),(330,1),(331,1),(332,1),(333,1),(334,1),(335,1),(336,1),(337,1),(338,1),(339,1),(340,1),(341,1),(342,1),(343,1),(344,1),(345,1),(346,1),(347,1),(348,1),(349,1),(350,1),(351,1),(352,1),(353,1),(354,1),(355,1),(356,1),(357,1),(358,1),(359,1),(360,1),(361,1),(362,1),(363,1),(364,1),(365,1),(366,1),(367,1),(368,1),(369,1),(370,1),(371,1),(372,1),(373,1),(374,1),(375,1),(376,1),(377,1),(378,1),(379,1),(380,1),(381,1),(382,1),(383,1),(384,1),(385,1),(386,1),(45,1),(387,1),(388,1),(46,1),(389,1),(390,1),(391,1),(392,1),(393,1),(394,1),(395,1),(396,1),(397,1),(398,1),(399,1),(400,1),(401,1),(402,1),(403,1),(404,1),(405,1),(406,1),(407,1),(408,1),(409,1),(410,1),(411,1),(412,1),(413,1),(414,1),(415,1),(416,1),(417,1),(418,1),(419,1),(420,1),(421,1),(422,1),(423,1),(424,1),(425,1),(426,1),(427,1),(428,1),(429,1),(430,1),(431,1),(432,1),(433,1),(434,1),(435,1),(436,1),(437,1),(438,1),(439,1),(440,1),(441,1),(442,1),(443,1),(444,1),(445,1),(446,1),(447,1),(448,1),(449,1),(450,1),(451,1),(452,1),(453,1),(454,1),(455,1),(456,1),(457,1),(458,1),(459,1),(460,1),(461,1),(462,1),(463,1),(464,1),(465,1),(466,1),(467,1),(468,1),(469,1),(470,1),(471,1),(472,1),(473,1),(474,1),(475,1),(476,1),(477,1),(478,1),(479,1),(480,1),(481,1),(482,1),(483,1),(484,1),(485,1),(486,1),(487,1),(488,1),(489,1),(490,1),(491,1),(492,1),(493,1),(494,1),(495,1),(496,1),(497,1),(498,1),(499,1),(500,1),(501,1),(502,1),(503,1),(504,1),(505,1),(506,1),(507,1),(508,1),(509,1),(510,1),(511,1),(512,1),(513,1),(514,1),(515,1),(516,1),(517,1),(518,1),(520,1),(521,1),(522,1),(523,1),(524,1),(525,1),(526,1),(527,1),(528,1),(529,1),(530,1),(531,1),(532,1),(533,1),(534,1),(535,1),(536,1),(537,1),(538,1),(539,1),(540,1),(541,1),(542,1),(543,1),(544,1),(545,1),(546,1),(547,1),(548,1),(549,1),(550,1),(551,1),(552,1),(553,1),(554,1),(555,1),(556,1),(557,1),(558,1),(559,1),(560,1),(561,1),(562,1),(563,1),(564,1),(565,1),(566,1),(567,1),(568,1),(569,1),(570,1),(571,1),(572,1),(573,1),(574,1),(575,1),(576,1),(577,1),(578,1),(579,1),(580,1),(581,1),(582,1),(583,1),(584,1),(585,1),(586,1),(587,1),(588,1),(589,1),(590,1),(591,1),(592,1),(593,1),(594,1),(595,1),(596,1),(597,1),(598,1),(599,1),(600,1),(601,1),(602,1),(603,1),(604,1),(605,1),(606,1),(607,1),(608,1),(609,1),(610,1),(611,1),(612,1),(613,1),(614,1),(615,1),(616,1),(617,1),(618,1),(619,1),(620,1),(621,1),(622,1),(623,1),(624,1),(625,1),(626,1),(627,1),(628,1),(629,1),(630,1),(631,1),(632,1),(633,1),(634,1),(635,1),(636,1),(637,1),(638,1),(639,1),(640,1),(641,1),(642,1),(643,1),(644,1),(645,1),(646,1),(647,1),(648,1),(649,1),(650,1),(651,1),(652,1),(653,1),(654,1),(655,1),(656,1),(657,1),(658,1),(659,1),(660,1),(661,1),(662,1),(663,1),(664,1),(665,1),(666,1),(667,1),(519,1),(668,1),(669,1),(670,1),(671,1),(672,1),(673,1),(674,1),(675,1),(676,1),(677,1),(678,1),(679,1),(680,1),(681,1),(682,1),(683,1),(684,1),(685,1),(686,1),(687,1),(688,1),(689,1),(690,1),(691,1),(692,1),(693,1),(694,1),(695,1),(696,1),(697,1),(698,1),(699,1),(700,1),(701,1),(702,1),(703,1),(704,1),(705,1),(706,1),(707,1),(708,1),(709,1),(710,1),(711,1),(712,1),(713,1),(714,1),(715,1),(716,1),(717,1),(718,1),(719,1),(720,1),(721,1),(722,1),(723,1),(724,1),(725,1),(726,1),(727,1),(728,1),(729,1),(730,1),(731,1),(732,1),(733,1),(734,1),(735,1),(736,1),(737,1),(738,1),(739,1),(740,1),(741,1),(742,1),(743,1),(744,1),(745,1),(746,1),(747,1),(748,1),(749,1),(750,1),(751,1),(752,1),(753,1),(754,1),(755,1),(756,1),(757,1),(758,1),(759,1),(760,1),(761,1),(762,1),(763,1),(764,1),(765,1),(766,1),(767,1),(768,1),(769,1),(770,1),(771,1),(772,1),(773,1),(774,1),(775,1),(776,1),(777,1),(778,1),(779,1),(780,1),(781,1),(782,1),(783,1),(784,1),(785,1),(786,1),(787,1),(788,1),(789,1),(790,1),(791,1),(792,1),(793,1),(794,1),(795,1),(796,1),(797,1),(798,1),(799,1),(800,1),(801,1),(802,1),(803,1),(804,1),(805,1),(806,1),(807,1),(808,1),(809,1),(810,1),(811,1),(812,1),(813,1),(814,1),(815,1),(816,1),(817,1),(818,1),(819,1),(820,1),(821,1),(822,1),(823,1),(824,1),(825,1),(826,1),(827,1),(828,1),(829,1),(830,1),(831,1),(832,1),(833,1),(834,1),(835,1),(836,1),(837,1),(838,1),(839,1),(840,1),(841,1),(842,1),(843,1),(844,1),(845,1),(846,1),(847,1),(848,1),(849,1),(850,1),(851,1),(852,1),(853,1),(854,1),(855,1),(856,1),(857,1),(858,1),(859,1),(861,1),(862,1),(863,1),(880,1),(889,1),(900,1),(901,1),(944,1),(985,1),(986,1),(987,1),(988,1),(989,1),(990,1),(991,1),(992,1),(994,1),(995,1),(996,1),(997,1),(998,1),(999,1),(1002,1),(1003,1),(1004,1),(1005,1),(1006,1),(1007,1),(1008,1),(1009,1),(1010,1),(1011,1),(1012,1),(1013,1),(1014,1),(1015,1),(1016,1),(1019,1),(1021,1),(1022,1),(1062,1),(1065,1),(1113,1),(1114,1),(1116,1),(1104,1),(957,1),(881,1),(886,1),(971,1),(1051,1),(907,1),(896,1),(1120,1),(1025,1),(1147,1),(1168,1),(1169,1),(1192,1),(1194,1),(1195,1),(1197,1),(1198,1),(1199,1),(1200,1),(1061,1),(921,1),(910,1),(1243,1),(1123,1),(1149,1),(940,1),(925,1),(1257,1),(949,1),(1258,1),(1220,1),(1259,1),(1250,1),(993,1),(1299,1),(1300,1),(1481,1),(1482,1),(1484,1),(1538,1),(1551,4),(1552,4),(1553,4),(1555,4),(1556,4),(1557,4),(1559,4),(1560,4),(1569,6),(1578,4),(1580,1),(1587,4),(1588,4),(1589,1),(1590,8),(1591,8),(1594,8),(1595,4),(1612,4),(1613,4),(1615,4),(1618,4),(1619,4),(1635,1),(1636,1),(1637,1),(1638,1),(1639,1),(1640,1),(1641,1),(1642,1),(1643,1),(1644,1),(1671,4),(1679,4),(1690,1),(1691,1),(1692,1),(1695,6),(1697,5),(1698,5),(1701,1),(1704,4),(1715,1),(1716,1),(1717,1),(1718,1),(1720,4),(1721,1),(1723,1),(1732,1),(1730,1),(1733,1),(1734,1),(1746,1),(1747,1),(1748,1),(1749,1),(1752,1),(1758,6),(1759,6),(1760,4),(1761,1),(1762,1),(1763,1),(1765,1),(1769,1),(1774,1),(1775,1),(1829,1),(1830,1),(1831,1),(1832,1),(1833,1),(1834,1),(1835,1),(1837,1),(1838,1),(1839,1),(1840,1),(1841,1),(1842,1),(1843,1),(1844,4),(1858,1),(1859,4),(1865,1),(1866,1),(1867,1),(1868,1),(1869,1),(1874,1),(1871,1),(1873,1),(1875,1),(1877,1),(1882,1),(1884,4),(1885,1),(1911,1),(1912,7),(1913,1),(1914,1),(1915,1),(1916,1),(1917,1),(1918,1),(1919,1),(1920,7),(1921,1),(1922,1),(1928,1),(864,1),(1069,1),(1499,1),(1339,1),(1805,1),(1489,1),(1592,1),(1358,1),(1024,1),(1378,1),(1929,1),(1930,1),(1931,1),(1418,1),(1932,1),(1474,1),(1933,1),(1934,1),(1935,1),(1936,1),(1937,1),(1938,1),(1939,1),(1940,1),(1941,1),(1942,1),(1943,1),(1944,1),(1945,1),(1946,1),(1947,1),(1948,1),(1949,1),(1950,1),(1951,1),(1952,1),(1953,1),(1954,1),(1955,1),(1956,1),(1957,1),(1958,1),(1959,1),(1960,1),(1961,1),(1962,1),(1963,1),(1964,1),(1965,1),(1966,1),(1967,1),(1968,1),(1969,1),(1970,1),(1971,1),(1972,1),(1973,1),(1974,1),(1975,1),(1976,1),(1977,1),(1978,1),(1979,1),(1980,1),(1981,1),(1982,1),(1983,1),(1984,1),(1985,1),(1986,1),(1987,1),(1988,1),(1989,1),(1990,1),(1991,1),(1992,1),(1993,1),(1994,1),(1995,1),(1996,1),(1997,1),(1998,1),(1999,1),(2000,1),(2001,1),(2002,1),(2003,1),(2004,1),(2005,1),(2006,1),(2007,1),(2008,1),(2009,1),(2010,1),(2011,1),(2012,1),(2013,1),(2014,1),(2015,1),(2016,1),(2017,1),(2018,1),(2019,1),(2020,1),(2021,1),(2022,1),(2023,1),(2024,1),(2025,1),(2026,1),(2027,1),(2028,1),(2029,1),(2030,1),(2031,1),(2032,1),(2033,1),(2034,1),(2035,1),(2036,1),(2037,1),(2038,1),(2039,1),(2040,1),(2041,1),(2042,1),(2043,1),(2044,1),(2045,1),(2046,1),(2047,1),(2048,1),(2049,1),(2050,1),(2051,1),(2052,1),(2053,1),(2054,1),(2055,1),(2056,1),(2057,1),(2058,1),(2059,1),(2060,1),(2061,1),(2062,1),(2063,1),(2064,1),(2065,1),(2066,1),(2067,1),(2068,1),(2069,1),(2070,1),(2071,1),(2072,1),(2073,1),(2074,1),(2075,1),(2076,1),(2077,1),(2078,1),(2079,1),(2080,1),(2081,1),(2082,1),(2083,1),(2084,1),(2085,1),(2086,1),(2087,1),(2088,1),(2089,1),(2090,1),(2091,1),(2092,1),(2093,1),(2094,1),(2095,1),(2096,1),(2097,1),(2098,1),(2099,1),(2100,1),(2101,1),(2102,1),(2103,1),(2104,1),(2105,1),(2106,1),(2107,1),(2108,1),(2109,1),(2110,1),(2111,1),(2112,1),(2113,1),(2114,1),(2115,1),(2116,1),(2117,1),(2118,1),(2119,1),(2120,1),(2121,1),(2122,1),(2123,1),(2124,1),(2125,1),(2126,1),(2127,1),(2128,1),(2129,1),(2130,1),(2131,1),(2132,1),(2133,1),(2134,1),(2135,1),(2136,1),(2137,1),(2138,1),(2139,1),(2140,1),(2141,1),(2142,1),(2143,1),(2144,1),(2145,1),(2146,1),(2147,1),(2148,1),(2149,1),(2150,1),(2151,1),(2152,1),(2153,1),(2154,1),(2156,1),(2157,1),(2158,1),(2159,1),(2160,1),(2161,1),(2162,1),(2163,1),(2164,1),(2165,1),(2166,1),(2167,1),(2168,1),(2169,1),(2170,1),(2171,1),(2172,1),(2173,1),(2174,1),(2175,1),(2176,1),(2177,1),(2178,1),(2179,1),(2180,1),(2181,1),(2182,1),(2183,1),(2184,1),(2185,1),(2186,1),(2187,1),(2188,1),(2189,1),(2190,1),(2191,1),(2192,1),(2193,1),(2194,1),(2195,1),(2196,1),(2197,1),(2198,1),(2199,1),(2200,1),(2201,1),(2202,1),(2203,1),(2204,1),(2205,1),(2206,1),(2207,1),(2208,1),(2209,1),(2210,1),(2211,1),(2212,1),(2213,1),(2214,1),(2215,1),(2216,1),(2217,1),(2218,1),(2219,1),(2220,1),(2221,1),(2222,1),(2223,1),(2224,1),(2225,1),(2226,1),(2227,1),(2228,1),(2229,1),(2230,1),(2231,1),(2232,1),(2233,1),(2234,1),(2235,1),(2236,1),(2237,1),(2238,1),(2239,1),(2240,1),(2241,1),(2242,1),(2243,1),(2244,1),(2245,1),(2246,1),(2247,1),(2248,1),(2249,1),(2250,1),(2251,1),(2252,1),(2253,1),(2254,1),(2255,1),(2256,1),(2257,1),(2258,1),(2259,1),(2260,1),(2261,1),(2262,1),(2263,1),(2264,1),(2265,1),(2266,1),(2267,1),(2268,1),(2269,1),(2270,1),(2271,1),(2272,1),(2273,1),(2274,1),(2275,1),(2276,1),(2277,1),(2278,1),(2279,1),(2280,1),(2281,1),(2282,1),(2283,1),(2284,1),(2285,1),(2286,1),(2287,1),(2288,1),(2289,1),(2290,1),(2291,1),(2292,1),(2293,1),(1584,1),(2294,1),(2295,1),(2296,1),(2297,1),(2298,1),(2299,1),(2300,1),(1776,1),(2301,1),(2302,1),(2303,1),(2304,1),(2305,1),(2306,1),(2307,1),(2308,1),(2309,1),(2310,1),(884,1),(2311,1),(2312,1),(2313,1),(2314,1),(2315,1),(2316,1),(2317,1),(2318,1),(2319,1),(2320,1),(2321,1),(2322,1),(2323,1),(2324,1),(2325,1),(2326,1),(2327,1),(2328,1),(2329,1),(2330,1),(2331,1),(2332,1),(2333,1),(2334,1),(2335,1),(2336,1),(2337,1),(2338,1),(2339,1),(2340,1),(2341,1),(2342,1),(2343,1),(2344,1),(2345,1),(2346,1),(2347,1),(2348,1),(2349,1),(2350,1),(2351,1),(2352,1),(2353,1),(2354,1),(2355,1),(2356,1),(2357,1),(2358,1),(2359,1),(2360,1),(2361,1),(2362,1),(2363,1),(2364,1),(2365,1),(2366,1),(2367,1),(2368,1),(2369,1),(2370,1),(2371,1),(2372,1),(1575,1),(1608,1),(912,1),(2373,1),(2374,1),(2375,1),(2376,1),(2377,1),(2378,1),(2379,1),(2380,1),(2381,1),(2382,1),(2383,1),(2384,1),(2385,1),(2386,1),(2387,1),(2388,1),(2389,1),(2390,1),(2391,1),(2392,1),(887,1),(911,1),(2393,1),(2394,1),(2395,1),(2396,1),(2397,1),(2398,1),(2399,1),(2400,1),(2401,1),(2402,1),(2403,1),(2404,1),(2405,1),(2406,1),(2407,1),(2408,1),(2409,1),(2410,1),(2411,1),(2412,1),(2413,1),(2414,1),(2415,1),(2416,1),(2417,1),(2418,1),(2419,1),(2420,1),(2421,1),(2422,1),(2423,1),(2424,1),(2425,1),(2426,1),(2427,1),(2428,1),(2429,1),(2430,1),(2431,1),(2432,1),(2433,1),(2434,1),(2435,1),(2436,1),(2437,1),(2438,1),(2439,1),(2440,1),(2441,1),(2442,1),(2443,1),(2444,1),(2445,1),(2446,1),(2447,1),(2448,1),(2449,1),(2450,1),(2451,1),(2452,1),(2453,1),(2454,1),(2455,1),(2456,1),(2457,1),(2458,1),(2459,1),(2460,1),(2461,1),(2462,1),(2463,1),(2464,1),(2465,1),(2466,1),(2467,1),(2468,1),(2469,1),(2470,1),(2471,1),(2472,1),(2473,1),(2474,1),(2475,1),(2476,1),(2477,1),(2478,1),(2479,1),(2480,1),(2481,1),(2482,1),(2483,1),(2484,1),(2485,1),(2486,1),(2487,1),(2488,1),(2489,1),(2490,1),(2491,1),(2492,1),(2493,1),(2494,1),(2495,1),(2496,1),(2497,1),(2498,1),(2499,1),(2500,1),(2501,1),(2502,1),(2503,1),(2504,1),(2505,1),(2506,1),(2507,1),(2508,1),(2509,1),(2510,1),(2511,1),(2512,1),(2513,1),(2514,1),(2515,1),(2516,1),(2517,1),(2518,1),(2519,1),(2520,1),(2521,1),(2522,1),(2523,1),(2524,1),(2525,1),(2526,1),(2527,1),(2528,1),(2529,1),(2530,1),(2531,1),(2532,1),(2533,1),(2534,1),(2535,1),(2536,1),(2537,1),(2538,1),(2539,1),(2540,1),(2541,1),(2542,1),(2543,1),(2544,1),(2545,1),(2546,1),(2547,1),(2548,1),(2549,1),(2550,1),(2551,1),(2552,1),(2553,1),(2554,1),(2555,1),(2556,1),(2557,1),(2558,1),(2559,1),(2560,1),(2561,1),(2562,1),(2563,1),(2564,1),(2565,1),(2566,1),(2567,1),(2568,1),(2569,1),(2570,1),(2571,1),(2572,1),(2573,1),(2574,1),(2575,1),(2576,1),(2577,1),(2578,1),(2579,1),(2580,1),(2581,1),(2582,1),(2583,1),(2584,1),(2585,1),(2586,1),(2587,1),(2588,1),(2589,1),(2590,1),(2591,1),(2592,1),(2593,1),(2594,1),(2595,1),(2596,1),(2597,1),(2598,1),(2599,1),(2600,1),(2601,1),(2602,1),(2603,1),(2604,1),(2605,1),(2606,1),(2607,1),(2608,1),(2609,1),(2610,1),(2611,1),(2612,1),(2613,1),(2614,1),(2615,1),(2616,1),(2617,1),(2618,1),(2619,1),(2620,1),(2621,1),(2622,1),(2623,1),(2624,1),(2625,1),(2626,1),(2627,1),(2628,1),(2629,1),(2630,1),(2631,1),(2632,1),(2633,1),(2634,1),(2635,1),(2636,1),(2637,1),(2638,1),(2639,1),(2640,1),(2641,1),(2642,1),(2643,1),(2644,1),(2645,1),(2646,1),(2647,1),(2648,1),(2649,1),(2650,1),(2651,1),(2652,1),(2653,1),(2654,1),(2655,1),(2656,1),(2657,1),(2658,1),(2659,1),(2660,1),(2661,1),(2662,1),(2663,1),(2664,1),(2665,1),(2666,1),(2667,1),(2668,1),(2669,1),(2670,1),(2671,1),(2672,1),(2673,1),(2674,1),(2675,1),(2676,1),(2677,1),(2678,1),(2679,1),(2680,1),(2681,1),(2682,1),(2683,1),(2684,1),(2685,1),(2686,1),(2687,1),(2688,1),(2689,1),(2690,1),(2691,1),(2692,1),(2693,1),(2694,1),(2695,1),(2696,1),(2697,1),(2698,1),(2699,1),(2700,1),(2701,1),(2702,1),(2703,1),(2704,1),(2705,1),(2706,1),(2707,1),(2708,1),(2709,1),(2710,1),(2711,1),(2712,1),(2713,1),(2714,1),(2715,1),(2716,1),(2717,1),(2718,1),(2719,1),(2720,1),(2721,1),(2722,1),(2723,1),(2724,1),(2725,1),(2726,1),(2727,1),(2728,1),(2729,1),(2730,1),(2731,1),(2732,1),(2733,1),(2734,1),(2735,1),(2736,1),(2737,1),(2738,1),(2739,1),(2740,1),(2741,1),(2742,1),(2743,1),(2744,1),(2745,1),(2746,1),(2747,1),(2748,1),(2749,1),(2750,1),(2751,1),(2752,1),(2753,1),(2754,1),(2755,1),(2756,1),(2757,1),(2758,1),(2759,1),(2760,1),(2761,1),(2762,1),(2763,1),(2764,1),(2765,1),(2766,1),(2767,1),(2768,1),(2769,1),(2770,1),(2771,1),(2772,1),(2773,1),(2774,1),(2775,1),(2776,1),(2777,1),(2778,1),(2779,1),(2780,1),(2781,1),(2782,1),(2783,1),(2784,1),(2785,1),(2786,1),(2787,1),(2788,1),(2789,1),(2790,1),(2791,1),(2792,1),(2793,1),(2794,1),(2795,1),(2796,1),(2797,1),(2798,1),(2799,1),(2800,1),(2801,1),(2802,1),(2803,1),(2804,1),(2805,1),(2806,1),(2807,1),(2808,1),(2809,1),(2810,1),(2811,1),(2812,1),(2813,1),(2814,1),(2815,1),(2816,1),(2817,1),(2818,1),(2819,1),(2820,1),(2821,1),(2822,1),(2823,1),(2824,1),(2825,1),(2826,1),(2827,1),(2828,1),(2829,1),(2830,1),(2831,1),(2832,1),(2833,1),(2834,1),(2835,1),(2836,1),(2837,1),(2838,1),(2839,1),(2840,1),(2841,1),(2842,1),(2843,1),(2844,1),(2845,1),(2846,1),(2847,1),(2848,1),(2849,1),(2850,1),(2851,1),(2852,1),(2853,1),(2854,1),(2855,1),(2856,1),(2857,1),(2858,1),(2859,1),(2860,1),(2861,1),(2862,1),(2863,1),(2864,1),(2865,1),(2866,1),(2867,1),(2868,1),(2869,1),(2870,1),(2871,1),(2872,1),(2873,1),(2874,1),(2875,1),(2876,1),(2877,1),(2878,1),(2879,1),(2880,1),(2881,1),(2882,1),(2883,1),(2884,1),(2885,1),(2886,1),(2887,1),(2888,1),(2889,1),(2890,1),(2891,1),(2892,1),(2893,1),(2894,1),(2895,1),(2896,1),(2897,1),(2898,1),(2899,1),(2900,1),(2901,1),(2902,1),(2903,1),(2904,1),(2905,1),(2906,1),(2907,1),(2908,1),(2909,1),(2910,1),(2911,1),(2912,1),(2913,1),(2914,1),(2915,1),(2916,1),(2917,1),(2918,1),(2919,1),(2920,1),(2921,1),(2922,1),(2923,1),(2924,1),(2925,1),(2926,1),(2927,1);
CREATE TABLE `product_racks` (
  `id` int(10) unsigned NOT NULL AUTO_INCREMENT,
  `business_id` int(10) unsigned NOT NULL,
  `location_id` int(10) unsigned NOT NULL,
  `product_id` int(10) unsigned NOT NULL,
  `rack` varchar(191) DEFAULT NULL,
  `row` varchar(191) DEFAULT NULL,
  `position` varchar(191) DEFAULT NULL,
  `created_at` timestamp NULL DEFAULT NULL,
  `updated_at` timestamp NULL DEFAULT NULL,
  PRIMARY KEY (`id`),
  KEY `product_racks_business_id_index` (`business_id`),
  KEY `product_racks_location_id_index` (`location_id`),
  KEY `product_racks_product_id_index` (`product_id`)
) ENGINE=InnoDB AUTO_INCREMENT=3046 DEFAULT CHARSET=utf8mb4 COLLATE=utf8mb4_unicode_ci;

INSERT INTO `product_racks` VALUES (1,1,1,1192,NULL,NULL,NULL,'2023-03-14 17:44:37','2023-03-14 17:44:37'),(2,1,3,1192,NULL,NULL,NULL,'2023-03-14 17:44:37','2023-03-14 17:44:37'),(3,1,1,1194,NULL,NULL,NULL,'2023-03-14 17:47:40','2023-03-30 16:22:27'),(4,1,3,1194,NULL,NULL,NULL,'2023-03-14 17:47:40','2023-03-14 17:47:40'),(5,1,1,699,NULL,NULL,NULL,'2023-03-14 17:50:15','2023-03-30 16:25:03'),(6,1,3,699,NULL,NULL,NULL,'2023-03-14 17:50:15','2023-03-14 17:50:15'),(7,1,1,1195,NULL,NULL,NULL,'2023-03-14 17:51:28','2023-03-30 16:24:22'),(8,1,3,1195,NULL,NULL,NULL,'2023-03-14 17:51:28','2023-03-14 17:51:28'),(9,1,1,700,NULL,NULL,NULL,'2023-03-14 17:53:34','2023-03-30 16:15:10'),(10,1,3,700,NULL,NULL,NULL,'2023-03-14 17:53:34','2023-03-14 17:53:34'),(11,1,1,1197,NULL,NULL,NULL,'2023-03-14 17:54:39','2023-03-30 16:23:57'),(12,1,3,1197,NULL,NULL,NULL,'2023-03-14 17:54:39','2023-03-14 17:55:25'),(13,1,1,1198,NULL,NULL,NULL,'2023-03-14 17:56:55','2023-03-30 16:23:26'),(14,1,3,1198,NULL,NULL,NULL,'2023-03-14 17:56:55','2023-03-14 17:56:55'),(15,1,1,1199,NULL,NULL,NULL,'2023-03-14 17:58:35','2023-03-30 16:09:48'),(16,1,3,1199,NULL,NULL,NULL,'2023-03-14 17:58:35','2023-03-14 17:59:02'),(17,1,1,1200,NULL,NULL,NULL,'2023-03-14 18:00:20','2023-03-30 16:10:16'),(18,1,3,1200,NULL,NULL,NULL,'2023-03-14 18:00:20','2023-03-14 18:00:20'),(19,1,1,1061,NULL,NULL,NULL,'2023-03-15 14:25:28','2023-03-15 14:25:28'),(20,1,3,1061,NULL,NULL,NULL,'2023-03-15 14:25:28','2023-03-15 14:25:28'),(21,1,1,921,NULL,NULL,NULL,'2023-03-15 14:31:06','2023-03-15 14:31:06'),(22,1,3,921,NULL,NULL,NULL,'2023-03-15 14:31:06','2023-03-15 14:31:06'),(23,1,1,910,NULL,NULL,NULL,'2023-03-15 14:33:28','2023-03-15 14:33:28'),(24,1,3,910,NULL,NULL,NULL,'2023-03-15 14:33:28','2023-03-15 14:33:28'),(25,1,1,1243,NULL,NULL,NULL,'2023-03-15 14:35:44','2023-03-15 14:35:44'),(26,1,3,1243,NULL,NULL,NULL,'2023-03-15 14:35:44','2023-03-15 14:35:44'),(27,1,1,1123,NULL,NULL,NULL,'2023-03-15 15:23:08','2023-03-15 15:43:07'),(28,1,3,1123,NULL,NULL,NULL,'2023-03-15 15:23:08','2023-03-15 15:43:07'),(29,1,1,1149,NULL,NULL,NULL,'2023-03-15 15:25:10','2023-03-15 15:25:10'),(30,1,3,1149,NULL,NULL,NULL,'2023-03-15 15:25:10','2023-03-15 15:25:10'),(31,1,1,940,NULL,NULL,NULL,'2023-03-15 15:26:38','2023-03-15 15:26:38'),(32,1,3,940,NULL,NULL,NULL,'2023-03-15 15:26:38','2023-03-15 15:26:38'),(33,1,1,925,NULL,NULL,NULL,'2023-03-15 15:30:52','2023-03-15 15:30:52'),(34,1,3,925,NULL,NULL,NULL,'2023-03-15 15:30:52','2023-03-15 15:30:52'),(35,1,1,1257,NULL,NULL,NULL,'2023-03-15 15:32:55','2023-03-15 15:32:55'),(36,1,3,1257,NULL,NULL,NULL,'2023-03-15 15:32:55','2023-03-15 15:32:55'),(37,1,1,949,NULL,NULL,NULL,'2023-03-15 15:35:41','2023-03-15 15:36:05'),(38,1,3,949,NULL,NULL,NULL,'2023-03-15 15:35:41','2023-03-15 15:36:05'),(39,1,1,1258,NULL,NULL,NULL,'2023-03-15 15:37:52','2023-03-15 15:37:52'),(40,1,3,1258,NULL,NULL,NULL,'2023-03-15 15:37:52','2023-03-15 15:37:52'),(41,1,1,1220,NULL,NULL,NULL,'2023-03-15 15:48:16','2023-03-15 15:48:16'),(42,1,3,1220,NULL,NULL,NULL,'2023-03-15 15:48:16','2023-03-15 15:48:16'),(43,1,1,1259,NULL,NULL,NULL,'2023-03-15 15:50:15','2023-03-15 15:50:15'),(44,1,3,1259,NULL,NULL,NULL,'2023-03-15 15:50:15','2023-03-15 15:50:15'),(45,1,1,1250,NULL,NULL,NULL,'2023-03-15 15:54:40','2023-03-15 15:54:40'),(46,1,3,1250,NULL,NULL,NULL,'2023-03-15 15:54:40','2023-03-15 15:54:40'),(47,1,1,993,NULL,NULL,NULL,'2023-03-15 15:57:59','2023-03-15 15:57:59'),(48,1,3,993,NULL,NULL,NULL,'2023-03-15 15:57:59','2023-03-15 15:57:59'),(49,1,1,254,NULL,NULL,NULL,'2023-03-16 17:53:31','2023-03-16 17:53:31'),(50,1,3,254,NULL,NULL,NULL,'2023-03-16 17:53:31','2023-03-16 17:53:31'),(51,1,1,255,NULL,NULL,NULL,'2023-03-16 17:54:28','2023-03-16 17:54:28'),(52,1,3,255,NULL,NULL,NULL,'2023-03-16 17:54:28','2023-03-16 17:54:28'),(53,1,1,256,NULL,NULL,NULL,'2023-03-16 17:55:33','2023-03-16 17:55:33'),(54,1,3,256,NULL,NULL,NULL,'2023-03-16 17:55:33','2023-03-16 17:55:33'),(55,1,1,257,NULL,NULL,NULL,'2023-03-16 17:56:27','2023-03-16 17:56:27'),(56,1,3,257,NULL,NULL,NULL,'2023-03-16 17:56:27','2023-03-16 17:56:27'),(57,1,1,1299,NULL,NULL,NULL,'2023-03-16 17:58:10','2023-03-16 17:58:10'),(58,1,3,1299,NULL,NULL,NULL,'2023-03-16 17:58:10','2023-03-16 17:58:10'),(59,1,1,1300,NULL,NULL,NULL,'2023-03-16 17:59:32','2023-03-16 17:59:32'),(60,1,3,1300,NULL,NULL,NULL,'2023-03-16 17:59:32','2023-03-16 17:59:32'),(61,1,1,992,NULL,NULL,NULL,'2023-03-18 13:38:17','2023-03-22 22:45:58'),(62,1,3,992,NULL,NULL,NULL,'2023-03-18 13:38:17','2023-03-22 22:45:58'),(63,1,1,97,NULL,NULL,NULL,'2023-03-18 13:40:24','2023-03-27 22:24:49'),(64,1,3,97,NULL,NULL,NULL,'2023-03-18 13:40:24','2023-03-18 13:40:24'),(65,1,1,95,NULL,NULL,NULL,'2023-03-18 13:41:38','2023-03-27 22:25:14'),(66,1,3,95,NULL,NULL,NULL,'2023-03-18 13:41:38','2023-03-18 13:41:38'),(67,1,1,93,NULL,NULL,NULL,'2023-03-18 13:43:05','2023-03-27 22:25:41'),(68,1,3,93,NULL,NULL,NULL,'2023-03-18 13:43:05','2023-03-22 17:12:51'),(69,1,1,35,NULL,NULL,NULL,'2023-03-18 13:50:16','2023-03-20 16:26:25'),(70,1,3,35,NULL,NULL,NULL,'2023-03-18 13:50:16','2023-03-20 16:26:25'),(71,1,1,44,NULL,NULL,NULL,'2023-03-18 13:52:21','2023-03-20 16:27:27'),(72,1,3,44,NULL,NULL,NULL,'2023-03-18 13:52:21','2023-03-20 16:27:27'),(73,1,1,34,NULL,NULL,NULL,'2023-03-18 13:54:46','2023-03-18 13:54:46'),(74,1,3,34,NULL,NULL,NULL,'2023-03-18 13:54:46','2023-03-18 13:54:46'),(75,1,1,50,NULL,NULL,NULL,'2023-03-18 14:29:10','2023-03-18 14:29:10'),(76,1,3,50,NULL,NULL,NULL,'2023-03-18 14:29:10','2023-03-18 14:29:10'),(77,1,1,45,NULL,NULL,NULL,'2023-03-18 14:31:52','2023-03-18 14:37:34'),(78,1,3,45,NULL,NULL,NULL,'2023-03-18 14:31:52','2023-03-18 14:37:34'),(79,1,1,47,NULL,NULL,NULL,'2023-03-18 14:33:08','2023-03-18 14:33:08'),(80,1,3,47,NULL,NULL,NULL,'2023-03-18 14:33:08','2023-03-18 14:33:08'),(81,1,1,53,NULL,NULL,NULL,'2023-03-18 14:47:34','2023-03-18 14:47:34'),(82,1,3,53,NULL,NULL,NULL,'2023-03-18 14:47:34','2023-03-18 14:47:34'),(83,1,1,43,NULL,NULL,NULL,'2023-03-18 14:50:58','2023-03-18 14:50:58'),(84,1,3,43,NULL,NULL,NULL,'2023-03-18 14:50:58','2023-03-18 14:50:58'),(85,1,1,39,NULL,NULL,NULL,'2023-03-18 14:52:21','2023-03-18 14:52:21'),(86,1,3,39,NULL,NULL,NULL,'2023-03-18 14:52:21','2023-03-18 14:52:21'),(87,1,1,38,NULL,NULL,NULL,'2023-03-18 14:53:17','2023-03-18 14:53:17'),(88,1,3,38,NULL,NULL,NULL,'2023-03-18 14:53:17','2023-03-18 14:53:17'),(89,1,1,40,NULL,NULL,NULL,'2023-03-18 14:54:07','2023-03-18 14:54:07'),(90,1,3,40,NULL,NULL,NULL,'2023-03-18 14:54:07','2023-03-18 14:54:07'),(91,1,1,101,NULL,NULL,NULL,'2023-03-20 16:18:49','2023-03-20 16:23:54'),(92,1,3,101,NULL,NULL,NULL,'2023-03-20 16:18:49','2023-03-20 16:23:54'),(93,1,1,1053,NULL,NULL,NULL,'2023-03-20 16:24:52','2023-03-20 16:24:52'),(94,1,3,1053,NULL,NULL,NULL,'2023-03-20 16:24:52','2023-03-20 16:24:52'),(95,1,1,77,NULL,NULL,NULL,'2023-03-20 16:48:31','2023-03-22 22:28:40'),(96,1,3,77,NULL,NULL,NULL,'2023-03-20 16:48:31','2023-03-22 22:28:40'),(97,1,1,70,NULL,NULL,NULL,'2023-03-20 16:49:35','2023-03-22 22:44:57'),(98,1,3,70,NULL,NULL,NULL,'2023-03-20 16:49:35','2023-03-22 22:44:57'),(99,1,1,81,NULL,NULL,NULL,'2023-03-20 16:50:39','2023-03-20 16:50:39'),(100,1,3,81,NULL,NULL,NULL,'2023-03-20 16:50:39','2023-03-20 16:50:39'),(101,1,1,808,NULL,NULL,NULL,'2023-03-20 17:07:40','2023-03-30 13:59:15'),(102,1,3,808,NULL,NULL,NULL,'2023-03-20 17:07:40','2023-03-20 17:07:40'),(103,1,1,810,NULL,NULL,NULL,'2023-03-20 17:08:27','2023-03-30 13:51:46'),(104,1,3,810,NULL,NULL,NULL,'2023-03-20 17:08:27','2023-03-20 17:08:27'),(105,1,1,590,NULL,NULL,NULL,'2023-03-20 17:30:09','2023-03-20 17:30:09'),(106,1,3,590,NULL,NULL,NULL,'2023-03-20 17:30:09','2023-03-20 17:30:09'),(107,1,1,588,NULL,NULL,NULL,'2023-03-20 17:38:49','2023-03-20 17:38:49'),(108,1,3,588,NULL,NULL,NULL,'2023-03-20 17:38:49','2023-03-20 17:38:49'),(109,1,1,589,NULL,NULL,NULL,'2023-03-20 17:40:44','2023-03-20 17:40:44'),(110,1,3,589,NULL,NULL,NULL,'2023-03-20 17:40:44','2023-03-20 17:40:44'),(111,1,1,583,NULL,NULL,NULL,'2023-03-20 17:41:26','2023-03-20 17:41:26'),(112,1,3,583,NULL,NULL,NULL,'2023-03-20 17:41:26','2023-03-20 17:41:26'),(113,1,1,606,NULL,NULL,NULL,'2023-03-20 17:42:26','2023-03-20 17:42:26'),(114,1,3,606,NULL,NULL,NULL,'2023-03-20 17:42:26','2023-03-20 17:42:26'),(115,1,1,586,NULL,NULL,NULL,'2023-03-20 17:43:55','2023-03-20 17:43:55'),(116,1,3,586,NULL,NULL,NULL,'2023-03-20 17:43:55','2023-03-20 17:43:55'),(117,1,1,584,NULL,NULL,NULL,'2023-03-20 17:44:32','2023-03-20 17:44:32'),(118,1,3,584,NULL,NULL,NULL,'2023-03-20 17:44:32','2023-03-20 17:44:32'),(119,1,1,608,NULL,NULL,NULL,'2023-03-20 17:45:21','2023-03-20 17:45:21'),(120,1,3,608,NULL,NULL,NULL,'2023-03-20 17:45:21','2023-03-20 17:45:21'),(121,1,1,581,NULL,NULL,NULL,'2023-03-20 17:45:53','2023-03-20 17:45:53'),(122,1,3,581,NULL,NULL,NULL,'2023-03-20 17:45:53','2023-03-20 17:45:53'),(123,1,1,587,NULL,NULL,NULL,'2023-03-20 17:46:38','2023-03-20 17:46:38'),(124,1,3,587,NULL,NULL,NULL,'2023-03-20 17:46:38','2023-03-20 17:46:38'),(125,1,1,601,NULL,NULL,NULL,'2023-03-20 17:47:11','2023-03-20 17:47:11'),(126,1,3,601,NULL,NULL,NULL,'2023-03-20 17:47:11','2023-03-20 17:47:11'),(127,1,1,597,NULL,NULL,NULL,'2023-03-20 17:49:39','2023-03-20 17:49:39'),(128,1,3,597,NULL,NULL,NULL,'2023-03-20 17:49:39','2023-03-20 17:49:39'),(129,1,1,574,NULL,NULL,NULL,'2023-03-20 17:57:41','2023-03-20 17:57:41'),(130,1,3,574,NULL,NULL,NULL,'2023-03-20 17:57:41','2023-03-20 17:57:41'),(131,1,1,612,NULL,NULL,NULL,'2023-03-20 17:58:16','2023-03-20 17:58:16'),(132,1,3,612,NULL,NULL,NULL,'2023-03-20 17:58:16','2023-03-20 17:58:16'),(133,1,1,578,NULL,NULL,NULL,'2023-03-20 18:00:04','2023-03-20 18:00:04'),(134,1,3,578,NULL,NULL,NULL,'2023-03-20 18:00:04','2023-03-20 18:00:04'),(135,1,1,420,NULL,NULL,NULL,'2023-03-21 16:02:50','2023-03-30 16:29:00'),(136,1,3,420,NULL,NULL,NULL,'2023-03-21 16:02:50','2023-03-21 16:02:50'),(137,1,1,398,NULL,NULL,NULL,'2023-03-21 16:06:09','2023-03-21 16:06:09'),(138,1,3,398,NULL,NULL,NULL,'2023-03-21 16:06:09','2023-03-21 16:06:09'),(139,1,1,360,NULL,NULL,NULL,'2023-03-21 16:07:58','2023-03-30 15:15:27'),(140,1,3,360,NULL,NULL,NULL,'2023-03-21 16:07:58','2023-03-21 16:09:15'),(141,1,1,393,NULL,NULL,NULL,'2023-03-21 16:10:19','2023-03-30 15:38:41'),(142,1,3,393,NULL,NULL,NULL,'2023-03-21 16:10:19','2023-03-21 16:10:19'),(143,1,1,379,NULL,NULL,NULL,'2023-03-21 16:16:51','2023-03-30 15:33:53'),(144,1,3,379,NULL,NULL,NULL,'2023-03-21 16:16:51','2023-03-21 16:16:51'),(145,1,1,395,NULL,NULL,NULL,'2023-03-21 16:29:34','2023-03-21 16:29:34'),(146,1,3,395,NULL,NULL,NULL,'2023-03-21 16:29:34','2023-03-21 16:29:34'),(147,1,1,377,NULL,NULL,NULL,'2023-03-21 16:43:21','2023-03-30 15:32:00'),(148,1,3,377,NULL,NULL,NULL,'2023-03-21 16:43:21','2023-03-21 16:43:21'),(149,1,1,387,NULL,NULL,NULL,'2023-03-21 16:51:13','2023-03-21 16:51:56'),(150,1,3,387,NULL,NULL,NULL,'2023-03-21 16:51:13','2023-03-21 16:51:56'),(151,1,1,752,NULL,NULL,NULL,'2023-03-21 18:31:42','2023-03-21 18:31:42'),(152,1,3,752,NULL,NULL,NULL,'2023-03-21 18:31:42','2023-03-21 18:31:42'),(153,1,1,1481,NULL,NULL,NULL,'2023-03-21 18:37:02','2023-03-21 18:37:02'),(154,1,3,1481,NULL,NULL,NULL,'2023-03-21 18:37:02','2023-03-21 18:37:02'),(155,1,1,1482,NULL,NULL,NULL,'2023-03-21 18:39:03','2023-03-21 18:39:03'),(156,1,3,1482,NULL,NULL,NULL,'2023-03-21 18:39:03','2023-03-21 18:39:03'),(157,1,1,741,NULL,NULL,NULL,'2023-03-21 18:47:48','2023-03-21 18:47:48'),(158,1,3,741,NULL,NULL,NULL,'2023-03-21 18:47:48','2023-03-21 18:47:48'),(159,1,1,376,NULL,NULL,NULL,'2023-03-21 19:05:39','2023-03-30 15:29:40'),(160,1,3,376,NULL,NULL,NULL,'2023-03-21 19:05:39','2023-03-21 19:05:39'),(161,1,1,1484,NULL,NULL,NULL,'2023-03-21 19:12:24','2023-03-21 19:12:24'),(162,1,3,1484,NULL,NULL,NULL,'2023-03-21 19:12:24','2023-03-21 19:12:24'),(163,1,1,399,NULL,NULL,NULL,'2023-03-21 19:18:16','2023-03-21 19:18:16'),(164,1,3,399,NULL,NULL,NULL,'2023-03-21 19:18:16','2023-03-21 19:18:16'),(165,1,1,396,NULL,NULL,NULL,'2023-03-21 19:28:42','2023-03-30 15:43:57'),(166,1,3,396,NULL,NULL,NULL,'2023-03-21 19:28:42','2023-03-21 19:28:42'),(167,1,1,69,NULL,NULL,NULL,'2023-03-22 22:29:45','2023-03-22 22:29:45'),(168,1,3,69,NULL,NULL,NULL,'2023-03-22 22:29:45','2023-03-22 22:29:45'),(169,1,1,72,NULL,NULL,NULL,'2023-03-22 22:42:14','2023-03-22 22:42:14'),(170,1,3,72,NULL,NULL,NULL,'2023-03-22 22:42:14','2023-03-22 22:42:14'),(171,1,1,73,NULL,NULL,NULL,'2023-03-22 22:42:46','2023-03-22 22:42:46'),(172,1,3,73,NULL,NULL,NULL,'2023-03-22 22:42:46','2023-03-22 22:42:46'),(173,1,1,71,NULL,NULL,NULL,'2023-03-22 22:43:16','2023-03-22 22:43:16'),(174,1,3,71,NULL,NULL,NULL,'2023-03-22 22:43:16','2023-03-22 22:43:16'),(175,1,1,76,NULL,NULL,NULL,'2023-03-22 22:43:48','2023-03-22 22:43:48'),(176,1,3,76,NULL,NULL,NULL,'2023-03-22 22:43:48','2023-03-22 22:43:48'),(177,1,1,75,NULL,NULL,NULL,'2023-03-22 22:44:17','2023-03-22 22:44:17'),(178,1,3,75,NULL,NULL,NULL,'2023-03-22 22:44:17','2023-03-22 22:44:17'),(179,1,1,74,NULL,NULL,NULL,'2023-03-22 22:45:31','2023-03-22 22:45:31'),(180,1,3,74,NULL,NULL,NULL,'2023-03-22 22:45:31','2023-03-22 22:45:31'),(181,1,1,214,NULL,NULL,NULL,'2023-03-23 15:59:28','2023-03-29 16:28:43'),(182,1,4,214,NULL,NULL,NULL,'2023-03-23 15:59:28','2023-03-29 16:28:43'),(183,1,5,214,NULL,NULL,NULL,'2023-03-23 15:59:28','2023-03-29 16:28:43'),(184,1,6,214,NULL,NULL,NULL,'2023-03-23 15:59:28','2023-03-29 16:28:43'),(185,1,7,214,NULL,NULL,NULL,'2023-03-23 15:59:28','2023-03-29 16:28:43'),(186,1,1,1538,NULL,NULL,NULL,'2023-03-23 16:34:07','2023-03-29 21:05:59'),(187,1,4,1538,NULL,NULL,NULL,'2023-03-23 16:34:07','2023-03-29 21:05:59'),(188,1,5,1538,NULL,NULL,NULL,'2023-03-23 16:34:07','2023-03-29 21:05:59'),(189,1,6,1538,NULL,NULL,NULL,'2023-03-23 16:34:07','2023-03-29 21:05:59'),(190,1,7,1538,NULL,NULL,NULL,'2023-03-23 16:34:07','2023-03-29 21:05:59'),(191,1,1,593,NULL,NULL,NULL,'2023-03-24 13:49:17','2023-03-24 13:49:17'),(192,1,4,593,NULL,NULL,NULL,'2023-03-24 13:49:17','2023-03-24 13:49:17'),(193,1,5,593,NULL,NULL,NULL,'2023-03-24 13:49:17','2023-03-24 13:49:17'),(194,1,6,593,NULL,NULL,NULL,'2023-03-24 13:49:17','2023-03-24 13:49:17'),(195,1,7,593,NULL,NULL,NULL,'2023-03-24 13:49:17','2023-03-24 13:49:17'),(196,1,1,595,NULL,NULL,NULL,'2023-03-24 13:51:15','2023-03-24 13:51:15'),(197,1,4,595,NULL,NULL,NULL,'2023-03-24 13:51:15','2023-03-24 13:51:15'),(198,1,5,595,NULL,NULL,NULL,'2023-03-24 13:51:15','2023-03-24 13:51:15'),(199,1,6,595,NULL,NULL,NULL,'2023-03-24 13:51:15','2023-03-24 13:51:15'),(200,1,7,595,NULL,NULL,NULL,'2023-03-24 13:51:15','2023-03-24 13:51:15'),(201,1,1,1580,NULL,NULL,NULL,'2023-03-24 13:53:21','2023-03-24 13:53:21'),(202,1,4,1580,NULL,NULL,NULL,'2023-03-24 13:53:21','2023-03-24 13:53:21'),(203,1,5,1580,NULL,NULL,NULL,'2023-03-24 13:53:21','2023-03-24 13:53:21'),(204,1,6,1580,NULL,NULL,NULL,'2023-03-24 13:53:21','2023-03-24 13:53:21'),(205,1,7,1580,NULL,NULL,NULL,'2023-03-24 13:53:21','2023-03-24 13:53:21'),(206,1,1,1590,NULL,NULL,NULL,'2023-03-24 18:22:48','2023-03-24 18:23:44'),(207,1,4,1590,NULL,NULL,NULL,'2023-03-24 18:22:48','2023-03-24 18:23:44'),(208,1,5,1590,NULL,NULL,NULL,'2023-03-24 18:22:48','2023-03-24 18:23:44'),(209,1,6,1590,NULL,NULL,NULL,'2023-03-24 18:22:48','2023-03-24 18:23:44'),(210,1,7,1590,NULL,NULL,NULL,'2023-03-24 18:22:48','2023-03-24 18:23:44'),(211,1,8,1590,NULL,NULL,NULL,'2023-03-24 18:22:48','2023-03-24 18:23:44'),(212,1,1,1591,NULL,NULL,NULL,'2023-03-24 21:20:48','2023-03-24 21:20:48'),(213,1,4,1591,NULL,NULL,NULL,'2023-03-24 21:20:48','2023-03-24 21:20:48'),(214,1,5,1591,NULL,NULL,NULL,'2023-03-24 21:20:48','2023-03-24 21:20:48'),(215,1,6,1591,NULL,NULL,NULL,'2023-03-24 21:20:48','2023-03-24 21:20:48'),(216,1,7,1591,NULL,NULL,NULL,'2023-03-24 21:20:48','2023-03-24 21:20:48'),(217,1,8,1591,NULL,NULL,NULL,'2023-03-24 21:20:48','2023-03-24 21:20:48'),(218,1,1,1635,NULL,NULL,NULL,'2023-03-27 14:29:35','2023-03-30 12:53:50'),(219,1,4,1635,NULL,NULL,NULL,'2023-03-27 14:29:35','2023-03-30 12:53:50'),(220,1,5,1635,NULL,NULL,NULL,'2023-03-27 14:29:35','2023-03-30 12:53:50'),(221,1,6,1635,NULL,NULL,NULL,'2023-03-27 14:29:35','2023-03-30 12:53:50'),(222,1,7,1635,NULL,NULL,NULL,'2023-03-27 14:29:35','2023-03-30 12:53:50'),(223,1,8,1635,NULL,NULL,NULL,'2023-03-27 14:29:35','2023-03-30 12:53:50'),(224,1,9,1635,NULL,NULL,NULL,'2023-03-27 14:29:35','2023-03-30 12:53:50'),(225,1,1,1636,NULL,NULL,NULL,'2023-03-27 14:31:14','2023-03-30 12:55:03'),(226,1,4,1636,NULL,NULL,NULL,'2023-03-27 14:31:14','2023-03-30 12:55:03'),(227,1,5,1636,NULL,NULL,NULL,'2023-03-27 14:31:14','2023-03-30 12:55:03'),(228,1,6,1636,NULL,NULL,NULL,'2023-03-27 14:31:14','2023-03-30 12:55:03'),(229,1,7,1636,NULL,NULL,NULL,'2023-03-27 14:31:14','2023-03-30 12:55:03'),(230,1,8,1636,NULL,NULL,NULL,'2023-03-27 14:31:14','2023-03-30 12:55:03'),(231,1,9,1636,NULL,NULL,NULL,'2023-03-27 14:31:14','2023-03-30 12:55:03'),(232,1,1,1637,NULL,NULL,NULL,'2023-03-27 14:32:17','2023-03-30 12:55:33'),(233,1,4,1637,NULL,NULL,NULL,'2023-03-27 14:32:17','2023-03-30 12:55:33'),(234,1,5,1637,NULL,NULL,NULL,'2023-03-27 14:32:17','2023-03-30 12:55:33'),(235,1,6,1637,NULL,NULL,NULL,'2023-03-27 14:32:17','2023-03-30 12:55:33'),(236,1,7,1637,NULL,NULL,NULL,'2023-03-27 14:32:17','2023-03-30 12:55:33'),(237,1,8,1637,NULL,NULL,NULL,'2023-03-27 14:32:17','2023-03-30 12:55:33'),(238,1,9,1637,NULL,NULL,NULL,'2023-03-27 14:32:17','2023-03-30 12:55:33'),(239,1,1,1638,NULL,NULL,NULL,'2023-03-27 14:33:28','2023-03-30 12:56:02'),(240,1,4,1638,NULL,NULL,NULL,'2023-03-27 14:33:28','2023-03-30 12:56:02'),(241,1,5,1638,NULL,NULL,NULL,'2023-03-27 14:33:28','2023-03-30 12:56:02'),(242,1,6,1638,NULL,NULL,NULL,'2023-03-27 14:33:28','2023-03-30 12:56:02'),(243,1,7,1638,NULL,NULL,NULL,'2023-03-27 14:33:28','2023-03-30 12:56:02'),(244,1,8,1638,NULL,NULL,NULL,'2023-03-27 14:33:28','2023-03-30 12:56:02'),(245,1,9,1638,NULL,NULL,NULL,'2023-03-27 14:33:28','2023-03-30 12:56:02'),(246,1,1,1639,NULL,NULL,NULL,'2023-03-27 14:34:34','2023-03-30 12:56:27'),(247,1,4,1639,NULL,NULL,NULL,'2023-03-27 14:34:34','2023-03-30 12:56:27'),(248,1,5,1639,NULL,NULL,NULL,'2023-03-27 14:34:34','2023-03-30 12:56:27'),(249,1,6,1639,NULL,NULL,NULL,'2023-03-27 14:34:34','2023-03-30 12:56:27'),(250,1,7,1639,NULL,NULL,NULL,'2023-03-27 14:34:34','2023-03-30 12:56:27'),(251,1,8,1639,NULL,NULL,NULL,'2023-03-27 14:34:34','2023-03-30 12:56:27'),(252,1,9,1639,NULL,NULL,NULL,'2023-03-27 14:34:34','2023-03-30 12:56:27'),(253,1,1,1640,NULL,NULL,NULL,'2023-03-27 14:35:42','2023-03-30 12:57:22'),(254,1,4,1640,NULL,NULL,NULL,'2023-03-27 14:35:42','2023-03-30 12:57:22'),(255,1,5,1640,NULL,NULL,NULL,'2023-03-27 14:35:42','2023-03-30 12:57:22'),(256,1,6,1640,NULL,NULL,NULL,'2023-03-27 14:35:42','2023-03-30 12:57:22'),(257,1,7,1640,NULL,NULL,NULL,'2023-03-27 14:35:42','2023-03-30 12:57:22'),(258,1,8,1640,NULL,NULL,NULL,'2023-03-27 14:35:42','2023-03-30 12:57:22'),(259,1,9,1640,NULL,NULL,NULL,'2023-03-27 14:35:42','2023-03-30 12:57:22'),(260,1,1,1641,NULL,NULL,NULL,'2023-03-27 14:36:59','2023-03-30 12:58:30'),(261,1,4,1641,NULL,NULL,NULL,'2023-03-27 14:36:59','2023-03-30 12:58:30'),(262,1,5,1641,NULL,NULL,NULL,'2023-03-27 14:36:59','2023-03-30 12:58:30'),(263,1,6,1641,NULL,NULL,NULL,'2023-03-27 14:36:59','2023-03-30 12:58:30'),(264,1,7,1641,NULL,NULL,NULL,'2023-03-27 14:36:59','2023-03-30 12:58:30'),(265,1,8,1641,NULL,NULL,NULL,'2023-03-27 14:36:59','2023-03-30 12:58:30'),(266,1,9,1641,NULL,NULL,NULL,'2023-03-27 14:36:59','2023-03-30 12:58:30'),(267,1,1,1642,NULL,NULL,NULL,'2023-03-27 15:04:27','2023-03-29 21:47:07'),(268,1,4,1642,NULL,NULL,NULL,'2023-03-27 15:04:27','2023-03-29 21:47:07'),(269,1,5,1642,NULL,NULL,NULL,'2023-03-27 15:04:27','2023-03-29 21:47:07'),(270,1,6,1642,NULL,NULL,NULL,'2023-03-27 15:04:27','2023-03-29 21:47:07'),(271,1,7,1642,NULL,NULL,NULL,'2023-03-27 15:04:27','2023-03-29 21:47:07'),(272,1,8,1642,NULL,NULL,NULL,'2023-03-27 15:04:27','2023-03-29 21:47:07'),(273,1,9,1642,NULL,NULL,NULL,'2023-03-27 15:04:27','2023-03-29 21:47:07'),(274,1,1,1643,NULL,NULL,NULL,'2023-03-27 15:10:17','2023-03-27 15:10:52'),(275,1,4,1643,NULL,NULL,NULL,'2023-03-27 15:10:17','2023-03-27 15:10:52'),(276,1,5,1643,NULL,NULL,NULL,'2023-03-27 15:10:17','2023-03-27 15:10:52'),(277,1,6,1643,NULL,NULL,NULL,'2023-03-27 15:10:17','2023-03-27 15:10:52'),(278,1,7,1643,NULL,NULL,NULL,'2023-03-27 15:10:17','2023-03-27 15:10:52'),(279,1,8,1643,NULL,NULL,NULL,'2023-03-27 15:10:17','2023-03-27 15:10:52'),(280,1,9,1643,NULL,NULL,NULL,'2023-03-27 15:10:17','2023-03-27 15:10:52'),(281,1,1,1644,NULL,NULL,NULL,'2023-03-27 15:12:20','2023-03-27 15:12:20'),(282,1,4,1644,NULL,NULL,NULL,'2023-03-27 15:12:20','2023-03-27 15:12:20'),(283,1,5,1644,NULL,NULL,NULL,'2023-03-27 15:12:20','2023-03-27 15:12:20'),(284,1,6,1644,NULL,NULL,NULL,'2023-03-27 15:12:20','2023-03-27 15:12:20'),(285,1,7,1644,NULL,NULL,NULL,'2023-03-27 15:12:20','2023-03-27 15:12:20'),(286,1,8,1644,NULL,NULL,NULL,'2023-03-27 15:12:20','2023-03-27 15:12:20'),(287,1,9,1644,NULL,NULL,NULL,'2023-03-27 15:12:20','2023-03-27 15:12:20'),(288,1,1,814,NULL,NULL,NULL,'2023-03-27 20:42:23','2023-03-30 12:46:19'),(289,1,4,814,NULL,NULL,NULL,'2023-03-27 20:42:23','2023-03-30 12:46:19'),(290,1,5,814,NULL,NULL,NULL,'2023-03-27 20:42:23','2023-03-30 12:46:19'),(291,1,6,814,NULL,NULL,NULL,'2023-03-27 20:42:23','2023-03-30 12:46:19'),(292,1,7,814,NULL,NULL,NULL,'2023-03-27 20:42:23','2023-03-30 12:46:19'),(293,1,8,814,NULL,NULL,NULL,'2023-03-27 20:42:23','2023-03-30 12:46:19'),(294,1,9,814,NULL,NULL,NULL,'2023-03-27 20:42:23','2023-03-30 12:46:19'),(295,1,1,815,NULL,NULL,NULL,'2023-03-27 20:42:59','2023-03-30 12:47:41'),(296,1,4,815,NULL,NULL,NULL,'2023-03-27 20:42:59','2023-03-30 12:47:41'),(297,1,5,815,NULL,NULL,NULL,'2023-03-27 20:42:59','2023-03-30 12:47:41'),(298,1,6,815,NULL,NULL,NULL,'2023-03-27 20:42:59','2023-03-30 12:47:41'),(299,1,7,815,NULL,NULL,NULL,'2023-03-27 20:42:59','2023-03-30 12:47:41'),(300,1,8,815,NULL,NULL,NULL,'2023-03-27 20:42:59','2023-03-30 12:47:41'),(301,1,9,815,NULL,NULL,NULL,'2023-03-27 20:42:59','2023-03-30 12:47:41'),(302,1,1,813,NULL,NULL,NULL,'2023-03-27 20:44:27','2023-03-30 12:45:45'),(303,1,4,813,NULL,NULL,NULL,'2023-03-27 20:44:27','2023-03-30 12:45:45'),(304,1,5,813,NULL,NULL,NULL,'2023-03-27 20:44:27','2023-03-30 12:45:45'),(305,1,6,813,NULL,NULL,NULL,'2023-03-27 20:44:27','2023-03-30 12:45:45'),(306,1,7,813,NULL,NULL,NULL,'2023-03-27 20:44:27','2023-03-30 12:45:45'),(307,1,8,813,NULL,NULL,NULL,'2023-03-27 20:44:27','2023-03-30 12:45:45'),(308,1,9,813,NULL,NULL,NULL,'2023-03-27 20:44:27','2023-03-30 12:45:45'),(309,1,1,816,NULL,NULL,NULL,'2023-03-27 20:45:10','2023-03-30 12:52:56'),(310,1,4,816,NULL,NULL,NULL,'2023-03-27 20:45:10','2023-03-30 12:52:56'),(311,1,5,816,NULL,NULL,NULL,'2023-03-27 20:45:10','2023-03-30 12:52:56'),(312,1,6,816,NULL,NULL,NULL,'2023-03-27 20:45:10','2023-03-30 12:52:56'),(313,1,7,816,NULL,NULL,NULL,'2023-03-27 20:45:10','2023-03-30 12:52:56'),(314,1,8,816,NULL,NULL,NULL,'2023-03-27 20:45:10','2023-03-30 12:52:56'),(315,1,9,816,NULL,NULL,NULL,'2023-03-27 20:45:10','2023-03-30 12:52:56'),(316,1,1,817,NULL,NULL,NULL,'2023-03-27 20:45:53','2023-03-27 20:45:53'),(317,1,4,817,NULL,NULL,NULL,'2023-03-27 20:45:53','2023-03-27 20:45:53'),(318,1,5,817,NULL,NULL,NULL,'2023-03-27 20:45:53','2023-03-27 20:45:53'),(319,1,6,817,NULL,NULL,NULL,'2023-03-27 20:45:53','2023-03-27 20:45:53'),(320,1,7,817,NULL,NULL,NULL,'2023-03-27 20:45:53','2023-03-27 20:45:53'),(321,1,8,817,NULL,NULL,NULL,'2023-03-27 20:45:53','2023-03-27 20:45:53'),(322,1,9,817,NULL,NULL,NULL,'2023-03-27 20:45:53','2023-03-27 20:45:53'),(323,1,1,327,NULL,NULL,NULL,'2023-03-27 20:47:07','2023-03-29 21:17:36'),(324,1,4,327,NULL,NULL,NULL,'2023-03-27 20:47:07','2023-03-29 21:17:36'),(325,1,5,327,NULL,NULL,NULL,'2023-03-27 20:47:07','2023-03-29 21:17:36'),(326,1,6,327,NULL,NULL,NULL,'2023-03-27 20:47:07','2023-03-29 21:17:36'),(327,1,7,327,NULL,NULL,NULL,'2023-03-27 20:47:07','2023-03-29 21:17:36'),(328,1,8,327,NULL,NULL,NULL,'2023-03-27 20:47:07','2023-03-29 21:17:36'),(329,1,9,327,NULL,NULL,NULL,'2023-03-27 20:47:07','2023-03-29 21:17:36'),(330,1,1,839,NULL,NULL,NULL,'2023-03-27 20:47:40','2023-03-29 21:38:56'),(331,1,4,839,NULL,NULL,NULL,'2023-03-27 20:47:40','2023-03-29 21:38:56'),(332,1,5,839,NULL,NULL,NULL,'2023-03-27 20:47:40','2023-03-29 21:38:56'),(333,1,6,839,NULL,NULL,NULL,'2023-03-27 20:47:40','2023-03-29 21:38:56'),(334,1,7,839,NULL,NULL,NULL,'2023-03-27 20:47:40','2023-03-29 21:38:56'),(335,1,8,839,NULL,NULL,NULL,'2023-03-27 20:47:40','2023-03-29 21:38:56'),(336,1,9,839,NULL,NULL,NULL,'2023-03-27 20:47:40','2023-03-29 21:38:56'),(337,1,1,331,NULL,NULL,NULL,'2023-03-27 20:48:17','2023-03-29 21:27:13'),(338,1,4,331,NULL,NULL,NULL,'2023-03-27 20:48:17','2023-03-29 21:27:13'),(339,1,5,331,NULL,NULL,NULL,'2023-03-27 20:48:17','2023-03-29 21:27:13'),(340,1,6,331,NULL,NULL,NULL,'2023-03-27 20:48:17','2023-03-29 21:27:13'),(341,1,7,331,NULL,NULL,NULL,'2023-03-27 20:48:17','2023-03-29 21:27:13'),(342,1,8,331,NULL,NULL,NULL,'2023-03-27 20:48:17','2023-03-29 21:27:13'),(343,1,9,331,NULL,NULL,NULL,'2023-03-27 20:48:17','2023-03-29 21:27:13'),(344,1,1,338,NULL,NULL,NULL,'2023-03-27 20:49:27','2023-03-29 21:33:17'),(345,1,4,338,NULL,NULL,NULL,'2023-03-27 20:49:27','2023-03-29 21:33:17'),(346,1,5,338,NULL,NULL,NULL,'2023-03-27 20:49:27','2023-03-29 21:33:17'),(347,1,6,338,NULL,NULL,NULL,'2023-03-27 20:49:27','2023-03-29 21:33:17'),(348,1,7,338,NULL,NULL,NULL,'2023-03-27 20:49:27','2023-03-29 21:33:17'),(349,1,8,338,NULL,NULL,NULL,'2023-03-27 20:49:27','2023-03-29 21:33:17'),(350,1,9,338,NULL,NULL,NULL,'2023-03-27 20:49:27','2023-03-29 21:33:17'),(351,1,1,836,NULL,NULL,NULL,'2023-03-27 20:52:57','2023-03-29 21:37:36'),(352,1,4,836,NULL,NULL,NULL,'2023-03-27 20:52:57','2023-03-29 21:37:36'),(353,1,5,836,NULL,NULL,NULL,'2023-03-27 20:52:57','2023-03-29 21:37:36'),(354,1,6,836,NULL,NULL,NULL,'2023-03-27 20:52:57','2023-03-29 21:37:36'),(355,1,7,836,NULL,NULL,NULL,'2023-03-27 20:52:57','2023-03-29 21:37:36'),(356,1,8,836,NULL,NULL,NULL,'2023-03-27 20:52:57','2023-03-29 21:37:36'),(357,1,9,836,NULL,NULL,NULL,'2023-03-27 20:52:57','2023-03-29 21:37:36'),(358,1,1,831,NULL,NULL,NULL,'2023-03-27 20:53:27','2023-03-29 21:34:34'),(359,1,4,831,NULL,NULL,NULL,'2023-03-27 20:53:27','2023-03-29 21:34:34'),(360,1,5,831,NULL,NULL,NULL,'2023-03-27 20:53:27','2023-03-29 21:34:34'),(361,1,6,831,NULL,NULL,NULL,'2023-03-27 20:53:27','2023-03-29 21:34:34'),(362,1,7,831,NULL,NULL,NULL,'2023-03-27 20:53:27','2023-03-29 21:34:34'),(363,1,8,831,NULL,NULL,NULL,'2023-03-27 20:53:27','2023-03-29 21:34:34'),(364,1,9,831,NULL,NULL,NULL,'2023-03-27 20:53:27','2023-03-29 21:34:34'),(365,1,1,337,NULL,NULL,NULL,'2023-03-27 20:53:54','2023-03-29 21:32:43'),(366,1,4,337,NULL,NULL,NULL,'2023-03-27 20:53:54','2023-03-29 21:32:43'),(367,1,5,337,NULL,NULL,NULL,'2023-03-27 20:53:54','2023-03-29 21:32:43'),(368,1,6,337,NULL,NULL,NULL,'2023-03-27 20:53:54','2023-03-29 21:32:43'),(369,1,7,337,NULL,NULL,NULL,'2023-03-27 20:53:54','2023-03-29 21:32:44'),(370,1,8,337,NULL,NULL,NULL,'2023-03-27 20:53:54','2023-03-29 21:32:44'),(371,1,9,337,NULL,NULL,NULL,'2023-03-27 20:53:54','2023-03-29 21:32:44'),(372,1,1,840,NULL,NULL,NULL,'2023-03-27 20:54:24','2023-03-29 21:39:28'),(373,1,4,840,NULL,NULL,NULL,'2023-03-27 20:54:24','2023-03-29 21:39:28'),(374,1,5,840,NULL,NULL,NULL,'2023-03-27 20:54:24','2023-03-29 21:39:28'),(375,1,6,840,NULL,NULL,NULL,'2023-03-27 20:54:24','2023-03-29 21:39:28'),(376,1,7,840,NULL,NULL,NULL,'2023-03-27 20:54:24','2023-03-29 21:39:28'),(377,1,8,840,NULL,NULL,NULL,'2023-03-27 20:54:24','2023-03-29 21:39:28'),(378,1,9,840,NULL,NULL,NULL,'2023-03-27 20:54:24','2023-03-29 21:39:28'),(379,1,1,328,NULL,NULL,NULL,'2023-03-27 20:54:50','2023-03-29 21:18:08'),(380,1,4,328,NULL,NULL,NULL,'2023-03-27 20:54:50','2023-03-29 21:18:08'),(381,1,5,328,NULL,NULL,NULL,'2023-03-27 20:54:50','2023-03-29 21:18:08'),(382,1,6,328,NULL,NULL,NULL,'2023-03-27 20:54:50','2023-03-29 21:18:08'),(383,1,7,328,NULL,NULL,NULL,'2023-03-27 20:54:50','2023-03-29 21:18:08'),(384,1,8,328,NULL,NULL,NULL,'2023-03-27 20:54:50','2023-03-29 21:18:08'),(385,1,9,328,NULL,NULL,NULL,'2023-03-27 20:54:50','2023-03-29 21:18:08'),(386,1,1,335,NULL,NULL,NULL,'2023-03-27 20:55:24','2023-03-29 21:31:46'),(387,1,4,335,NULL,NULL,NULL,'2023-03-27 20:55:24','2023-03-29 21:31:46'),(388,1,5,335,NULL,NULL,NULL,'2023-03-27 20:55:24','2023-03-29 21:31:46'),(389,1,6,335,NULL,NULL,NULL,'2023-03-27 20:55:24','2023-03-29 21:31:46'),(390,1,7,335,NULL,NULL,NULL,'2023-03-27 20:55:24','2023-03-29 21:31:46'),(391,1,8,335,NULL,NULL,NULL,'2023-03-27 20:55:24','2023-03-29 21:31:46'),(392,1,9,335,NULL,NULL,NULL,'2023-03-27 20:55:24','2023-03-29 21:31:46'),(393,1,1,336,NULL,NULL,NULL,'2023-03-27 20:56:05','2023-03-29 21:32:16'),(394,1,4,336,NULL,NULL,NULL,'2023-03-27 20:56:05','2023-03-29 21:32:16'),(395,1,5,336,NULL,NULL,NULL,'2023-03-27 20:56:05','2023-03-29 21:32:16'),(396,1,6,336,NULL,NULL,NULL,'2023-03-27 20:56:05','2023-03-29 21:32:16'),(397,1,7,336,NULL,NULL,NULL,'2023-03-27 20:56:05','2023-03-29 21:32:16'),(398,1,8,336,NULL,NULL,NULL,'2023-03-27 20:56:05','2023-03-29 21:32:16'),(399,1,9,336,NULL,NULL,NULL,'2023-03-27 20:56:05','2023-03-29 21:32:16'),(400,1,1,332,NULL,NULL,NULL,'2023-03-27 20:57:03','2023-03-29 21:27:38'),(401,1,4,332,NULL,NULL,NULL,'2023-03-27 20:57:03','2023-03-29 21:27:38'),(402,1,5,332,NULL,NULL,NULL,'2023-03-27 20:57:03','2023-03-29 21:27:38'),(403,1,6,332,NULL,NULL,NULL,'2023-03-27 20:57:03','2023-03-29 21:27:38'),(404,1,7,332,NULL,NULL,NULL,'2023-03-27 20:57:03','2023-03-29 21:27:38'),(405,1,8,332,NULL,NULL,NULL,'2023-03-27 20:57:03','2023-03-29 21:27:38'),(406,1,9,332,NULL,NULL,NULL,'2023-03-27 20:57:03','2023-03-29 21:27:38'),(407,1,1,833,NULL,NULL,NULL,'2023-03-27 20:57:30','2023-03-29 21:35:33'),(408,1,4,833,NULL,NULL,NULL,'2023-03-27 20:57:30','2023-03-29 21:35:33'),(409,1,5,833,NULL,NULL,NULL,'2023-03-27 20:57:30','2023-03-29 21:35:33'),(410,1,6,833,NULL,NULL,NULL,'2023-03-27 20:57:30','2023-03-29 21:35:33'),(411,1,7,833,NULL,NULL,NULL,'2023-03-27 20:57:30','2023-03-29 21:35:33'),(412,1,8,833,NULL,NULL,NULL,'2023-03-27 20:57:30','2023-03-29 21:35:33'),(413,1,9,833,NULL,NULL,NULL,'2023-03-27 20:57:30','2023-03-29 21:35:33'),(414,1,1,837,NULL,NULL,NULL,'2023-03-27 20:58:07','2023-03-29 21:38:02'),(415,1,4,837,NULL,NULL,NULL,'2023-03-27 20:58:07','2023-03-29 21:38:02'),(416,1,5,837,NULL,NULL,NULL,'2023-03-27 20:58:07','2023-03-29 21:38:02'),(417,1,6,837,NULL,NULL,NULL,'2023-03-27 20:58:07','2023-03-29 21:38:02'),(418,1,7,837,NULL,NULL,NULL,'2023-03-27 20:58:07','2023-03-29 21:38:02'),(419,1,8,837,NULL,NULL,NULL,'2023-03-27 20:58:07','2023-03-29 21:38:02'),(420,1,9,837,NULL,NULL,NULL,'2023-03-27 20:58:07','2023-03-29 21:38:02'),(421,1,1,333,NULL,NULL,NULL,'2023-03-27 20:58:40','2023-03-29 21:28:21'),(422,1,4,333,NULL,NULL,NULL,'2023-03-27 20:58:40','2023-03-29 21:28:21'),(423,1,5,333,NULL,NULL,NULL,'2023-03-27 20:58:40','2023-03-29 21:28:21'),(424,1,6,333,NULL,NULL,NULL,'2023-03-27 20:58:40','2023-03-29 21:28:21'),(425,1,7,333,NULL,NULL,NULL,'2023-03-27 20:58:40','2023-03-29 21:28:21'),(426,1,8,333,NULL,NULL,NULL,'2023-03-27 20:58:40','2023-03-29 21:28:21'),(427,1,9,333,NULL,NULL,NULL,'2023-03-27 20:58:40','2023-03-29 21:28:21'),(428,1,1,838,NULL,NULL,NULL,'2023-03-27 20:59:10','2023-03-29 21:38:30'),(429,1,4,838,NULL,NULL,NULL,'2023-03-27 20:59:10','2023-03-29 21:38:30'),(430,1,5,838,NULL,NULL,NULL,'2023-03-27 20:59:10','2023-03-29 21:38:30'),(431,1,6,838,NULL,NULL,NULL,'2023-03-27 20:59:10','2023-03-29 21:38:30'),(432,1,7,838,NULL,NULL,NULL,'2023-03-27 20:59:10','2023-03-29 21:38:30'),(433,1,8,838,NULL,NULL,NULL,'2023-03-27 20:59:10','2023-03-29 21:38:30'),(434,1,9,838,NULL,NULL,NULL,'2023-03-27 20:59:10','2023-03-29 21:38:30'),(435,1,1,834,NULL,NULL,NULL,'2023-03-27 20:59:44','2023-03-29 21:36:33'),(436,1,4,834,NULL,NULL,NULL,'2023-03-27 20:59:44','2023-03-29 21:36:33'),(437,1,5,834,NULL,NULL,NULL,'2023-03-27 20:59:44','2023-03-29 21:36:33'),(438,1,6,834,NULL,NULL,NULL,'2023-03-27 20:59:44','2023-03-29 21:36:33'),(439,1,7,834,NULL,NULL,NULL,'2023-03-27 20:59:44','2023-03-29 21:36:33'),(440,1,8,834,NULL,NULL,NULL,'2023-03-27 20:59:44','2023-03-29 21:36:33'),(441,1,9,834,NULL,NULL,NULL,'2023-03-27 20:59:44','2023-03-29 21:36:33'),(442,1,1,339,NULL,NULL,NULL,'2023-03-27 21:00:11','2023-03-29 21:34:06'),(443,1,4,339,NULL,NULL,NULL,'2023-03-27 21:00:11','2023-03-29 21:34:06'),(444,1,5,339,NULL,NULL,NULL,'2023-03-27 21:00:11','2023-03-29 21:34:06'),(445,1,6,339,NULL,NULL,NULL,'2023-03-27 21:00:11','2023-03-29 21:34:06'),(446,1,7,339,NULL,NULL,NULL,'2023-03-27 21:00:11','2023-03-29 21:34:06'),(447,1,8,339,NULL,NULL,NULL,'2023-03-27 21:00:11','2023-03-29 21:34:06'),(448,1,9,339,NULL,NULL,NULL,'2023-03-27 21:00:11','2023-03-29 21:34:06'),(449,1,1,835,NULL,NULL,NULL,'2023-03-27 21:01:16','2023-03-29 21:37:06'),(450,1,4,835,NULL,NULL,NULL,'2023-03-27 21:01:16','2023-03-29 21:37:06'),(451,1,5,835,NULL,NULL,NULL,'2023-03-27 21:01:16','2023-03-29 21:37:06'),(452,1,6,835,NULL,NULL,NULL,'2023-03-27 21:01:16','2023-03-29 21:37:06'),(453,1,7,835,NULL,NULL,NULL,'2023-03-27 21:01:16','2023-03-29 21:37:06'),(454,1,8,835,NULL,NULL,NULL,'2023-03-27 21:01:16','2023-03-29 21:37:06'),(455,1,9,835,NULL,NULL,NULL,'2023-03-27 21:01:16','2023-03-29 21:37:06'),(456,1,1,841,NULL,NULL,NULL,'2023-03-27 21:01:53','2023-03-29 21:40:03'),(457,1,4,841,NULL,NULL,NULL,'2023-03-27 21:01:53','2023-03-29 21:40:03'),(458,1,5,841,NULL,NULL,NULL,'2023-03-27 21:01:53','2023-03-29 21:40:03'),(459,1,6,841,NULL,NULL,NULL,'2023-03-27 21:01:53','2023-03-29 21:40:03'),(460,1,7,841,NULL,NULL,NULL,'2023-03-27 21:01:53','2023-03-29 21:40:03'),(461,1,8,841,NULL,NULL,NULL,'2023-03-27 21:01:53','2023-03-29 21:40:03'),(462,1,9,841,NULL,NULL,NULL,'2023-03-27 21:01:53','2023-03-29 21:40:03'),(463,1,1,330,NULL,NULL,NULL,'2023-03-27 21:02:23','2023-03-29 21:26:39'),(464,1,4,330,NULL,NULL,NULL,'2023-03-27 21:02:23','2023-03-29 21:26:39'),(465,1,5,330,NULL,NULL,NULL,'2023-03-27 21:02:23','2023-03-29 21:26:39'),(466,1,6,330,NULL,NULL,NULL,'2023-03-27 21:02:23','2023-03-29 21:26:39'),(467,1,7,330,NULL,NULL,NULL,'2023-03-27 21:02:23','2023-03-29 21:26:39'),(468,1,8,330,NULL,NULL,NULL,'2023-03-27 21:02:23','2023-03-29 21:26:39'),(469,1,9,330,NULL,NULL,NULL,'2023-03-27 21:02:23','2023-03-29 21:26:39'),(470,1,1,334,NULL,NULL,NULL,'2023-03-27 21:03:03','2023-03-29 21:31:10'),(471,1,4,334,NULL,NULL,NULL,'2023-03-27 21:03:03','2023-03-29 21:31:10'),(472,1,5,334,NULL,NULL,NULL,'2023-03-27 21:03:03','2023-03-29 21:31:10'),(473,1,6,334,NULL,NULL,NULL,'2023-03-27 21:03:03','2023-03-29 21:31:10'),(474,1,7,334,NULL,NULL,NULL,'2023-03-27 21:03:03','2023-03-29 21:31:10'),(475,1,8,334,NULL,NULL,NULL,'2023-03-27 21:03:03','2023-03-29 21:31:10'),(476,1,9,334,NULL,NULL,NULL,'2023-03-27 21:03:03','2023-03-29 21:31:10'),(477,1,1,329,NULL,NULL,NULL,'2023-03-27 21:03:41','2023-03-29 21:18:38'),(478,1,4,329,NULL,NULL,NULL,'2023-03-27 21:03:41','2023-03-29 21:18:38'),(479,1,5,329,NULL,NULL,NULL,'2023-03-27 21:03:41','2023-03-29 21:18:38'),(480,1,6,329,NULL,NULL,NULL,'2023-03-27 21:03:41','2023-03-29 21:18:38'),(481,1,7,329,NULL,NULL,NULL,'2023-03-27 21:03:41','2023-03-29 21:18:38'),(482,1,8,329,NULL,NULL,NULL,'2023-03-27 21:03:41','2023-03-29 21:18:38'),(483,1,9,329,NULL,NULL,NULL,'2023-03-27 21:03:41','2023-03-29 21:18:38'),(484,1,1,278,NULL,NULL,NULL,'2023-03-27 21:07:43','2023-03-27 21:07:43'),(485,1,4,278,NULL,NULL,NULL,'2023-03-27 21:07:43','2023-03-27 21:07:43'),(486,1,5,278,NULL,NULL,NULL,'2023-03-27 21:07:43','2023-03-27 21:07:43'),(487,1,6,278,NULL,NULL,NULL,'2023-03-27 21:07:43','2023-03-27 21:07:43'),(488,1,7,278,NULL,NULL,NULL,'2023-03-27 21:07:43','2023-03-27 21:07:43'),(489,1,8,278,NULL,NULL,NULL,'2023-03-27 21:07:43','2023-03-27 21:07:43'),(490,1,9,278,NULL,NULL,NULL,'2023-03-27 21:07:43','2023-03-27 21:07:43'),(491,1,1,286,NULL,NULL,NULL,'2023-03-27 21:08:24','2023-03-27 21:08:24'),(492,1,4,286,NULL,NULL,NULL,'2023-03-27 21:08:24','2023-03-27 21:08:24'),(493,1,5,286,NULL,NULL,NULL,'2023-03-27 21:08:24','2023-03-27 21:08:24'),(494,1,6,286,NULL,NULL,NULL,'2023-03-27 21:08:24','2023-03-27 21:08:24'),(495,1,7,286,NULL,NULL,NULL,'2023-03-27 21:08:24','2023-03-27 21:08:24'),(496,1,8,286,NULL,NULL,NULL,'2023-03-27 21:08:24','2023-03-27 21:08:24'),(497,1,9,286,NULL,NULL,NULL,'2023-03-27 21:08:24','2023-03-27 21:08:24'),(498,1,1,280,NULL,NULL,NULL,'2023-03-27 21:08:56','2023-03-27 21:08:56'),(499,1,4,280,NULL,NULL,NULL,'2023-03-27 21:08:56','2023-03-27 21:08:56'),(500,1,5,280,NULL,NULL,NULL,'2023-03-27 21:08:56','2023-03-27 21:08:56'),(501,1,6,280,NULL,NULL,NULL,'2023-03-27 21:08:56','2023-03-27 21:08:56'),(502,1,7,280,NULL,NULL,NULL,'2023-03-27 21:08:56','2023-03-27 21:08:56'),(503,1,8,280,NULL,NULL,NULL,'2023-03-27 21:08:56','2023-03-27 21:08:56'),(504,1,9,280,NULL,NULL,NULL,'2023-03-27 21:08:56','2023-03-27 21:08:56'),(505,1,1,284,NULL,NULL,NULL,'2023-03-27 21:09:25','2023-03-27 21:09:25'),(506,1,4,284,NULL,NULL,NULL,'2023-03-27 21:09:25','2023-03-27 21:09:25'),(507,1,5,284,NULL,NULL,NULL,'2023-03-27 21:09:25','2023-03-27 21:09:25'),(508,1,6,284,NULL,NULL,NULL,'2023-03-27 21:09:25','2023-03-27 21:09:25'),(509,1,7,284,NULL,NULL,NULL,'2023-03-27 21:09:25','2023-03-27 21:09:25'),(510,1,8,284,NULL,NULL,NULL,'2023-03-27 21:09:25','2023-03-27 21:09:25'),(511,1,9,284,NULL,NULL,NULL,'2023-03-27 21:09:25','2023-03-27 21:09:25'),(512,1,1,285,NULL,NULL,NULL,'2023-03-27 21:09:50','2023-03-27 21:09:50'),(513,1,4,285,NULL,NULL,NULL,'2023-03-27 21:09:50','2023-03-27 21:09:50'),(514,1,5,285,NULL,NULL,NULL,'2023-03-27 21:09:50','2023-03-27 21:09:50'),(515,1,6,285,NULL,NULL,NULL,'2023-03-27 21:09:50','2023-03-27 21:09:50'),(516,1,7,285,NULL,NULL,NULL,'2023-03-27 21:09:50','2023-03-27 21:09:50'),(517,1,8,285,NULL,NULL,NULL,'2023-03-27 21:09:50','2023-03-27 21:09:50'),(518,1,9,285,NULL,NULL,NULL,'2023-03-27 21:09:50','2023-03-27 21:09:50'),(519,1,1,281,NULL,NULL,NULL,'2023-03-27 21:10:18','2023-03-27 21:10:18'),(520,1,4,281,NULL,NULL,NULL,'2023-03-27 21:10:18','2023-03-27 21:10:18'),(521,1,5,281,NULL,NULL,NULL,'2023-03-27 21:10:18','2023-03-27 21:10:18'),(522,1,6,281,NULL,NULL,NULL,'2023-03-27 21:10:18','2023-03-27 21:10:18'),(523,1,7,281,NULL,NULL,NULL,'2023-03-27 21:10:18','2023-03-27 21:10:18'),(524,1,8,281,NULL,NULL,NULL,'2023-03-27 21:10:18','2023-03-27 21:10:18'),(525,1,9,281,NULL,NULL,NULL,'2023-03-27 21:10:18','2023-03-27 21:10:18'),(526,1,1,271,NULL,NULL,NULL,'2023-03-27 21:10:43','2023-03-27 21:10:43'),(527,1,4,271,NULL,NULL,NULL,'2023-03-27 21:10:43','2023-03-27 21:10:43'),(528,1,5,271,NULL,NULL,NULL,'2023-03-27 21:10:43','2023-03-27 21:10:43'),(529,1,6,271,NULL,NULL,NULL,'2023-03-27 21:10:43','2023-03-27 21:10:43'),(530,1,7,271,NULL,NULL,NULL,'2023-03-27 21:10:43','2023-03-27 21:10:43'),(531,1,8,271,NULL,NULL,NULL,'2023-03-27 21:10:43','2023-03-27 21:10:43'),(532,1,9,271,NULL,NULL,NULL,'2023-03-27 21:10:43','2023-03-27 21:10:43'),(533,1,1,272,NULL,NULL,NULL,'2023-03-27 21:11:12','2023-03-27 21:11:12'),(534,1,4,272,NULL,NULL,NULL,'2023-03-27 21:11:12','2023-03-27 21:11:12'),(535,1,5,272,NULL,NULL,NULL,'2023-03-27 21:11:12','2023-03-27 21:11:12'),(536,1,6,272,NULL,NULL,NULL,'2023-03-27 21:11:12','2023-03-27 21:11:12'),(537,1,7,272,NULL,NULL,NULL,'2023-03-27 21:11:12','2023-03-27 21:11:12'),(538,1,8,272,NULL,NULL,NULL,'2023-03-27 21:11:12','2023-03-27 21:11:12'),(539,1,9,272,NULL,NULL,NULL,'2023-03-27 21:11:12','2023-03-27 21:11:12'),(540,1,1,273,NULL,NULL,NULL,'2023-03-27 21:11:35','2023-03-27 21:11:35'),(541,1,4,273,NULL,NULL,NULL,'2023-03-27 21:11:35','2023-03-27 21:11:35'),(542,1,5,273,NULL,NULL,NULL,'2023-03-27 21:11:35','2023-03-27 21:11:35'),(543,1,6,273,NULL,NULL,NULL,'2023-03-27 21:11:35','2023-03-27 21:11:35'),(544,1,7,273,NULL,NULL,NULL,'2023-03-27 21:11:35','2023-03-27 21:11:35'),(545,1,8,273,NULL,NULL,NULL,'2023-03-27 21:11:35','2023-03-27 21:11:35'),(546,1,9,273,NULL,NULL,NULL,'2023-03-27 21:11:35','2023-03-27 21:11:35'),(547,1,1,275,NULL,NULL,NULL,'2023-03-27 21:11:59','2023-03-27 21:11:59'),(548,1,4,275,NULL,NULL,NULL,'2023-03-27 21:11:59','2023-03-27 21:11:59'),(549,1,5,275,NULL,NULL,NULL,'2023-03-27 21:11:59','2023-03-27 21:11:59'),(550,1,6,275,NULL,NULL,NULL,'2023-03-27 21:11:59','2023-03-27 21:11:59'),(551,1,7,275,NULL,NULL,NULL,'2023-03-27 21:11:59','2023-03-27 21:11:59'),(552,1,8,275,NULL,NULL,NULL,'2023-03-27 21:11:59','2023-03-27 21:11:59'),(553,1,9,275,NULL,NULL,NULL,'2023-03-27 21:11:59','2023-03-27 21:11:59'),(554,1,1,276,NULL,NULL,NULL,'2023-03-27 21:12:31','2023-03-27 21:12:31'),(555,1,4,276,NULL,NULL,NULL,'2023-03-27 21:12:31','2023-03-27 21:12:31'),(556,1,5,276,NULL,NULL,NULL,'2023-03-27 21:12:31','2023-03-27 21:12:31'),(557,1,6,276,NULL,NULL,NULL,'2023-03-27 21:12:31','2023-03-27 21:12:31'),(558,1,7,276,NULL,NULL,NULL,'2023-03-27 21:12:31','2023-03-27 21:12:31'),(559,1,8,276,NULL,NULL,NULL,'2023-03-27 21:12:31','2023-03-27 21:12:31'),(560,1,9,276,NULL,NULL,NULL,'2023-03-27 21:12:31','2023-03-27 21:12:31'),(561,1,1,279,NULL,NULL,NULL,'2023-03-27 21:12:57','2023-03-27 21:12:57'),(562,1,4,279,NULL,NULL,NULL,'2023-03-27 21:12:57','2023-03-27 21:12:57'),(563,1,5,279,NULL,NULL,NULL,'2023-03-27 21:12:57','2023-03-27 21:12:57'),(564,1,6,279,NULL,NULL,NULL,'2023-03-27 21:12:57','2023-03-27 21:12:57'),(565,1,7,279,NULL,NULL,NULL,'2023-03-27 21:12:57','2023-03-27 21:12:57'),(566,1,8,279,NULL,NULL,NULL,'2023-03-27 21:12:57','2023-03-27 21:12:57'),(567,1,9,279,NULL,NULL,NULL,'2023-03-27 21:12:57','2023-03-27 21:12:57'),(568,1,1,274,NULL,NULL,NULL,'2023-03-27 21:13:25','2023-03-27 21:13:25'),(569,1,4,274,NULL,NULL,NULL,'2023-03-27 21:13:25','2023-03-27 21:13:25'),(570,1,5,274,NULL,NULL,NULL,'2023-03-27 21:13:25','2023-03-27 21:13:25'),(571,1,6,274,NULL,NULL,NULL,'2023-03-27 21:13:25','2023-03-27 21:13:25'),(572,1,7,274,NULL,NULL,NULL,'2023-03-27 21:13:25','2023-03-27 21:13:25'),(573,1,8,274,NULL,NULL,NULL,'2023-03-27 21:13:25','2023-03-27 21:13:25'),(574,1,9,274,NULL,NULL,NULL,'2023-03-27 21:13:25','2023-03-27 21:13:25'),(575,1,1,282,NULL,NULL,NULL,'2023-03-27 21:13:51','2023-03-27 21:13:51'),(576,1,4,282,NULL,NULL,NULL,'2023-03-27 21:13:51','2023-03-27 21:13:51'),(577,1,5,282,NULL,NULL,NULL,'2023-03-27 21:13:51','2023-03-27 21:13:51'),(578,1,6,282,NULL,NULL,NULL,'2023-03-27 21:13:51','2023-03-27 21:13:51'),(579,1,7,282,NULL,NULL,NULL,'2023-03-27 21:13:51','2023-03-27 21:13:51'),(580,1,8,282,NULL,NULL,NULL,'2023-03-27 21:13:51','2023-03-27 21:13:51'),(581,1,9,282,NULL,NULL,NULL,'2023-03-27 21:13:51','2023-03-27 21:13:51'),(582,1,1,288,NULL,NULL,NULL,'2023-03-27 21:14:15','2023-03-27 21:14:15'),(583,1,4,288,NULL,NULL,NULL,'2023-03-27 21:14:15','2023-03-27 21:14:15'),(584,1,5,288,NULL,NULL,NULL,'2023-03-27 21:14:15','2023-03-27 21:14:15'),(585,1,6,288,NULL,NULL,NULL,'2023-03-27 21:14:15','2023-03-27 21:14:15'),(586,1,7,288,NULL,NULL,NULL,'2023-03-27 21:14:15','2023-03-27 21:14:15'),(587,1,8,288,NULL,NULL,NULL,'2023-03-27 21:14:15','2023-03-27 21:14:15'),(588,1,9,288,NULL,NULL,NULL,'2023-03-27 21:14:15','2023-03-27 21:14:15'),(589,1,1,277,NULL,NULL,NULL,'2023-03-27 21:14:42','2023-03-27 21:14:42'),(590,1,4,277,NULL,NULL,NULL,'2023-03-27 21:14:42','2023-03-27 21:14:42'),(591,1,5,277,NULL,NULL,NULL,'2023-03-27 21:14:42','2023-03-27 21:14:42'),(592,1,6,277,NULL,NULL,NULL,'2023-03-27 21:14:42','2023-03-27 21:14:42'),(593,1,7,277,NULL,NULL,NULL,'2023-03-27 21:14:42','2023-03-27 21:14:42'),(594,1,8,277,NULL,NULL,NULL,'2023-03-27 21:14:42','2023-03-27 21:14:42'),(595,1,9,277,NULL,NULL,NULL,'2023-03-27 21:14:42','2023-03-27 21:14:42'),(596,1,1,287,NULL,NULL,NULL,'2023-03-27 21:15:08','2023-03-27 21:15:08'),(597,1,4,287,NULL,NULL,NULL,'2023-03-27 21:15:08','2023-03-27 21:15:08'),(598,1,5,287,NULL,NULL,NULL,'2023-03-27 21:15:08','2023-03-27 21:15:08'),(599,1,6,287,NULL,NULL,NULL,'2023-03-27 21:15:08','2023-03-27 21:15:08'),(600,1,7,287,NULL,NULL,NULL,'2023-03-27 21:15:08','2023-03-27 21:15:08'),(601,1,8,287,NULL,NULL,NULL,'2023-03-27 21:15:08','2023-03-27 21:15:08'),(602,1,9,287,NULL,NULL,NULL,'2023-03-27 21:15:08','2023-03-27 21:15:08'),(603,1,1,283,NULL,NULL,NULL,'2023-03-27 21:15:40','2023-03-27 21:15:40'),(604,1,4,283,NULL,NULL,NULL,'2023-03-27 21:15:40','2023-03-27 21:15:40'),(605,1,5,283,NULL,NULL,NULL,'2023-03-27 21:15:40','2023-03-27 21:15:40'),(606,1,6,283,NULL,NULL,NULL,'2023-03-27 21:15:40','2023-03-27 21:15:40'),(607,1,7,283,NULL,NULL,NULL,'2023-03-27 21:15:40','2023-03-27 21:15:40'),(608,1,8,283,NULL,NULL,NULL,'2023-03-27 21:15:40','2023-03-27 21:15:40'),(609,1,9,283,NULL,NULL,NULL,'2023-03-27 21:15:40','2023-03-27 21:15:40'),(610,1,1,289,NULL,NULL,NULL,'2023-03-27 21:47:42','2023-03-27 21:47:42'),(611,1,4,289,NULL,NULL,NULL,'2023-03-27 21:47:42','2023-03-27 21:47:42'),(612,1,5,289,NULL,NULL,NULL,'2023-03-27 21:47:42','2023-03-27 21:47:42'),(613,1,6,289,NULL,NULL,NULL,'2023-03-27 21:47:42','2023-03-27 21:47:42'),(614,1,7,289,NULL,NULL,NULL,'2023-03-27 21:47:42','2023-03-27 21:47:42'),(615,1,8,289,NULL,NULL,NULL,'2023-03-27 21:47:42','2023-03-27 21:47:42'),(616,1,9,289,NULL,NULL,NULL,'2023-03-27 21:47:42','2023-03-27 21:47:42'),(617,1,1,290,NULL,NULL,NULL,'2023-03-27 21:48:22','2023-03-27 21:48:22'),(618,1,4,290,NULL,NULL,NULL,'2023-03-27 21:48:22','2023-03-27 21:48:22'),(619,1,5,290,NULL,NULL,NULL,'2023-03-27 21:48:22','2023-03-27 21:48:22'),(620,1,6,290,NULL,NULL,NULL,'2023-03-27 21:48:22','2023-03-27 21:48:22'),(621,1,7,290,NULL,NULL,NULL,'2023-03-27 21:48:22','2023-03-27 21:48:22'),(622,1,8,290,NULL,NULL,NULL,'2023-03-27 21:48:22','2023-03-27 21:48:22'),(623,1,9,290,NULL,NULL,NULL,'2023-03-27 21:48:22','2023-03-27 21:48:22'),(624,1,1,291,NULL,NULL,NULL,'2023-03-27 21:48:51','2023-03-27 21:48:51'),(625,1,4,291,NULL,NULL,NULL,'2023-03-27 21:48:51','2023-03-27 21:48:51'),(626,1,5,291,NULL,NULL,NULL,'2023-03-27 21:48:51','2023-03-27 21:48:51'),(627,1,6,291,NULL,NULL,NULL,'2023-03-27 21:48:51','2023-03-27 21:48:51'),(628,1,7,291,NULL,NULL,NULL,'2023-03-27 21:48:51','2023-03-27 21:48:51'),(629,1,8,291,NULL,NULL,NULL,'2023-03-27 21:48:51','2023-03-27 21:48:51'),(630,1,9,291,NULL,NULL,NULL,'2023-03-27 21:48:51','2023-03-27 21:48:51'),(631,1,1,292,NULL,NULL,NULL,'2023-03-27 21:49:16','2023-03-27 21:49:16'),(632,1,4,292,NULL,NULL,NULL,'2023-03-27 21:49:16','2023-03-27 21:49:16'),(633,1,5,292,NULL,NULL,NULL,'2023-03-27 21:49:16','2023-03-27 21:49:16'),(634,1,6,292,NULL,NULL,NULL,'2023-03-27 21:49:16','2023-03-27 21:49:16'),(635,1,7,292,NULL,NULL,NULL,'2023-03-27 21:49:16','2023-03-27 21:49:16'),(636,1,8,292,NULL,NULL,NULL,'2023-03-27 21:49:16','2023-03-27 21:49:16'),(637,1,9,292,NULL,NULL,NULL,'2023-03-27 21:49:16','2023-03-27 21:49:16'),(638,1,1,293,NULL,NULL,NULL,'2023-03-27 21:49:46','2023-03-27 21:49:46'),(639,1,4,293,NULL,NULL,NULL,'2023-03-27 21:49:46','2023-03-27 21:49:46'),(640,1,5,293,NULL,NULL,NULL,'2023-03-27 21:49:46','2023-03-27 21:49:46'),(641,1,6,293,NULL,NULL,NULL,'2023-03-27 21:49:46','2023-03-27 21:49:46'),(642,1,7,293,NULL,NULL,NULL,'2023-03-27 21:49:46','2023-03-27 21:49:46'),(643,1,8,293,NULL,NULL,NULL,'2023-03-27 21:49:46','2023-03-27 21:49:46'),(644,1,9,293,NULL,NULL,NULL,'2023-03-27 21:49:46','2023-03-27 21:49:46'),(645,1,1,294,NULL,NULL,NULL,'2023-03-27 21:50:18','2023-03-27 21:50:18'),(646,1,4,294,NULL,NULL,NULL,'2023-03-27 21:50:18','2023-03-27 21:50:18'),(647,1,5,294,NULL,NULL,NULL,'2023-03-27 21:50:18','2023-03-27 21:50:18'),(648,1,6,294,NULL,NULL,NULL,'2023-03-27 21:50:18','2023-03-27 21:50:18'),(649,1,7,294,NULL,NULL,NULL,'2023-03-27 21:50:18','2023-03-27 21:50:18'),(650,1,8,294,NULL,NULL,NULL,'2023-03-27 21:50:18','2023-03-27 21:50:18'),(651,1,9,294,NULL,NULL,NULL,'2023-03-27 21:50:18','2023-03-27 21:50:18'),(652,1,1,310,NULL,NULL,NULL,'2023-03-27 21:51:14','2023-03-27 21:51:14'),(653,1,4,310,NULL,NULL,NULL,'2023-03-27 21:51:14','2023-03-27 21:51:14'),(654,1,5,310,NULL,NULL,NULL,'2023-03-27 21:51:14','2023-03-27 21:51:14'),(655,1,6,310,NULL,NULL,NULL,'2023-03-27 21:51:14','2023-03-27 21:51:14'),(656,1,7,310,NULL,NULL,NULL,'2023-03-27 21:51:14','2023-03-27 21:51:14'),(657,1,8,310,NULL,NULL,NULL,'2023-03-27 21:51:14','2023-03-27 21:51:14'),(658,1,9,310,NULL,NULL,NULL,'2023-03-27 21:51:14','2023-03-27 21:51:14'),(659,1,1,311,NULL,NULL,NULL,'2023-03-27 21:51:43','2023-03-27 21:51:43'),(660,1,4,311,NULL,NULL,NULL,'2023-03-27 21:51:43','2023-03-27 21:51:43'),(661,1,5,311,NULL,NULL,NULL,'2023-03-27 21:51:43','2023-03-27 21:51:43'),(662,1,6,311,NULL,NULL,NULL,'2023-03-27 21:51:43','2023-03-27 21:51:43'),(663,1,7,311,NULL,NULL,NULL,'2023-03-27 21:51:43','2023-03-27 21:51:43'),(664,1,8,311,NULL,NULL,NULL,'2023-03-27 21:51:43','2023-03-27 21:51:43'),(665,1,9,311,NULL,NULL,NULL,'2023-03-27 21:51:43','2023-03-27 21:51:43'),(666,1,1,304,NULL,NULL,NULL,'2023-03-27 21:52:11','2023-03-27 21:52:11'),(667,1,4,304,NULL,NULL,NULL,'2023-03-27 21:52:11','2023-03-27 21:52:11'),(668,1,5,304,NULL,NULL,NULL,'2023-03-27 21:52:11','2023-03-27 21:52:11'),(669,1,6,304,NULL,NULL,NULL,'2023-03-27 21:52:11','2023-03-27 21:52:11'),(670,1,7,304,NULL,NULL,NULL,'2023-03-27 21:52:11','2023-03-27 21:52:11'),(671,1,8,304,NULL,NULL,NULL,'2023-03-27 21:52:11','2023-03-27 21:52:11'),(672,1,9,304,NULL,NULL,NULL,'2023-03-27 21:52:11','2023-03-27 21:52:11'),(673,1,1,305,NULL,NULL,NULL,'2023-03-27 21:52:43','2023-03-27 21:52:43'),(674,1,4,305,NULL,NULL,NULL,'2023-03-27 21:52:43','2023-03-27 21:52:43'),(675,1,5,305,NULL,NULL,NULL,'2023-03-27 21:52:43','2023-03-27 21:52:43'),(676,1,6,305,NULL,NULL,NULL,'2023-03-27 21:52:43','2023-03-27 21:52:43'),(677,1,7,305,NULL,NULL,NULL,'2023-03-27 21:52:43','2023-03-27 21:52:43'),(678,1,8,305,NULL,NULL,NULL,'2023-03-27 21:52:43','2023-03-27 21:52:43'),(679,1,9,305,NULL,NULL,NULL,'2023-03-27 21:52:43','2023-03-27 21:52:43'),(680,1,1,300,NULL,NULL,NULL,'2023-03-27 21:53:19','2023-03-27 21:53:19'),(681,1,4,300,NULL,NULL,NULL,'2023-03-27 21:53:19','2023-03-27 21:53:19'),(682,1,5,300,NULL,NULL,NULL,'2023-03-27 21:53:19','2023-03-27 21:53:19'),(683,1,6,300,NULL,NULL,NULL,'2023-03-27 21:53:19','2023-03-27 21:53:19'),(684,1,7,300,NULL,NULL,NULL,'2023-03-27 21:53:19','2023-03-27 21:53:19'),(685,1,8,300,NULL,NULL,NULL,'2023-03-27 21:53:19','2023-03-27 21:53:19'),(686,1,9,300,NULL,NULL,NULL,'2023-03-27 21:53:19','2023-03-27 21:53:19'),(687,1,1,301,NULL,NULL,NULL,'2023-03-27 21:53:49','2023-03-27 21:53:49'),(688,1,4,301,NULL,NULL,NULL,'2023-03-27 21:53:49','2023-03-27 21:53:49'),(689,1,5,301,NULL,NULL,NULL,'2023-03-27 21:53:49','2023-03-27 21:53:49'),(690,1,6,301,NULL,NULL,NULL,'2023-03-27 21:53:49','2023-03-27 21:53:49'),(691,1,7,301,NULL,NULL,NULL,'2023-03-27 21:53:49','2023-03-27 21:53:49'),(692,1,8,301,NULL,NULL,NULL,'2023-03-27 21:53:49','2023-03-27 21:53:49'),(693,1,9,301,NULL,NULL,NULL,'2023-03-27 21:53:49','2023-03-27 21:53:49'),(694,1,1,302,NULL,NULL,NULL,'2023-03-27 21:54:15','2023-03-27 21:54:15'),(695,1,4,302,NULL,NULL,NULL,'2023-03-27 21:54:15','2023-03-27 21:54:15'),(696,1,5,302,NULL,NULL,NULL,'2023-03-27 21:54:15','2023-03-27 21:54:15'),(697,1,6,302,NULL,NULL,NULL,'2023-03-27 21:54:15','2023-03-27 21:54:15'),(698,1,7,302,NULL,NULL,NULL,'2023-03-27 21:54:15','2023-03-27 21:54:15'),(699,1,8,302,NULL,NULL,NULL,'2023-03-27 21:54:15','2023-03-27 21:54:15'),(700,1,9,302,NULL,NULL,NULL,'2023-03-27 21:54:15','2023-03-27 21:54:15'),(701,1,1,303,NULL,NULL,NULL,'2023-03-27 21:54:39','2023-03-27 21:54:39'),(702,1,4,303,NULL,NULL,NULL,'2023-03-27 21:54:39','2023-03-27 21:54:39'),(703,1,5,303,NULL,NULL,NULL,'2023-03-27 21:54:39','2023-03-27 21:54:39'),(704,1,6,303,NULL,NULL,NULL,'2023-03-27 21:54:39','2023-03-27 21:54:39'),(705,1,7,303,NULL,NULL,NULL,'2023-03-27 21:54:39','2023-03-27 21:54:39'),(706,1,8,303,NULL,NULL,NULL,'2023-03-27 21:54:39','2023-03-27 21:54:39'),(707,1,9,303,NULL,NULL,NULL,'2023-03-27 21:54:39','2023-03-27 21:54:39'),(708,1,1,295,NULL,NULL,NULL,'2023-03-27 21:55:08','2023-03-27 21:55:08'),(709,1,4,295,NULL,NULL,NULL,'2023-03-27 21:55:08','2023-03-27 21:55:08'),(710,1,5,295,NULL,NULL,NULL,'2023-03-27 21:55:08','2023-03-27 21:55:08'),(711,1,6,295,NULL,NULL,NULL,'2023-03-27 21:55:08','2023-03-27 21:55:08'),(712,1,7,295,NULL,NULL,NULL,'2023-03-27 21:55:08','2023-03-27 21:55:08'),(713,1,8,295,NULL,NULL,NULL,'2023-03-27 21:55:08','2023-03-27 21:55:08'),(714,1,9,295,NULL,NULL,NULL,'2023-03-27 21:55:08','2023-03-27 21:55:08'),(715,1,1,296,NULL,NULL,NULL,'2023-03-27 21:55:37','2023-03-27 21:55:37'),(716,1,4,296,NULL,NULL,NULL,'2023-03-27 21:55:37','2023-03-27 21:55:37'),(717,1,5,296,NULL,NULL,NULL,'2023-03-27 21:55:37','2023-03-27 21:55:37'),(718,1,6,296,NULL,NULL,NULL,'2023-03-27 21:55:37','2023-03-27 21:55:37'),(719,1,7,296,NULL,NULL,NULL,'2023-03-27 21:55:37','2023-03-27 21:55:37'),(720,1,8,296,NULL,NULL,NULL,'2023-03-27 21:55:37','2023-03-27 21:55:37'),(721,1,9,296,NULL,NULL,NULL,'2023-03-27 21:55:37','2023-03-27 21:55:37'),(722,1,1,297,NULL,NULL,NULL,'2023-03-27 21:56:04','2023-03-27 21:56:04'),(723,1,4,297,NULL,NULL,NULL,'2023-03-27 21:56:04','2023-03-27 21:56:04'),(724,1,5,297,NULL,NULL,NULL,'2023-03-27 21:56:04','2023-03-27 21:56:04'),(725,1,6,297,NULL,NULL,NULL,'2023-03-27 21:56:04','2023-03-27 21:56:04'),(726,1,7,297,NULL,NULL,NULL,'2023-03-27 21:56:04','2023-03-27 21:56:04'),(727,1,8,297,NULL,NULL,NULL,'2023-03-27 21:56:04','2023-03-27 21:56:04'),(728,1,9,297,NULL,NULL,NULL,'2023-03-27 21:56:04','2023-03-27 21:56:04'),(729,1,1,298,NULL,NULL,NULL,'2023-03-27 21:56:30','2023-03-27 21:56:30'),(730,1,4,298,NULL,NULL,NULL,'2023-03-27 21:56:30','2023-03-27 21:56:30'),(731,1,5,298,NULL,NULL,NULL,'2023-03-27 21:56:30','2023-03-27 21:56:30'),(732,1,6,298,NULL,NULL,NULL,'2023-03-27 21:56:30','2023-03-27 21:56:30'),(733,1,7,298,NULL,NULL,NULL,'2023-03-27 21:56:30','2023-03-27 21:56:30'),(734,1,8,298,NULL,NULL,NULL,'2023-03-27 21:56:30','2023-03-27 21:56:30'),(735,1,9,298,NULL,NULL,NULL,'2023-03-27 21:56:30','2023-03-27 21:56:30'),(736,1,1,299,NULL,NULL,NULL,'2023-03-27 21:57:03','2023-03-27 21:57:03'),(737,1,4,299,NULL,NULL,NULL,'2023-03-27 21:57:03','2023-03-27 21:57:03'),(738,1,5,299,NULL,NULL,NULL,'2023-03-27 21:57:03','2023-03-27 21:57:03'),(739,1,6,299,NULL,NULL,NULL,'2023-03-27 21:57:03','2023-03-27 21:57:03'),(740,1,7,299,NULL,NULL,NULL,'2023-03-27 21:57:03','2023-03-27 21:57:03'),(741,1,8,299,NULL,NULL,NULL,'2023-03-27 21:57:03','2023-03-27 21:57:03'),(742,1,9,299,NULL,NULL,NULL,'2023-03-27 21:57:03','2023-03-27 21:57:03'),(743,1,1,716,NULL,NULL,NULL,'2023-03-27 21:57:29','2023-03-27 21:57:29'),(744,1,4,716,NULL,NULL,NULL,'2023-03-27 21:57:29','2023-03-27 21:57:29'),(745,1,5,716,NULL,NULL,NULL,'2023-03-27 21:57:29','2023-03-27 21:57:29'),(746,1,6,716,NULL,NULL,NULL,'2023-03-27 21:57:29','2023-03-27 21:57:29'),(747,1,7,716,NULL,NULL,NULL,'2023-03-27 21:57:29','2023-03-27 21:57:29'),(748,1,8,716,NULL,NULL,NULL,'2023-03-27 21:57:29','2023-03-27 21:57:29'),(749,1,9,716,NULL,NULL,NULL,'2023-03-27 21:57:29','2023-03-27 21:57:29'),(750,1,1,715,NULL,NULL,NULL,'2023-03-27 21:58:05','2023-03-27 21:58:05'),(751,1,4,715,NULL,NULL,NULL,'2023-03-27 21:58:05','2023-03-27 21:58:05'),(752,1,5,715,NULL,NULL,NULL,'2023-03-27 21:58:05','2023-03-27 21:58:05'),(753,1,6,715,NULL,NULL,NULL,'2023-03-27 21:58:05','2023-03-27 21:58:05'),(754,1,7,715,NULL,NULL,NULL,'2023-03-27 21:58:05','2023-03-27 21:58:05'),(755,1,8,715,NULL,NULL,NULL,'2023-03-27 21:58:05','2023-03-27 21:58:05'),(756,1,9,715,NULL,NULL,NULL,'2023-03-27 21:58:05','2023-03-27 21:58:05'),(757,1,1,308,NULL,NULL,NULL,'2023-03-27 22:05:49','2023-03-27 22:05:49'),(758,1,4,308,NULL,NULL,NULL,'2023-03-27 22:05:49','2023-03-27 22:05:49'),(759,1,5,308,NULL,NULL,NULL,'2023-03-27 22:05:49','2023-03-27 22:05:49'),(760,1,6,308,NULL,NULL,NULL,'2023-03-27 22:05:49','2023-03-27 22:05:49'),(761,1,7,308,NULL,NULL,NULL,'2023-03-27 22:05:49','2023-03-27 22:05:49'),(762,1,8,308,NULL,NULL,NULL,'2023-03-27 22:05:49','2023-03-27 22:05:49'),(763,1,9,308,NULL,NULL,NULL,'2023-03-27 22:05:49','2023-03-27 22:05:49'),(764,1,1,306,NULL,NULL,NULL,'2023-03-27 22:06:58','2023-03-27 22:06:58'),(765,1,4,306,NULL,NULL,NULL,'2023-03-27 22:06:58','2023-03-27 22:06:58'),(766,1,5,306,NULL,NULL,NULL,'2023-03-27 22:06:58','2023-03-27 22:06:58'),(767,1,6,306,NULL,NULL,NULL,'2023-03-27 22:06:58','2023-03-27 22:06:58'),(768,1,7,306,NULL,NULL,NULL,'2023-03-27 22:06:58','2023-03-27 22:06:58'),(769,1,8,306,NULL,NULL,NULL,'2023-03-27 22:06:58','2023-03-27 22:06:58'),(770,1,9,306,NULL,NULL,NULL,'2023-03-27 22:06:58','2023-03-27 22:06:58'),(771,1,1,340,NULL,NULL,NULL,'2023-03-27 22:10:10','2023-03-29 21:48:01'),(772,1,4,340,NULL,NULL,NULL,'2023-03-27 22:10:10','2023-03-29 21:48:01'),(773,1,5,340,NULL,NULL,NULL,'2023-03-27 22:10:10','2023-03-29 21:48:01'),(774,1,6,340,NULL,NULL,NULL,'2023-03-27 22:10:10','2023-03-29 21:48:01'),(775,1,7,340,NULL,NULL,NULL,'2023-03-27 22:10:10','2023-03-29 21:48:01'),(776,1,8,340,NULL,NULL,NULL,'2023-03-27 22:10:10','2023-03-29 21:48:01'),(777,1,9,340,NULL,NULL,NULL,'2023-03-27 22:10:10','2023-03-29 21:48:01'),(778,1,1,341,NULL,NULL,NULL,'2023-03-27 22:10:37','2023-03-29 21:48:29'),(779,1,4,341,NULL,NULL,NULL,'2023-03-27 22:10:37','2023-03-29 21:48:29'),(780,1,5,341,NULL,NULL,NULL,'2023-03-27 22:10:37','2023-03-29 21:48:29'),(781,1,6,341,NULL,NULL,NULL,'2023-03-27 22:10:37','2023-03-29 21:48:29'),(782,1,7,341,NULL,NULL,NULL,'2023-03-27 22:10:37','2023-03-29 21:48:29'),(783,1,8,341,NULL,NULL,NULL,'2023-03-27 22:10:37','2023-03-29 21:48:29'),(784,1,9,341,NULL,NULL,NULL,'2023-03-27 22:10:37','2023-03-29 21:48:29'),(785,1,1,342,NULL,NULL,NULL,'2023-03-27 22:11:04','2023-03-29 21:49:11'),(786,1,4,342,NULL,NULL,NULL,'2023-03-27 22:11:04','2023-03-29 21:49:11'),(787,1,5,342,NULL,NULL,NULL,'2023-03-27 22:11:04','2023-03-29 21:49:11'),(788,1,6,342,NULL,NULL,NULL,'2023-03-27 22:11:04','2023-03-29 21:49:11'),(789,1,7,342,NULL,NULL,NULL,'2023-03-27 22:11:04','2023-03-29 21:49:11'),(790,1,8,342,NULL,NULL,NULL,'2023-03-27 22:11:04','2023-03-29 21:49:11'),(791,1,9,342,NULL,NULL,NULL,'2023-03-27 22:11:04','2023-03-29 21:49:11'),(792,1,1,343,NULL,NULL,NULL,'2023-03-27 22:11:35','2023-03-29 21:49:43'),(793,1,4,343,NULL,NULL,NULL,'2023-03-27 22:11:35','2023-03-29 21:49:43'),(794,1,5,343,NULL,NULL,NULL,'2023-03-27 22:11:35','2023-03-29 21:49:43'),(795,1,6,343,NULL,NULL,NULL,'2023-03-27 22:11:35','2023-03-29 21:49:43'),(796,1,7,343,NULL,NULL,NULL,'2023-03-27 22:11:35','2023-03-29 21:49:43'),(797,1,8,343,NULL,NULL,NULL,'2023-03-27 22:11:35','2023-03-29 21:49:43'),(798,1,9,343,NULL,NULL,NULL,'2023-03-27 22:11:35','2023-03-29 21:49:43'),(799,1,1,344,NULL,NULL,NULL,'2023-03-27 22:12:00','2023-03-29 21:50:10'),(800,1,4,344,NULL,NULL,NULL,'2023-03-27 22:12:00','2023-03-29 21:50:10'),(801,1,5,344,NULL,NULL,NULL,'2023-03-27 22:12:00','2023-03-29 21:50:10'),(802,1,6,344,NULL,NULL,NULL,'2023-03-27 22:12:00','2023-03-29 21:50:10'),(803,1,7,344,NULL,NULL,NULL,'2023-03-27 22:12:00','2023-03-29 21:50:10'),(804,1,8,344,NULL,NULL,NULL,'2023-03-27 22:12:00','2023-03-29 21:50:10'),(805,1,9,344,NULL,NULL,NULL,'2023-03-27 22:12:00','2023-03-29 21:50:10'),(806,1,1,819,NULL,NULL,NULL,'2023-03-27 22:12:39','2023-03-29 21:50:48'),(807,1,4,819,NULL,NULL,NULL,'2023-03-27 22:12:39','2023-03-29 21:50:48'),(808,1,5,819,NULL,NULL,NULL,'2023-03-27 22:12:39','2023-03-29 21:50:48'),(809,1,6,819,NULL,NULL,NULL,'2023-03-27 22:12:39','2023-03-29 21:50:48'),(810,1,7,819,NULL,NULL,NULL,'2023-03-27 22:12:39','2023-03-29 21:50:48'),(811,1,8,819,NULL,NULL,NULL,'2023-03-27 22:12:39','2023-03-29 21:50:48'),(812,1,9,819,NULL,NULL,NULL,'2023-03-27 22:12:39','2023-03-29 21:50:48'),(813,1,1,820,NULL,NULL,NULL,'2023-03-27 22:13:25','2023-03-29 21:51:24'),(814,1,4,820,NULL,NULL,NULL,'2023-03-27 22:13:25','2023-03-29 21:51:24'),(815,1,5,820,NULL,NULL,NULL,'2023-03-27 22:13:25','2023-03-29 21:51:24'),(816,1,6,820,NULL,NULL,NULL,'2023-03-27 22:13:25','2023-03-29 21:51:24'),(817,1,7,820,NULL,NULL,NULL,'2023-03-27 22:13:25','2023-03-29 21:51:24'),(818,1,8,820,NULL,NULL,NULL,'2023-03-27 22:13:25','2023-03-29 21:51:24'),(819,1,9,820,NULL,NULL,NULL,'2023-03-27 22:13:25','2023-03-29 21:51:24'),(820,1,1,821,NULL,NULL,NULL,'2023-03-27 22:14:01','2023-03-29 21:52:07'),(821,1,4,821,NULL,NULL,NULL,'2023-03-27 22:14:01','2023-03-29 21:52:07'),(822,1,5,821,NULL,NULL,NULL,'2023-03-27 22:14:01','2023-03-29 21:52:07'),(823,1,6,821,NULL,NULL,NULL,'2023-03-27 22:14:01','2023-03-29 21:52:07'),(824,1,7,821,NULL,NULL,NULL,'2023-03-27 22:14:01','2023-03-29 21:52:07'),(825,1,8,821,NULL,NULL,NULL,'2023-03-27 22:14:01','2023-03-29 21:52:07'),(826,1,9,821,NULL,NULL,NULL,'2023-03-27 22:14:01','2023-03-29 21:52:07'),(827,1,1,823,NULL,NULL,NULL,'2023-03-27 22:14:30','2023-03-29 21:52:45'),(828,1,4,823,NULL,NULL,NULL,'2023-03-27 22:14:30','2023-03-29 21:52:45'),(829,1,5,823,NULL,NULL,NULL,'2023-03-27 22:14:30','2023-03-29 21:52:45'),(830,1,6,823,NULL,NULL,NULL,'2023-03-27 22:14:30','2023-03-29 21:52:45'),(831,1,7,823,NULL,NULL,NULL,'2023-03-27 22:14:30','2023-03-29 21:52:45'),(832,1,8,823,NULL,NULL,NULL,'2023-03-27 22:14:30','2023-03-29 21:52:45'),(833,1,9,823,NULL,NULL,NULL,'2023-03-27 22:14:30','2023-03-29 21:52:45'),(834,1,1,822,NULL,NULL,NULL,'2023-03-27 22:15:03','2023-03-29 21:53:47'),(835,1,4,822,NULL,NULL,NULL,'2023-03-27 22:15:03','2023-03-29 21:53:47'),(836,1,5,822,NULL,NULL,NULL,'2023-03-27 22:15:03','2023-03-29 21:53:47'),(837,1,6,822,NULL,NULL,NULL,'2023-03-27 22:15:03','2023-03-29 21:53:47'),(838,1,7,822,NULL,NULL,NULL,'2023-03-27 22:15:03','2023-03-29 21:53:47'),(839,1,8,822,NULL,NULL,NULL,'2023-03-27 22:15:03','2023-03-29 21:53:47'),(840,1,9,822,NULL,NULL,NULL,'2023-03-27 22:15:03','2023-03-29 21:53:47'),(841,1,1,824,NULL,NULL,NULL,'2023-03-27 22:15:33','2023-03-29 21:54:17'),(842,1,4,824,NULL,NULL,NULL,'2023-03-27 22:15:33','2023-03-29 21:54:17'),(843,1,5,824,NULL,NULL,NULL,'2023-03-27 22:15:33','2023-03-29 21:54:17'),(844,1,6,824,NULL,NULL,NULL,'2023-03-27 22:15:33','2023-03-29 21:54:17'),(845,1,7,824,NULL,NULL,NULL,'2023-03-27 22:15:33','2023-03-29 21:54:17'),(846,1,8,824,NULL,NULL,NULL,'2023-03-27 22:15:33','2023-03-29 21:54:17'),(847,1,9,824,NULL,NULL,NULL,'2023-03-27 22:15:33','2023-03-29 21:54:17'),(848,1,1,825,NULL,NULL,NULL,'2023-03-27 22:16:10','2023-03-29 21:54:45'),(849,1,4,825,NULL,NULL,NULL,'2023-03-27 22:16:10','2023-03-29 21:54:45'),(850,1,5,825,NULL,NULL,NULL,'2023-03-27 22:16:10','2023-03-29 21:54:45'),(851,1,6,825,NULL,NULL,NULL,'2023-03-27 22:16:10','2023-03-29 21:54:45'),(852,1,7,825,NULL,NULL,NULL,'2023-03-27 22:16:10','2023-03-29 21:54:45'),(853,1,8,825,NULL,NULL,NULL,'2023-03-27 22:16:10','2023-03-29 21:54:45'),(854,1,9,825,NULL,NULL,NULL,'2023-03-27 22:16:10','2023-03-29 21:54:45'),(855,1,1,826,NULL,NULL,NULL,'2023-03-27 22:16:43','2023-03-29 21:55:15'),(856,1,4,826,NULL,NULL,NULL,'2023-03-27 22:16:43','2023-03-29 21:55:15'),(857,1,5,826,NULL,NULL,NULL,'2023-03-27 22:16:43','2023-03-29 21:55:15'),(858,1,6,826,NULL,NULL,NULL,'2023-03-27 22:16:43','2023-03-29 21:55:15'),(859,1,7,826,NULL,NULL,NULL,'2023-03-27 22:16:43','2023-03-29 21:55:15'),(860,1,8,826,NULL,NULL,NULL,'2023-03-27 22:16:43','2023-03-29 21:55:15'),(861,1,9,826,NULL,NULL,NULL,'2023-03-27 22:16:43','2023-03-29 21:55:15'),(862,1,1,827,NULL,NULL,NULL,'2023-03-27 22:17:18','2023-03-29 21:55:44'),(863,1,4,827,NULL,NULL,NULL,'2023-03-27 22:17:18','2023-03-29 21:55:44'),(864,1,5,827,NULL,NULL,NULL,'2023-03-27 22:17:18','2023-03-29 21:55:44'),(865,1,6,827,NULL,NULL,NULL,'2023-03-27 22:17:18','2023-03-29 21:55:44'),(866,1,7,827,NULL,NULL,NULL,'2023-03-27 22:17:18','2023-03-29 21:55:44'),(867,1,8,827,NULL,NULL,NULL,'2023-03-27 22:17:18','2023-03-29 21:55:44'),(868,1,9,827,NULL,NULL,NULL,'2023-03-27 22:17:18','2023-03-29 21:55:44'),(869,1,1,828,NULL,NULL,NULL,'2023-03-27 22:17:47','2023-03-29 21:56:15'),(870,1,4,828,NULL,NULL,NULL,'2023-03-27 22:17:47','2023-03-29 21:56:15'),(871,1,5,828,NULL,NULL,NULL,'2023-03-27 22:17:47','2023-03-29 21:56:15'),(872,1,6,828,NULL,NULL,NULL,'2023-03-27 22:17:47','2023-03-29 21:56:15'),(873,1,7,828,NULL,NULL,NULL,'2023-03-27 22:17:47','2023-03-29 21:56:15'),(874,1,8,828,NULL,NULL,NULL,'2023-03-27 22:17:47','2023-03-29 21:56:15'),(875,1,9,828,NULL,NULL,NULL,'2023-03-27 22:17:47','2023-03-29 21:56:15'),(876,1,1,829,NULL,NULL,NULL,'2023-03-27 22:19:51','2023-03-30 12:42:02'),(877,1,4,829,NULL,NULL,NULL,'2023-03-27 22:19:51','2023-03-30 12:42:02'),(878,1,5,829,NULL,NULL,NULL,'2023-03-27 22:19:51','2023-03-30 12:42:02'),(879,1,6,829,NULL,NULL,NULL,'2023-03-27 22:19:51','2023-03-30 12:42:02'),(880,1,7,829,NULL,NULL,NULL,'2023-03-27 22:19:51','2023-03-30 12:42:02'),(881,1,8,829,NULL,NULL,NULL,'2023-03-27 22:19:51','2023-03-30 12:42:02'),(882,1,9,829,NULL,NULL,NULL,'2023-03-27 22:19:51','2023-03-30 12:42:02'),(883,1,1,98,NULL,NULL,NULL,'2023-03-27 22:23:18','2023-03-27 22:23:18'),(884,1,4,98,NULL,NULL,NULL,'2023-03-27 22:23:18','2023-03-27 22:23:18'),(885,1,5,98,NULL,NULL,NULL,'2023-03-27 22:23:18','2023-03-27 22:23:18'),(886,1,6,98,NULL,NULL,NULL,'2023-03-27 22:23:18','2023-03-27 22:23:18'),(887,1,7,98,NULL,NULL,NULL,'2023-03-27 22:23:18','2023-03-27 22:23:18'),(888,1,8,98,NULL,NULL,NULL,'2023-03-27 22:23:18','2023-03-27 22:23:18'),(889,1,9,98,NULL,NULL,NULL,'2023-03-27 22:23:18','2023-03-27 22:23:18'),(890,1,1,92,NULL,NULL,NULL,'2023-03-27 22:23:41','2023-03-27 22:23:41'),(891,1,4,92,NULL,NULL,NULL,'2023-03-27 22:23:41','2023-03-27 22:23:41'),(892,1,5,92,NULL,NULL,NULL,'2023-03-27 22:23:41','2023-03-27 22:23:41'),(893,1,6,92,NULL,NULL,NULL,'2023-03-27 22:23:41','2023-03-27 22:23:41'),(894,1,7,92,NULL,NULL,NULL,'2023-03-27 22:23:41','2023-03-27 22:23:41'),(895,1,8,92,NULL,NULL,NULL,'2023-03-27 22:23:41','2023-03-27 22:23:41'),(896,1,9,92,NULL,NULL,NULL,'2023-03-27 22:23:41','2023-03-27 22:23:41'),(897,1,1,94,NULL,NULL,NULL,'2023-03-27 22:24:05','2023-03-27 22:24:05'),(898,1,4,94,NULL,NULL,NULL,'2023-03-27 22:24:05','2023-03-27 22:24:05'),(899,1,5,94,NULL,NULL,NULL,'2023-03-27 22:24:05','2023-03-27 22:24:05'),(900,1,6,94,NULL,NULL,NULL,'2023-03-27 22:24:05','2023-03-27 22:24:05'),(901,1,7,94,NULL,NULL,NULL,'2023-03-27 22:24:05','2023-03-27 22:24:05'),(902,1,8,94,NULL,NULL,NULL,'2023-03-27 22:24:05','2023-03-27 22:24:05'),(903,1,9,94,NULL,NULL,NULL,'2023-03-27 22:24:05','2023-03-27 22:24:05'),(904,1,4,97,NULL,NULL,NULL,'2023-03-27 22:24:49','2023-03-27 22:24:49'),(905,1,5,97,NULL,NULL,NULL,'2023-03-27 22:24:49','2023-03-27 22:24:49'),(906,1,6,97,NULL,NULL,NULL,'2023-03-27 22:24:49','2023-03-27 22:24:49'),(907,1,7,97,NULL,NULL,NULL,'2023-03-27 22:24:49','2023-03-27 22:24:49'),(908,1,8,97,NULL,NULL,NULL,'2023-03-27 22:24:49','2023-03-27 22:24:49'),(909,1,9,97,NULL,NULL,NULL,'2023-03-27 22:24:49','2023-03-27 22:24:49'),(910,1,4,95,NULL,NULL,NULL,'2023-03-27 22:25:14','2023-03-27 22:25:14'),(911,1,5,95,NULL,NULL,NULL,'2023-03-27 22:25:14','2023-03-27 22:25:14'),(912,1,6,95,NULL,NULL,NULL,'2023-03-27 22:25:14','2023-03-27 22:25:14'),(913,1,7,95,NULL,NULL,NULL,'2023-03-27 22:25:14','2023-03-27 22:25:14'),(914,1,8,95,NULL,NULL,NULL,'2023-03-27 22:25:14','2023-03-27 22:25:14'),(915,1,9,95,NULL,NULL,NULL,'2023-03-27 22:25:14','2023-03-27 22:25:14'),(916,1,4,93,NULL,NULL,NULL,'2023-03-27 22:25:41','2023-03-27 22:25:41'),(917,1,5,93,NULL,NULL,NULL,'2023-03-27 22:25:41','2023-03-27 22:25:41'),(918,1,6,93,NULL,NULL,NULL,'2023-03-27 22:25:41','2023-03-27 22:25:41'),(919,1,7,93,NULL,NULL,NULL,'2023-03-27 22:25:41','2023-03-27 22:25:41'),(920,1,8,93,NULL,NULL,NULL,'2023-03-27 22:25:41','2023-03-27 22:25:41'),(921,1,9,93,NULL,NULL,NULL,'2023-03-27 22:25:41','2023-03-27 22:25:41'),(922,1,1,111,NULL,NULL,NULL,'2023-03-27 22:29:53','2023-03-27 22:31:37'),(923,1,4,111,NULL,NULL,NULL,'2023-03-27 22:29:53','2023-03-27 22:31:37'),(924,1,5,111,NULL,NULL,NULL,'2023-03-27 22:29:53','2023-03-27 22:31:37'),(925,1,6,111,NULL,NULL,NULL,'2023-03-27 22:29:53','2023-03-27 22:31:37'),(926,1,7,111,NULL,NULL,NULL,'2023-03-27 22:29:53','2023-03-27 22:31:37'),(927,1,8,111,NULL,NULL,NULL,'2023-03-27 22:29:53','2023-03-27 22:31:37'),(928,1,9,111,NULL,NULL,NULL,'2023-03-27 22:29:53','2023-03-27 22:31:37'),(929,1,1,112,NULL,NULL,NULL,'2023-03-27 22:30:23','2023-03-27 22:31:58'),(930,1,4,112,NULL,NULL,NULL,'2023-03-27 22:30:23','2023-03-27 22:31:58'),(931,1,5,112,NULL,NULL,NULL,'2023-03-27 22:30:23','2023-03-27 22:31:58'),(932,1,6,112,NULL,NULL,NULL,'2023-03-27 22:30:23','2023-03-27 22:31:58'),(933,1,7,112,NULL,NULL,NULL,'2023-03-27 22:30:23','2023-03-27 22:31:58'),(934,1,8,112,NULL,NULL,NULL,'2023-03-27 22:30:23','2023-03-27 22:31:58'),(935,1,9,112,NULL,NULL,NULL,'2023-03-27 22:30:23','2023-03-27 22:31:58'),(936,1,1,113,NULL,NULL,NULL,'2023-03-27 22:31:10','2023-03-27 22:31:10'),(937,1,4,113,NULL,NULL,NULL,'2023-03-27 22:31:10','2023-03-27 22:31:10'),(938,1,5,113,NULL,NULL,NULL,'2023-03-27 22:31:10','2023-03-27 22:31:10'),(939,1,6,113,NULL,NULL,NULL,'2023-03-27 22:31:10','2023-03-27 22:31:10'),(940,1,7,113,NULL,NULL,NULL,'2023-03-27 22:31:10','2023-03-27 22:31:10'),(941,1,8,113,NULL,NULL,NULL,'2023-03-27 22:31:10','2023-03-27 22:31:10'),(942,1,9,113,NULL,NULL,NULL,'2023-03-27 22:31:10','2023-03-27 22:31:10'),(943,1,1,114,NULL,NULL,NULL,'2023-03-27 22:32:58','2023-03-27 22:32:58'),(944,1,4,114,NULL,NULL,NULL,'2023-03-27 22:32:58','2023-03-27 22:32:58'),(945,1,5,114,NULL,NULL,NULL,'2023-03-27 22:32:58','2023-03-27 22:32:58'),(946,1,6,114,NULL,NULL,NULL,'2023-03-27 22:32:58','2023-03-27 22:32:58'),(947,1,7,114,NULL,NULL,NULL,'2023-03-27 22:32:58','2023-03-27 22:32:58'),(948,1,8,114,NULL,NULL,NULL,'2023-03-27 22:32:58','2023-03-27 22:32:58'),(949,1,9,114,NULL,NULL,NULL,'2023-03-27 22:32:58','2023-03-27 22:32:58'),(950,1,1,115,NULL,NULL,NULL,'2023-03-27 22:34:58','2023-03-27 22:34:58'),(951,1,4,115,NULL,NULL,NULL,'2023-03-27 22:34:58','2023-03-27 22:34:58'),(952,1,5,115,NULL,NULL,NULL,'2023-03-27 22:34:58','2023-03-27 22:34:58'),(953,1,6,115,NULL,NULL,NULL,'2023-03-27 22:34:58','2023-03-27 22:34:58'),(954,1,7,115,NULL,NULL,NULL,'2023-03-27 22:34:58','2023-03-27 22:34:58'),(955,1,8,115,NULL,NULL,NULL,'2023-03-27 22:34:58','2023-03-27 22:34:58'),(956,1,9,115,NULL,NULL,NULL,'2023-03-27 22:34:58','2023-03-27 22:34:58'),(957,1,1,116,NULL,NULL,NULL,'2023-03-27 22:35:35','2023-03-27 22:35:35'),(958,1,4,116,NULL,NULL,NULL,'2023-03-27 22:35:35','2023-03-27 22:35:35'),(959,1,5,116,NULL,NULL,NULL,'2023-03-27 22:35:35','2023-03-27 22:35:35'),(960,1,6,116,NULL,NULL,NULL,'2023-03-27 22:35:35','2023-03-27 22:35:35'),(961,1,7,116,NULL,NULL,NULL,'2023-03-27 22:35:35','2023-03-27 22:35:35'),(962,1,8,116,NULL,NULL,NULL,'2023-03-27 22:35:35','2023-03-27 22:35:35'),(963,1,9,116,NULL,NULL,NULL,'2023-03-27 22:35:35','2023-03-27 22:35:35'),(964,1,1,117,NULL,NULL,NULL,'2023-03-27 22:36:08','2023-03-27 22:36:08'),(965,1,4,117,NULL,NULL,NULL,'2023-03-27 22:36:08','2023-03-27 22:36:08'),(966,1,5,117,NULL,NULL,NULL,'2023-03-27 22:36:08','2023-03-27 22:36:08'),(967,1,6,117,NULL,NULL,NULL,'2023-03-27 22:36:08','2023-03-27 22:36:08'),(968,1,7,117,NULL,NULL,NULL,'2023-03-27 22:36:08','2023-03-27 22:36:08'),(969,1,8,117,NULL,NULL,NULL,'2023-03-27 22:36:08','2023-03-27 22:36:08'),(970,1,9,117,NULL,NULL,NULL,'2023-03-27 22:36:08','2023-03-27 22:36:08'),(971,1,1,118,NULL,NULL,NULL,'2023-03-27 22:36:39','2023-03-27 22:36:39'),(972,1,4,118,NULL,NULL,NULL,'2023-03-27 22:36:39','2023-03-27 22:36:39'),(973,1,5,118,NULL,NULL,NULL,'2023-03-27 22:36:39','2023-03-27 22:36:39'),(974,1,6,118,NULL,NULL,NULL,'2023-03-27 22:36:39','2023-03-27 22:36:39'),(975,1,7,118,NULL,NULL,NULL,'2023-03-27 22:36:39','2023-03-27 22:36:39'),(976,1,8,118,NULL,NULL,NULL,'2023-03-27 22:36:39','2023-03-27 22:36:39'),(977,1,9,118,NULL,NULL,NULL,'2023-03-27 22:36:39','2023-03-27 22:36:39'),(978,1,1,119,NULL,NULL,NULL,'2023-03-27 22:37:11','2023-03-27 22:37:11'),(979,1,4,119,NULL,NULL,NULL,'2023-03-27 22:37:11','2023-03-27 22:37:11'),(980,1,5,119,NULL,NULL,NULL,'2023-03-27 22:37:11','2023-03-27 22:37:11'),(981,1,6,119,NULL,NULL,NULL,'2023-03-27 22:37:11','2023-03-27 22:37:11'),(982,1,7,119,NULL,NULL,NULL,'2023-03-27 22:37:11','2023-03-27 22:37:11'),(983,1,8,119,NULL,NULL,NULL,'2023-03-27 22:37:11','2023-03-27 22:37:11'),(984,1,9,119,NULL,NULL,NULL,'2023-03-27 22:37:11','2023-03-27 22:37:11'),(985,1,1,120,NULL,NULL,NULL,'2023-03-27 22:37:53','2023-03-27 22:37:53'),(986,1,4,120,NULL,NULL,NULL,'2023-03-27 22:37:53','2023-03-27 22:37:53'),(987,1,5,120,NULL,NULL,NULL,'2023-03-27 22:37:53','2023-03-27 22:37:53'),(988,1,6,120,NULL,NULL,NULL,'2023-03-27 22:37:53','2023-03-27 22:37:53'),(989,1,7,120,NULL,NULL,NULL,'2023-03-27 22:37:53','2023-03-27 22:37:53'),(990,1,8,120,NULL,NULL,NULL,'2023-03-27 22:37:53','2023-03-27 22:37:53'),(991,1,9,120,NULL,NULL,NULL,'2023-03-27 22:37:53','2023-03-27 22:37:53'),(992,1,1,121,NULL,NULL,NULL,'2023-03-27 22:47:59','2023-03-27 22:47:59'),(993,1,4,121,NULL,NULL,NULL,'2023-03-27 22:47:59','2023-03-27 22:47:59'),(994,1,5,121,NULL,NULL,NULL,'2023-03-27 22:47:59','2023-03-27 22:47:59'),(995,1,6,121,NULL,NULL,NULL,'2023-03-27 22:47:59','2023-03-27 22:47:59'),(996,1,7,121,NULL,NULL,NULL,'2023-03-27 22:47:59','2023-03-27 22:47:59'),(997,1,8,121,NULL,NULL,NULL,'2023-03-27 22:47:59','2023-03-27 22:47:59'),(998,1,9,121,NULL,NULL,NULL,'2023-03-27 22:47:59','2023-03-27 22:47:59'),(999,1,1,122,NULL,NULL,NULL,'2023-03-27 22:48:28','2023-03-27 22:48:28'),(1000,1,4,122,NULL,NULL,NULL,'2023-03-27 22:48:28','2023-03-27 22:48:28'),(1001,1,5,122,NULL,NULL,NULL,'2023-03-27 22:48:28','2023-03-27 22:48:28'),(1002,1,6,122,NULL,NULL,NULL,'2023-03-27 22:48:28','2023-03-27 22:48:28'),(1003,1,7,122,NULL,NULL,NULL,'2023-03-27 22:48:28','2023-03-27 22:48:28'),(1004,1,8,122,NULL,NULL,NULL,'2023-03-27 22:48:28','2023-03-27 22:48:28'),(1005,1,9,122,NULL,NULL,NULL,'2023-03-27 22:48:28','2023-03-27 22:48:28'),(1006,1,1,123,NULL,NULL,NULL,'2023-03-27 22:48:53','2023-03-27 22:48:53'),(1007,1,4,123,NULL,NULL,NULL,'2023-03-27 22:48:53','2023-03-27 22:48:53'),(1008,1,5,123,NULL,NULL,NULL,'2023-03-27 22:48:53','2023-03-27 22:48:53'),(1009,1,6,123,NULL,NULL,NULL,'2023-03-27 22:48:53','2023-03-27 22:48:53'),(1010,1,7,123,NULL,NULL,NULL,'2023-03-27 22:48:53','2023-03-27 22:48:53'),(1011,1,8,123,NULL,NULL,NULL,'2023-03-27 22:48:53','2023-03-27 22:48:53'),(1012,1,9,123,NULL,NULL,NULL,'2023-03-27 22:48:53','2023-03-27 22:48:53'),(1013,1,1,124,NULL,NULL,NULL,'2023-03-27 22:49:23','2023-03-30 12:23:25'),(1014,1,4,124,NULL,NULL,NULL,'2023-03-27 22:49:23','2023-03-30 12:23:25'),(1015,1,5,124,NULL,NULL,NULL,'2023-03-27 22:49:23','2023-03-30 12:23:25'),(1016,1,6,124,NULL,NULL,NULL,'2023-03-27 22:49:23','2023-03-30 12:23:25'),(1017,1,7,124,NULL,NULL,NULL,'2023-03-27 22:49:23','2023-03-30 12:23:25'),(1018,1,8,124,NULL,NULL,NULL,'2023-03-27 22:49:23','2023-03-30 12:23:25'),(1019,1,9,124,NULL,NULL,NULL,'2023-03-27 22:49:23','2023-03-30 12:23:25'),(1020,1,1,125,NULL,NULL,NULL,'2023-03-27 22:49:51','2023-03-27 22:49:51'),(1021,1,4,125,NULL,NULL,NULL,'2023-03-27 22:49:51','2023-03-27 22:49:51'),(1022,1,5,125,NULL,NULL,NULL,'2023-03-27 22:49:51','2023-03-27 22:49:51'),(1023,1,6,125,NULL,NULL,NULL,'2023-03-27 22:49:51','2023-03-27 22:49:51'),(1024,1,7,125,NULL,NULL,NULL,'2023-03-27 22:49:51','2023-03-27 22:49:51'),(1025,1,8,125,NULL,NULL,NULL,'2023-03-27 22:49:51','2023-03-27 22:49:51'),(1026,1,9,125,NULL,NULL,NULL,'2023-03-27 22:49:51','2023-03-27 22:49:51'),(1027,1,1,126,NULL,NULL,NULL,'2023-03-27 22:50:15','2023-03-27 22:50:15'),(1028,1,4,126,NULL,NULL,NULL,'2023-03-27 22:50:15','2023-03-27 22:50:15'),(1029,1,5,126,NULL,NULL,NULL,'2023-03-27 22:50:15','2023-03-27 22:50:15'),(1030,1,6,126,NULL,NULL,NULL,'2023-03-27 22:50:15','2023-03-27 22:50:15'),(1031,1,7,126,NULL,NULL,NULL,'2023-03-27 22:50:15','2023-03-27 22:50:15'),(1032,1,8,126,NULL,NULL,NULL,'2023-03-27 22:50:15','2023-03-27 22:50:15'),(1033,1,9,126,NULL,NULL,NULL,'2023-03-27 22:50:15','2023-03-27 22:50:15'),(1034,1,1,127,NULL,NULL,NULL,'2023-03-27 22:50:46','2023-03-27 22:50:46'),(1035,1,4,127,NULL,NULL,NULL,'2023-03-27 22:50:46','2023-03-27 22:50:46'),(1036,1,5,127,NULL,NULL,NULL,'2023-03-27 22:50:46','2023-03-27 22:50:46'),(1037,1,6,127,NULL,NULL,NULL,'2023-03-27 22:50:46','2023-03-27 22:50:46'),(1038,1,7,127,NULL,NULL,NULL,'2023-03-27 22:50:46','2023-03-27 22:50:46'),(1039,1,8,127,NULL,NULL,NULL,'2023-03-27 22:50:46','2023-03-27 22:50:46'),(1040,1,9,127,NULL,NULL,NULL,'2023-03-27 22:50:46','2023-03-27 22:50:46'),(1041,1,1,128,NULL,NULL,NULL,'2023-03-27 22:51:13','2023-03-27 22:51:13'),(1042,1,4,128,NULL,NULL,NULL,'2023-03-27 22:51:13','2023-03-27 22:51:13'),(1043,1,5,128,NULL,NULL,NULL,'2023-03-27 22:51:13','2023-03-27 22:51:13'),(1044,1,6,128,NULL,NULL,NULL,'2023-03-27 22:51:13','2023-03-27 22:51:13'),(1045,1,7,128,NULL,NULL,NULL,'2023-03-27 22:51:13','2023-03-27 22:51:13'),(1046,1,8,128,NULL,NULL,NULL,'2023-03-27 22:51:13','2023-03-27 22:51:13'),(1047,1,9,128,NULL,NULL,NULL,'2023-03-27 22:51:13','2023-03-27 22:51:13'),(1048,1,1,129,NULL,NULL,NULL,'2023-03-27 22:51:37','2023-03-27 22:51:37'),(1049,1,4,129,NULL,NULL,NULL,'2023-03-27 22:51:37','2023-03-27 22:51:37'),(1050,1,5,129,NULL,NULL,NULL,'2023-03-27 22:51:37','2023-03-27 22:51:37'),(1051,1,6,129,NULL,NULL,NULL,'2023-03-27 22:51:37','2023-03-27 22:51:37'),(1052,1,7,129,NULL,NULL,NULL,'2023-03-27 22:51:37','2023-03-27 22:51:37'),(1053,1,8,129,NULL,NULL,NULL,'2023-03-27 22:51:37','2023-03-27 22:51:37'),(1054,1,9,129,NULL,NULL,NULL,'2023-03-27 22:51:37','2023-03-27 22:51:37'),(1055,1,1,130,NULL,NULL,NULL,'2023-03-27 22:52:02','2023-03-27 22:52:02'),(1056,1,4,130,NULL,NULL,NULL,'2023-03-27 22:52:02','2023-03-27 22:52:02'),(1057,1,5,130,NULL,NULL,NULL,'2023-03-27 22:52:02','2023-03-27 22:52:02'),(1058,1,6,130,NULL,NULL,NULL,'2023-03-27 22:52:02','2023-03-27 22:52:02'),(1059,1,7,130,NULL,NULL,NULL,'2023-03-27 22:52:02','2023-03-27 22:52:02'),(1060,1,8,130,NULL,NULL,NULL,'2023-03-27 22:52:02','2023-03-27 22:52:02'),(1061,1,9,130,NULL,NULL,NULL,'2023-03-27 22:52:02','2023-03-27 22:52:02'),(1062,1,1,131,NULL,NULL,NULL,'2023-03-27 22:52:26','2023-03-27 22:52:26'),(1063,1,4,131,NULL,NULL,NULL,'2023-03-27 22:52:26','2023-03-27 22:52:26'),(1064,1,5,131,NULL,NULL,NULL,'2023-03-27 22:52:26','2023-03-27 22:52:26'),(1065,1,6,131,NULL,NULL,NULL,'2023-03-27 22:52:26','2023-03-27 22:52:26'),(1066,1,7,131,NULL,NULL,NULL,'2023-03-27 22:52:26','2023-03-27 22:52:26'),(1067,1,8,131,NULL,NULL,NULL,'2023-03-27 22:52:26','2023-03-27 22:52:26'),(1068,1,9,131,NULL,NULL,NULL,'2023-03-27 22:52:26','2023-03-27 22:52:26'),(1069,1,1,133,NULL,NULL,NULL,'2023-03-28 13:40:31','2023-03-28 13:40:31'),(1070,1,4,133,NULL,NULL,NULL,'2023-03-28 13:40:31','2023-03-28 13:40:31'),(1071,1,5,133,NULL,NULL,NULL,'2023-03-28 13:40:31','2023-03-28 13:40:31'),(1072,1,6,133,NULL,NULL,NULL,'2023-03-28 13:40:31','2023-03-28 13:40:31'),(1073,1,7,133,NULL,NULL,NULL,'2023-03-28 13:40:31','2023-03-28 13:40:31'),(1074,1,8,133,NULL,NULL,NULL,'2023-03-28 13:40:31','2023-03-28 13:40:31'),(1075,1,9,133,NULL,NULL,NULL,'2023-03-28 13:40:31','2023-03-28 13:40:31'),(1076,1,1,134,NULL,NULL,NULL,'2023-03-28 13:41:26','2023-03-28 13:41:26'),(1077,1,4,134,NULL,NULL,NULL,'2023-03-28 13:41:26','2023-03-28 13:41:26'),(1078,1,5,134,NULL,NULL,NULL,'2023-03-28 13:41:26','2023-03-28 13:41:26'),(1079,1,6,134,NULL,NULL,NULL,'2023-03-28 13:41:26','2023-03-28 13:41:26'),(1080,1,7,134,NULL,NULL,NULL,'2023-03-28 13:41:26','2023-03-28 13:41:26'),(1081,1,8,134,NULL,NULL,NULL,'2023-03-28 13:41:26','2023-03-28 13:41:26'),(1082,1,9,134,NULL,NULL,NULL,'2023-03-28 13:41:26','2023-03-28 13:41:26'),(1083,1,1,135,NULL,NULL,NULL,'2023-03-28 13:42:36','2023-03-28 13:42:36'),(1084,1,4,135,NULL,NULL,NULL,'2023-03-28 13:42:36','2023-03-28 13:42:36'),(1085,1,5,135,NULL,NULL,NULL,'2023-03-28 13:42:36','2023-03-28 13:42:36'),(1086,1,6,135,NULL,NULL,NULL,'2023-03-28 13:42:36','2023-03-28 13:42:36'),(1087,1,7,135,NULL,NULL,NULL,'2023-03-28 13:42:36','2023-03-28 13:42:36'),(1088,1,8,135,NULL,NULL,NULL,'2023-03-28 13:42:36','2023-03-28 13:42:36'),(1089,1,9,135,NULL,NULL,NULL,'2023-03-28 13:42:36','2023-03-28 13:42:36'),(1090,1,1,136,NULL,NULL,NULL,'2023-03-28 13:43:30','2023-03-28 13:43:30'),(1091,1,4,136,NULL,NULL,NULL,'2023-03-28 13:43:30','2023-03-28 13:43:30'),(1092,1,5,136,NULL,NULL,NULL,'2023-03-28 13:43:30','2023-03-28 13:43:30'),(1093,1,6,136,NULL,NULL,NULL,'2023-03-28 13:43:30','2023-03-28 13:43:30'),(1094,1,7,136,NULL,NULL,NULL,'2023-03-28 13:43:30','2023-03-28 13:43:30'),(1095,1,8,136,NULL,NULL,NULL,'2023-03-28 13:43:30','2023-03-28 13:43:30'),(1096,1,9,136,NULL,NULL,NULL,'2023-03-28 13:43:30','2023-03-28 13:43:30'),(1097,1,1,137,NULL,NULL,NULL,'2023-03-28 13:44:21','2023-03-28 13:44:21'),(1098,1,4,137,NULL,NULL,NULL,'2023-03-28 13:44:21','2023-03-28 13:44:21'),(1099,1,5,137,NULL,NULL,NULL,'2023-03-28 13:44:21','2023-03-28 13:44:21'),(1100,1,6,137,NULL,NULL,NULL,'2023-03-28 13:44:21','2023-03-28 13:44:21'),(1101,1,7,137,NULL,NULL,NULL,'2023-03-28 13:44:21','2023-03-28 13:44:21'),(1102,1,8,137,NULL,NULL,NULL,'2023-03-28 13:44:21','2023-03-28 13:44:21'),(1103,1,9,137,NULL,NULL,NULL,'2023-03-28 13:44:21','2023-03-28 13:44:21'),(1104,1,1,138,NULL,NULL,NULL,'2023-03-28 13:45:00','2023-03-28 13:45:00'),(1105,1,4,138,NULL,NULL,NULL,'2023-03-28 13:45:00','2023-03-28 13:45:00'),(1106,1,5,138,NULL,NULL,NULL,'2023-03-28 13:45:00','2023-03-28 13:45:00'),(1107,1,6,138,NULL,NULL,NULL,'2023-03-28 13:45:00','2023-03-28 13:45:00'),(1108,1,7,138,NULL,NULL,NULL,'2023-03-28 13:45:00','2023-03-28 13:45:00'),(1109,1,8,138,NULL,NULL,NULL,'2023-03-28 13:45:00','2023-03-28 13:45:00'),(1110,1,9,138,NULL,NULL,NULL,'2023-03-28 13:45:00','2023-03-28 13:45:00'),(1111,1,1,139,NULL,NULL,NULL,'2023-03-28 13:48:04','2023-03-28 13:48:04'),(1112,1,4,139,NULL,NULL,NULL,'2023-03-28 13:48:04','2023-03-28 13:48:04'),(1113,1,5,139,NULL,NULL,NULL,'2023-03-28 13:48:04','2023-03-28 13:48:04'),(1114,1,6,139,NULL,NULL,NULL,'2023-03-28 13:48:04','2023-03-28 13:48:04'),(1115,1,7,139,NULL,NULL,NULL,'2023-03-28 13:48:04','2023-03-28 13:48:04'),(1116,1,8,139,NULL,NULL,NULL,'2023-03-28 13:48:04','2023-03-28 13:48:04'),(1117,1,9,139,NULL,NULL,NULL,'2023-03-28 13:48:04','2023-03-28 13:48:04'),(1118,1,1,140,NULL,NULL,NULL,'2023-03-28 13:49:11','2023-03-28 13:49:11'),(1119,1,4,140,NULL,NULL,NULL,'2023-03-28 13:49:11','2023-03-28 13:49:11'),(1120,1,5,140,NULL,NULL,NULL,'2023-03-28 13:49:11','2023-03-28 13:49:11'),(1121,1,6,140,NULL,NULL,NULL,'2023-03-28 13:49:11','2023-03-28 13:49:11'),(1122,1,7,140,NULL,NULL,NULL,'2023-03-28 13:49:11','2023-03-28 13:49:11'),(1123,1,8,140,NULL,NULL,NULL,'2023-03-28 13:49:11','2023-03-28 13:49:11'),(1124,1,9,140,NULL,NULL,NULL,'2023-03-28 13:49:11','2023-03-28 13:49:11'),(1125,1,1,141,NULL,NULL,NULL,'2023-03-28 13:53:20','2023-03-28 13:53:20'),(1126,1,4,141,NULL,NULL,NULL,'2023-03-28 13:53:20','2023-03-28 13:53:20'),(1127,1,5,141,NULL,NULL,NULL,'2023-03-28 13:53:20','2023-03-28 13:53:20'),(1128,1,6,141,NULL,NULL,NULL,'2023-03-28 13:53:20','2023-03-28 13:53:20'),(1129,1,7,141,NULL,NULL,NULL,'2023-03-28 13:53:20','2023-03-28 13:53:20'),(1130,1,8,141,NULL,NULL,NULL,'2023-03-28 13:53:20','2023-03-28 13:53:20'),(1131,1,9,141,NULL,NULL,NULL,'2023-03-28 13:53:20','2023-03-28 13:53:20'),(1132,1,1,142,NULL,NULL,NULL,'2023-03-28 13:54:43','2023-03-28 13:54:43'),(1133,1,4,142,NULL,NULL,NULL,'2023-03-28 13:54:43','2023-03-28 13:54:43'),(1134,1,5,142,NULL,NULL,NULL,'2023-03-28 13:54:43','2023-03-28 13:54:43'),(1135,1,6,142,NULL,NULL,NULL,'2023-03-28 13:54:43','2023-03-28 13:54:43'),(1136,1,7,142,NULL,NULL,NULL,'2023-03-28 13:54:43','2023-03-28 13:54:43'),(1137,1,8,142,NULL,NULL,NULL,'2023-03-28 13:54:43','2023-03-28 13:54:43'),(1138,1,9,142,NULL,NULL,NULL,'2023-03-28 13:54:43','2023-03-28 13:54:43'),(1139,1,1,143,NULL,NULL,NULL,'2023-03-28 13:55:14','2023-03-28 13:55:14'),(1140,1,4,143,NULL,NULL,NULL,'2023-03-28 13:55:14','2023-03-28 13:55:14'),(1141,1,5,143,NULL,NULL,NULL,'2023-03-28 13:55:14','2023-03-28 13:55:14'),(1142,1,6,143,NULL,NULL,NULL,'2023-03-28 13:55:14','2023-03-28 13:55:14'),(1143,1,7,143,NULL,NULL,NULL,'2023-03-28 13:55:14','2023-03-28 13:55:14'),(1144,1,8,143,NULL,NULL,NULL,'2023-03-28 13:55:14','2023-03-28 13:55:14'),(1145,1,9,143,NULL,NULL,NULL,'2023-03-28 13:55:14','2023-03-28 13:55:14'),(1146,1,1,144,NULL,NULL,NULL,'2023-03-28 13:55:51','2023-03-28 13:55:51'),(1147,1,4,144,NULL,NULL,NULL,'2023-03-28 13:55:51','2023-03-28 13:55:51'),(1148,1,5,144,NULL,NULL,NULL,'2023-03-28 13:55:51','2023-03-28 13:55:51'),(1149,1,6,144,NULL,NULL,NULL,'2023-03-28 13:55:51','2023-03-28 13:55:51'),(1150,1,7,144,NULL,NULL,NULL,'2023-03-28 13:55:51','2023-03-28 13:55:51'),(1151,1,8,144,NULL,NULL,NULL,'2023-03-28 13:55:51','2023-03-28 13:55:51'),(1152,1,9,144,NULL,NULL,NULL,'2023-03-28 13:55:51','2023-03-28 13:55:51'),(1153,1,1,132,NULL,NULL,NULL,'2023-03-28 13:56:21','2023-03-28 13:56:21'),(1154,1,4,132,NULL,NULL,NULL,'2023-03-28 13:56:21','2023-03-28 13:56:21'),(1155,1,5,132,NULL,NULL,NULL,'2023-03-28 13:56:21','2023-03-28 13:56:21'),(1156,1,6,132,NULL,NULL,NULL,'2023-03-28 13:56:21','2023-03-28 13:56:21'),(1157,1,7,132,NULL,NULL,NULL,'2023-03-28 13:56:21','2023-03-28 13:56:21'),(1158,1,8,132,NULL,NULL,NULL,'2023-03-28 13:56:21','2023-03-28 13:56:21'),(1159,1,9,132,NULL,NULL,NULL,'2023-03-28 13:56:21','2023-03-28 13:56:21'),(1160,1,1,145,NULL,NULL,NULL,'2023-03-28 13:56:57','2023-03-28 13:56:57'),(1161,1,4,145,NULL,NULL,NULL,'2023-03-28 13:56:57','2023-03-28 13:56:57'),(1162,1,5,145,NULL,NULL,NULL,'2023-03-28 13:56:57','2023-03-28 13:56:57'),(1163,1,6,145,NULL,NULL,NULL,'2023-03-28 13:56:57','2023-03-28 13:56:57'),(1164,1,7,145,NULL,NULL,NULL,'2023-03-28 13:56:57','2023-03-28 13:56:57'),(1165,1,8,145,NULL,NULL,NULL,'2023-03-28 13:56:57','2023-03-28 13:56:57'),(1166,1,9,145,NULL,NULL,NULL,'2023-03-28 13:56:57','2023-03-28 13:56:57'),(1167,1,1,146,NULL,NULL,NULL,'2023-03-28 14:01:04','2023-03-28 14:01:04'),(1168,1,4,146,NULL,NULL,NULL,'2023-03-28 14:01:04','2023-03-28 14:01:04'),(1169,1,5,146,NULL,NULL,NULL,'2023-03-28 14:01:04','2023-03-28 14:01:04'),(1170,1,6,146,NULL,NULL,NULL,'2023-03-28 14:01:04','2023-03-28 14:01:04'),(1171,1,7,146,NULL,NULL,NULL,'2023-03-28 14:01:04','2023-03-28 14:01:04'),(1172,1,8,146,NULL,NULL,NULL,'2023-03-28 14:01:04','2023-03-28 14:01:04'),(1173,1,9,146,NULL,NULL,NULL,'2023-03-28 14:01:04','2023-03-28 14:01:04'),(1174,1,1,147,NULL,NULL,NULL,'2023-03-28 14:01:47','2023-03-28 14:01:47'),(1175,1,4,147,NULL,NULL,NULL,'2023-03-28 14:01:47','2023-03-28 14:01:47'),(1176,1,5,147,NULL,NULL,NULL,'2023-03-28 14:01:47','2023-03-28 14:01:47'),(1177,1,6,147,NULL,NULL,NULL,'2023-03-28 14:01:47','2023-03-28 14:01:47'),(1178,1,7,147,NULL,NULL,NULL,'2023-03-28 14:01:47','2023-03-28 14:01:47'),(1179,1,8,147,NULL,NULL,NULL,'2023-03-28 14:01:47','2023-03-28 14:01:47'),(1180,1,9,147,NULL,NULL,NULL,'2023-03-28 14:01:47','2023-03-28 14:01:47'),(1181,1,1,148,NULL,NULL,NULL,'2023-03-28 14:06:44','2023-03-28 14:06:44'),(1182,1,4,148,NULL,NULL,NULL,'2023-03-28 14:06:44','2023-03-28 14:06:44'),(1183,1,5,148,NULL,NULL,NULL,'2023-03-28 14:06:44','2023-03-28 14:06:44'),(1184,1,6,148,NULL,NULL,NULL,'2023-03-28 14:06:44','2023-03-28 14:06:44'),(1185,1,7,148,NULL,NULL,NULL,'2023-03-28 14:06:44','2023-03-28 14:06:44'),(1186,1,8,148,NULL,NULL,NULL,'2023-03-28 14:06:44','2023-03-28 14:06:44'),(1187,1,9,148,NULL,NULL,NULL,'2023-03-28 14:06:44','2023-03-28 14:06:44'),(1188,1,1,149,NULL,NULL,NULL,'2023-03-28 14:07:31','2023-03-28 14:07:31'),(1189,1,4,149,NULL,NULL,NULL,'2023-03-28 14:07:31','2023-03-28 14:07:31'),(1190,1,5,149,NULL,NULL,NULL,'2023-03-28 14:07:31','2023-03-28 14:07:31'),(1191,1,6,149,NULL,NULL,NULL,'2023-03-28 14:07:31','2023-03-28 14:07:31'),(1192,1,7,149,NULL,NULL,NULL,'2023-03-28 14:07:31','2023-03-28 14:07:31'),(1193,1,8,149,NULL,NULL,NULL,'2023-03-28 14:07:31','2023-03-28 14:07:31'),(1194,1,9,149,NULL,NULL,NULL,'2023-03-28 14:07:31','2023-03-28 14:07:31'),(1195,1,1,150,NULL,NULL,NULL,'2023-03-28 14:08:00','2023-03-28 14:08:00'),(1196,1,4,150,NULL,NULL,NULL,'2023-03-28 14:08:00','2023-03-28 14:08:00'),(1197,1,5,150,NULL,NULL,NULL,'2023-03-28 14:08:00','2023-03-28 14:08:00'),(1198,1,6,150,NULL,NULL,NULL,'2023-03-28 14:08:00','2023-03-28 14:08:00'),(1199,1,7,150,NULL,NULL,NULL,'2023-03-28 14:08:00','2023-03-28 14:08:00'),(1200,1,8,150,NULL,NULL,NULL,'2023-03-28 14:08:00','2023-03-28 14:08:00'),(1201,1,9,150,NULL,NULL,NULL,'2023-03-28 14:08:00','2023-03-28 14:08:00'),(1202,1,1,151,NULL,NULL,NULL,'2023-03-28 14:09:04','2023-03-28 14:09:04'),(1203,1,4,151,NULL,NULL,NULL,'2023-03-28 14:09:04','2023-03-28 14:09:04'),(1204,1,5,151,NULL,NULL,NULL,'2023-03-28 14:09:04','2023-03-28 14:09:04'),(1205,1,6,151,NULL,NULL,NULL,'2023-03-28 14:09:04','2023-03-28 14:09:04'),(1206,1,7,151,NULL,NULL,NULL,'2023-03-28 14:09:04','2023-03-28 14:09:04'),(1207,1,8,151,NULL,NULL,NULL,'2023-03-28 14:09:04','2023-03-28 14:09:04'),(1208,1,9,151,NULL,NULL,NULL,'2023-03-28 14:09:04','2023-03-28 14:09:04'),(1209,1,1,152,NULL,NULL,NULL,'2023-03-28 14:09:38','2023-03-28 14:09:38'),(1210,1,4,152,NULL,NULL,NULL,'2023-03-28 14:09:38','2023-03-28 14:09:38'),(1211,1,5,152,NULL,NULL,NULL,'2023-03-28 14:09:38','2023-03-28 14:09:38'),(1212,1,6,152,NULL,NULL,NULL,'2023-03-28 14:09:38','2023-03-28 14:09:38'),(1213,1,7,152,NULL,NULL,NULL,'2023-03-28 14:09:38','2023-03-28 14:09:38'),(1214,1,8,152,NULL,NULL,NULL,'2023-03-28 14:09:38','2023-03-28 14:09:38'),(1215,1,9,152,NULL,NULL,NULL,'2023-03-28 14:09:38','2023-03-28 14:09:38'),(1216,1,1,153,NULL,NULL,NULL,'2023-03-28 14:10:11','2023-03-28 14:10:11'),(1217,1,4,153,NULL,NULL,NULL,'2023-03-28 14:10:11','2023-03-28 14:10:11'),(1218,1,5,153,NULL,NULL,NULL,'2023-03-28 14:10:11','2023-03-28 14:10:11'),(1219,1,6,153,NULL,NULL,NULL,'2023-03-28 14:10:11','2023-03-28 14:10:11'),(1220,1,7,153,NULL,NULL,NULL,'2023-03-28 14:10:11','2023-03-28 14:10:11'),(1221,1,8,153,NULL,NULL,NULL,'2023-03-28 14:10:11','2023-03-28 14:10:11'),(1222,1,9,153,NULL,NULL,NULL,'2023-03-28 14:10:11','2023-03-28 14:10:11'),(1223,1,1,154,NULL,NULL,NULL,'2023-03-28 14:10:40','2023-03-28 14:10:40'),(1224,1,4,154,NULL,NULL,NULL,'2023-03-28 14:10:40','2023-03-28 14:10:40'),(1225,1,5,154,NULL,NULL,NULL,'2023-03-28 14:10:40','2023-03-28 14:10:40'),(1226,1,6,154,NULL,NULL,NULL,'2023-03-28 14:10:40','2023-03-28 14:10:40'),(1227,1,7,154,NULL,NULL,NULL,'2023-03-28 14:10:40','2023-03-28 14:10:40'),(1228,1,8,154,NULL,NULL,NULL,'2023-03-28 14:10:40','2023-03-28 14:10:40'),(1229,1,9,154,NULL,NULL,NULL,'2023-03-28 14:10:40','2023-03-28 14:10:40'),(1230,1,1,109,NULL,NULL,NULL,'2023-03-28 14:42:20','2023-03-29 16:15:55'),(1231,1,4,109,NULL,NULL,NULL,'2023-03-28 14:42:20','2023-03-29 16:15:55'),(1232,1,5,109,NULL,NULL,NULL,'2023-03-28 14:42:20','2023-03-29 16:15:55'),(1233,1,6,109,NULL,NULL,NULL,'2023-03-28 14:42:20','2023-03-29 16:15:55'),(1234,1,7,109,NULL,NULL,NULL,'2023-03-28 14:42:20','2023-03-29 16:15:55'),(1235,1,8,109,NULL,NULL,NULL,'2023-03-28 14:42:20','2023-03-29 16:15:55'),(1236,1,9,109,NULL,NULL,NULL,'2023-03-28 14:42:20','2023-03-29 16:15:55'),(1237,1,1,556,NULL,NULL,NULL,'2023-03-28 14:44:28','2023-03-30 15:19:51'),(1238,1,4,556,NULL,NULL,NULL,'2023-03-28 14:44:28','2023-03-30 15:19:51'),(1239,1,5,556,NULL,NULL,NULL,'2023-03-28 14:44:28','2023-03-30 15:19:51'),(1240,1,6,556,NULL,NULL,NULL,'2023-03-28 14:44:28','2023-03-30 15:19:51'),(1241,1,7,556,NULL,NULL,NULL,'2023-03-28 14:44:28','2023-03-30 15:19:51'),(1242,1,8,556,NULL,NULL,NULL,'2023-03-28 14:44:28','2023-03-30 15:19:51'),(1243,1,9,556,NULL,NULL,NULL,'2023-03-28 14:44:28','2023-03-30 15:19:51'),(1244,1,1,832,NULL,NULL,NULL,'2023-03-28 14:47:13','2023-03-29 21:35:02'),(1245,1,4,832,NULL,NULL,NULL,'2023-03-28 14:47:13','2023-03-29 21:35:02'),(1246,1,5,832,NULL,NULL,NULL,'2023-03-28 14:47:13','2023-03-29 21:35:02'),(1247,1,6,832,NULL,NULL,NULL,'2023-03-28 14:47:13','2023-03-29 21:35:02'),(1248,1,7,832,NULL,NULL,NULL,'2023-03-28 14:47:13','2023-03-29 21:35:02'),(1249,1,8,832,NULL,NULL,NULL,'2023-03-28 14:47:13','2023-03-29 21:35:02'),(1250,1,9,832,NULL,NULL,NULL,'2023-03-28 14:47:13','2023-03-29 21:35:02'),(1251,1,1,552,NULL,NULL,NULL,'2023-03-28 14:48:11','2023-03-30 15:11:54'),(1252,1,4,552,NULL,NULL,NULL,'2023-03-28 14:48:11','2023-03-30 15:11:54'),(1253,1,5,552,NULL,NULL,NULL,'2023-03-28 14:48:11','2023-03-30 15:11:54'),(1254,1,6,552,NULL,NULL,NULL,'2023-03-28 14:48:11','2023-03-30 15:11:54'),(1255,1,7,552,NULL,NULL,NULL,'2023-03-28 14:48:11','2023-03-30 15:11:54'),(1256,1,8,552,NULL,NULL,NULL,'2023-03-28 14:48:11','2023-03-30 15:11:54'),(1257,1,9,552,NULL,NULL,NULL,'2023-03-28 14:48:11','2023-03-30 15:11:54'),(1258,1,1,346,NULL,NULL,NULL,'2023-03-28 14:51:44','2023-03-30 15:40:44'),(1259,1,4,346,NULL,NULL,NULL,'2023-03-28 14:51:44','2023-03-28 14:51:44'),(1260,1,5,346,NULL,NULL,NULL,'2023-03-28 14:51:44','2023-03-28 14:51:44'),(1261,1,6,346,NULL,NULL,NULL,'2023-03-28 14:51:44','2023-03-28 14:51:44'),(1262,1,7,346,NULL,NULL,NULL,'2023-03-28 14:51:44','2023-03-28 14:51:44'),(1263,1,8,346,NULL,NULL,NULL,'2023-03-28 14:51:44','2023-03-28 14:51:44'),(1264,1,9,346,NULL,NULL,NULL,'2023-03-28 14:51:44','2023-03-28 14:51:44'),(1265,1,1,347,NULL,NULL,NULL,'2023-03-28 14:52:08','2023-03-30 15:26:58'),(1266,1,4,347,NULL,NULL,NULL,'2023-03-28 14:52:08','2023-03-28 14:52:08'),(1267,1,5,347,NULL,NULL,NULL,'2023-03-28 14:52:08','2023-03-28 14:52:08'),(1268,1,6,347,NULL,NULL,NULL,'2023-03-28 14:52:08','2023-03-28 14:52:08'),(1269,1,7,347,NULL,NULL,NULL,'2023-03-28 14:52:08','2023-03-28 14:52:08'),(1270,1,8,347,NULL,NULL,NULL,'2023-03-28 14:52:08','2023-03-28 14:52:08'),(1271,1,9,347,NULL,NULL,NULL,'2023-03-28 14:52:08','2023-03-28 14:52:08'),(1272,1,1,348,NULL,NULL,NULL,'2023-03-28 14:52:34','2023-03-30 16:00:43'),(1273,1,4,348,NULL,NULL,NULL,'2023-03-28 14:52:34','2023-03-28 14:52:34'),(1274,1,5,348,NULL,NULL,NULL,'2023-03-28 14:52:34','2023-03-28 14:52:34'),(1275,1,6,348,NULL,NULL,NULL,'2023-03-28 14:52:34','2023-03-28 14:52:34'),(1276,1,7,348,NULL,NULL,NULL,'2023-03-28 14:52:34','2023-03-28 14:52:34'),(1277,1,8,348,NULL,NULL,NULL,'2023-03-28 14:52:34','2023-03-28 14:52:34'),(1278,1,9,348,NULL,NULL,NULL,'2023-03-28 14:52:34','2023-03-28 14:52:34'),(1279,1,1,349,NULL,NULL,NULL,'2023-03-28 14:52:56','2023-03-30 15:56:42'),(1280,1,4,349,NULL,NULL,NULL,'2023-03-28 14:52:56','2023-03-28 14:52:56'),(1281,1,5,349,NULL,NULL,NULL,'2023-03-28 14:52:56','2023-03-28 14:52:56'),(1282,1,6,349,NULL,NULL,NULL,'2023-03-28 14:52:56','2023-03-28 14:52:56'),(1283,1,7,349,NULL,NULL,NULL,'2023-03-28 14:52:56','2023-03-28 14:52:56'),(1284,1,8,349,NULL,NULL,NULL,'2023-03-28 14:52:56','2023-03-28 14:52:56'),(1285,1,9,349,NULL,NULL,NULL,'2023-03-28 14:52:56','2023-03-28 14:52:56'),(1286,1,1,350,NULL,NULL,NULL,'2023-03-28 14:53:24','2023-03-30 15:57:56'),(1287,1,4,350,NULL,NULL,NULL,'2023-03-28 14:53:24','2023-03-28 14:53:24'),(1288,1,5,350,NULL,NULL,NULL,'2023-03-28 14:53:24','2023-03-28 14:53:24'),(1289,1,6,350,NULL,NULL,NULL,'2023-03-28 14:53:24','2023-03-28 14:53:24'),(1290,1,7,350,NULL,NULL,NULL,'2023-03-28 14:53:24','2023-03-28 14:53:24'),(1291,1,8,350,NULL,NULL,NULL,'2023-03-28 14:53:24','2023-03-28 14:53:24'),(1292,1,9,350,NULL,NULL,NULL,'2023-03-28 14:53:24','2023-03-28 14:53:24'),(1293,1,1,351,NULL,NULL,NULL,'2023-03-28 14:53:45','2023-03-30 15:51:16'),(1294,1,4,351,NULL,NULL,NULL,'2023-03-28 14:53:45','2023-03-28 14:53:45'),(1295,1,5,351,NULL,NULL,NULL,'2023-03-28 14:53:45','2023-03-28 14:53:45'),(1296,1,6,351,NULL,NULL,NULL,'2023-03-28 14:53:45','2023-03-28 14:53:45'),(1297,1,7,351,NULL,NULL,NULL,'2023-03-28 14:53:45','2023-03-28 14:53:45'),(1298,1,8,351,NULL,NULL,NULL,'2023-03-28 14:53:45','2023-03-28 14:53:45'),(1299,1,9,351,NULL,NULL,NULL,'2023-03-28 14:53:45','2023-03-28 14:53:45'),(1300,1,1,352,NULL,NULL,NULL,'2023-03-28 14:54:11','2023-03-30 15:52:49'),(1301,1,4,352,NULL,NULL,NULL,'2023-03-28 14:54:11','2023-03-28 14:54:11'),(1302,1,5,352,NULL,NULL,NULL,'2023-03-28 14:54:11','2023-03-28 14:54:11'),(1303,1,6,352,NULL,NULL,NULL,'2023-03-28 14:54:11','2023-03-28 14:54:11'),(1304,1,7,352,NULL,NULL,NULL,'2023-03-28 14:54:11','2023-03-28 14:54:11'),(1305,1,8,352,NULL,NULL,NULL,'2023-03-28 14:54:11','2023-03-28 14:54:11'),(1306,1,9,352,NULL,NULL,NULL,'2023-03-28 14:54:11','2023-03-28 14:54:11'),(1307,1,1,400,NULL,NULL,NULL,'2023-03-28 14:54:38','2023-03-30 15:49:53'),(1308,1,4,400,NULL,NULL,NULL,'2023-03-28 14:54:38','2023-03-28 14:54:38'),(1309,1,5,400,NULL,NULL,NULL,'2023-03-28 14:54:38','2023-03-28 14:54:38'),(1310,1,6,400,NULL,NULL,NULL,'2023-03-28 14:54:38','2023-03-28 14:54:38'),(1311,1,7,400,NULL,NULL,NULL,'2023-03-28 14:54:38','2023-03-28 14:54:38'),(1312,1,8,400,NULL,NULL,NULL,'2023-03-28 14:54:38','2023-03-28 14:54:38'),(1313,1,9,400,NULL,NULL,NULL,'2023-03-28 14:54:38','2023-03-28 14:54:38'),(1314,1,1,353,NULL,NULL,NULL,'2023-03-28 14:54:59','2023-03-30 14:49:13'),(1315,1,4,353,NULL,NULL,NULL,'2023-03-28 14:54:59','2023-03-28 14:54:59'),(1316,1,5,353,NULL,NULL,NULL,'2023-03-28 14:54:59','2023-03-28 14:54:59'),(1317,1,6,353,NULL,NULL,NULL,'2023-03-28 14:54:59','2023-03-28 14:54:59'),(1318,1,7,353,NULL,NULL,NULL,'2023-03-28 14:54:59','2023-03-28 14:54:59'),(1319,1,8,353,NULL,NULL,NULL,'2023-03-28 14:54:59','2023-03-28 14:54:59'),(1320,1,9,353,NULL,NULL,NULL,'2023-03-28 14:54:59','2023-03-28 14:54:59'),(1321,1,1,354,NULL,NULL,NULL,'2023-03-28 14:55:27','2023-03-30 15:52:09'),(1322,1,4,354,NULL,NULL,NULL,'2023-03-28 14:55:27','2023-03-28 14:55:27'),(1323,1,5,354,NULL,NULL,NULL,'2023-03-28 14:55:27','2023-03-28 14:55:27'),(1324,1,6,354,NULL,NULL,NULL,'2023-03-28 14:55:27','2023-03-28 14:55:27'),(1325,1,7,354,NULL,NULL,NULL,'2023-03-28 14:55:27','2023-03-28 14:55:27'),(1326,1,8,354,NULL,NULL,NULL,'2023-03-28 14:55:27','2023-03-28 14:55:27'),(1327,1,9,354,NULL,NULL,NULL,'2023-03-28 14:55:27','2023-03-28 14:55:27'),(1328,1,1,355,NULL,NULL,NULL,'2023-03-28 14:55:50','2023-03-30 15:55:39'),(1329,1,4,355,NULL,NULL,NULL,'2023-03-28 14:55:50','2023-03-28 14:55:50'),(1330,1,5,355,NULL,NULL,NULL,'2023-03-28 14:55:50','2023-03-28 14:55:50'),(1331,1,6,355,NULL,NULL,NULL,'2023-03-28 14:55:50','2023-03-28 14:55:50'),(1332,1,7,355,NULL,NULL,NULL,'2023-03-28 14:55:50','2023-03-28 14:55:50'),(1333,1,8,355,NULL,NULL,NULL,'2023-03-28 14:55:50','2023-03-28 14:55:50'),(1334,1,9,355,NULL,NULL,NULL,'2023-03-28 14:55:50','2023-03-28 14:55:50'),(1335,1,1,356,NULL,NULL,NULL,'2023-03-28 14:56:22','2023-03-30 15:19:46'),(1336,1,4,356,NULL,NULL,NULL,'2023-03-28 14:56:22','2023-03-28 14:56:22'),(1337,1,5,356,NULL,NULL,NULL,'2023-03-28 14:56:22','2023-03-28 14:56:22'),(1338,1,6,356,NULL,NULL,NULL,'2023-03-28 14:56:22','2023-03-28 14:56:22'),(1339,1,7,356,NULL,NULL,NULL,'2023-03-28 14:56:22','2023-03-28 14:56:22'),(1340,1,8,356,NULL,NULL,NULL,'2023-03-28 14:56:22','2023-03-28 14:56:22'),(1341,1,9,356,NULL,NULL,NULL,'2023-03-28 14:56:22','2023-03-28 14:56:22'),(1342,1,1,357,NULL,NULL,NULL,'2023-03-28 14:59:52','2023-03-30 15:24:49'),(1343,1,4,357,NULL,NULL,NULL,'2023-03-28 14:59:52','2023-03-28 14:59:52'),(1344,1,5,357,NULL,NULL,NULL,'2023-03-28 14:59:52','2023-03-28 14:59:52'),(1345,1,6,357,NULL,NULL,NULL,'2023-03-28 14:59:52','2023-03-28 14:59:52'),(1346,1,7,357,NULL,NULL,NULL,'2023-03-28 14:59:52','2023-03-28 14:59:52'),(1347,1,8,357,NULL,NULL,NULL,'2023-03-28 14:59:52','2023-03-28 14:59:52'),(1348,1,9,357,NULL,NULL,NULL,'2023-03-28 14:59:52','2023-03-28 14:59:52'),(1349,1,1,358,NULL,NULL,NULL,'2023-03-28 15:00:15','2023-03-30 15:31:06'),(1350,1,4,358,NULL,NULL,NULL,'2023-03-28 15:00:15','2023-03-28 15:00:15'),(1351,1,5,358,NULL,NULL,NULL,'2023-03-28 15:00:15','2023-03-28 15:00:15'),(1352,1,6,358,NULL,NULL,NULL,'2023-03-28 15:00:15','2023-03-28 15:00:15'),(1353,1,7,358,NULL,NULL,NULL,'2023-03-28 15:00:15','2023-03-28 15:00:15'),(1354,1,8,358,NULL,NULL,NULL,'2023-03-28 15:00:15','2023-03-28 15:00:15'),(1355,1,9,358,NULL,NULL,NULL,'2023-03-28 15:00:15','2023-03-28 15:00:15'),(1356,1,1,359,NULL,NULL,NULL,'2023-03-28 15:00:37','2023-03-30 15:16:16'),(1357,1,4,359,NULL,NULL,NULL,'2023-03-28 15:00:37','2023-03-28 15:00:37'),(1358,1,5,359,NULL,NULL,NULL,'2023-03-28 15:00:37','2023-03-28 15:00:37'),(1359,1,6,359,NULL,NULL,NULL,'2023-03-28 15:00:37','2023-03-28 15:00:37'),(1360,1,7,359,NULL,NULL,NULL,'2023-03-28 15:00:37','2023-03-28 15:00:37'),(1361,1,8,359,NULL,NULL,NULL,'2023-03-28 15:00:37','2023-03-28 15:00:37'),(1362,1,9,359,NULL,NULL,NULL,'2023-03-28 15:00:37','2023-03-28 15:00:37'),(1363,1,4,360,NULL,NULL,NULL,'2023-03-28 15:02:30','2023-03-28 15:02:30'),(1364,1,5,360,NULL,NULL,NULL,'2023-03-28 15:02:30','2023-03-28 15:02:30'),(1365,1,6,360,NULL,NULL,NULL,'2023-03-28 15:02:30','2023-03-28 15:02:30'),(1366,1,7,360,NULL,NULL,NULL,'2023-03-28 15:02:30','2023-03-28 15:02:30'),(1367,1,8,360,NULL,NULL,NULL,'2023-03-28 15:02:30','2023-03-28 15:02:30'),(1368,1,9,360,NULL,NULL,NULL,'2023-03-28 15:02:30','2023-03-28 15:02:30'),(1369,1,1,361,NULL,NULL,NULL,'2023-03-28 15:02:55','2023-03-30 15:20:58'),(1370,1,4,361,NULL,NULL,NULL,'2023-03-28 15:02:55','2023-03-28 15:02:55'),(1371,1,5,361,NULL,NULL,NULL,'2023-03-28 15:02:55','2023-03-28 15:02:55'),(1372,1,6,361,NULL,NULL,NULL,'2023-03-28 15:02:55','2023-03-28 15:02:55'),(1373,1,7,361,NULL,NULL,NULL,'2023-03-28 15:02:55','2023-03-28 15:02:55'),(1374,1,8,361,NULL,NULL,NULL,'2023-03-28 15:02:55','2023-03-28 15:02:55'),(1375,1,9,361,NULL,NULL,NULL,'2023-03-28 15:02:55','2023-03-28 15:02:55'),(1376,1,1,362,NULL,NULL,NULL,'2023-03-28 15:03:18','2023-03-30 15:22:49'),(1377,1,4,362,NULL,NULL,NULL,'2023-03-28 15:03:18','2023-03-28 15:03:18'),(1378,1,5,362,NULL,NULL,NULL,'2023-03-28 15:03:18','2023-03-28 15:03:18'),(1379,1,6,362,NULL,NULL,NULL,'2023-03-28 15:03:18','2023-03-28 15:03:18'),(1380,1,7,362,NULL,NULL,NULL,'2023-03-28 15:03:18','2023-03-28 15:03:18'),(1381,1,8,362,NULL,NULL,NULL,'2023-03-28 15:03:18','2023-03-28 15:03:18'),(1382,1,9,362,NULL,NULL,NULL,'2023-03-28 15:03:18','2023-03-28 15:03:18'),(1383,1,1,364,NULL,NULL,NULL,'2023-03-28 15:03:46','2023-03-30 15:25:36'),(1384,1,4,364,NULL,NULL,NULL,'2023-03-28 15:03:46','2023-03-28 15:03:46'),(1385,1,5,364,NULL,NULL,NULL,'2023-03-28 15:03:46','2023-03-28 15:03:46'),(1386,1,6,364,NULL,NULL,NULL,'2023-03-28 15:03:46','2023-03-28 15:03:46'),(1387,1,7,364,NULL,NULL,NULL,'2023-03-28 15:03:46','2023-03-28 15:03:46'),(1388,1,8,364,NULL,NULL,NULL,'2023-03-28 15:03:46','2023-03-28 15:03:46'),(1389,1,9,364,NULL,NULL,NULL,'2023-03-28 15:03:46','2023-03-28 15:03:46'),(1390,1,1,365,NULL,NULL,NULL,'2023-03-28 15:05:03','2023-03-30 15:06:52'),(1391,1,4,365,NULL,NULL,NULL,'2023-03-28 15:05:03','2023-03-28 15:05:03'),(1392,1,5,365,NULL,NULL,NULL,'2023-03-28 15:05:03','2023-03-28 15:05:03'),(1393,1,6,365,NULL,NULL,NULL,'2023-03-28 15:05:03','2023-03-28 15:05:03'),(1394,1,7,365,NULL,NULL,NULL,'2023-03-28 15:05:03','2023-03-28 15:05:03'),(1395,1,8,365,NULL,NULL,NULL,'2023-03-28 15:05:03','2023-03-28 15:05:03'),(1396,1,9,365,NULL,NULL,NULL,'2023-03-28 15:05:03','2023-03-28 15:05:03'),(1397,1,1,366,NULL,NULL,NULL,'2023-03-28 15:06:18','2023-03-30 15:18:03'),(1398,1,4,366,NULL,NULL,NULL,'2023-03-28 15:06:18','2023-03-28 15:06:18'),(1399,1,5,366,NULL,NULL,NULL,'2023-03-28 15:06:18','2023-03-28 15:06:18'),(1400,1,6,366,NULL,NULL,NULL,'2023-03-28 15:06:18','2023-03-28 15:06:18'),(1401,1,7,366,NULL,NULL,NULL,'2023-03-28 15:06:18','2023-03-28 15:06:18'),(1402,1,8,366,NULL,NULL,NULL,'2023-03-28 15:06:18','2023-03-28 15:06:18'),(1403,1,9,366,NULL,NULL,NULL,'2023-03-28 15:06:18','2023-03-28 15:06:18'),(1404,1,1,368,NULL,NULL,NULL,'2023-03-28 15:06:45','2023-03-30 15:00:31'),(1405,1,4,368,NULL,NULL,NULL,'2023-03-28 15:06:45','2023-03-28 15:06:45'),(1406,1,5,368,NULL,NULL,NULL,'2023-03-28 15:06:45','2023-03-28 15:06:45'),(1407,1,6,368,NULL,NULL,NULL,'2023-03-28 15:06:45','2023-03-28 15:06:45'),(1408,1,7,368,NULL,NULL,NULL,'2023-03-28 15:06:45','2023-03-28 15:06:45'),(1409,1,8,368,NULL,NULL,NULL,'2023-03-28 15:06:45','2023-03-28 15:06:45'),(1410,1,9,368,NULL,NULL,NULL,'2023-03-28 15:06:45','2023-03-28 15:06:45'),(1411,1,1,369,NULL,NULL,NULL,'2023-03-28 15:07:30','2023-03-30 15:46:13'),(1412,1,4,369,NULL,NULL,NULL,'2023-03-28 15:07:30','2023-03-28 15:23:41'),(1413,1,5,369,NULL,NULL,NULL,'2023-03-28 15:07:30','2023-03-28 15:23:41'),(1414,1,6,369,NULL,NULL,NULL,'2023-03-28 15:07:30','2023-03-28 15:23:41'),(1415,1,7,369,NULL,NULL,NULL,'2023-03-28 15:07:30','2023-03-28 15:23:41'),(1416,1,8,369,NULL,NULL,NULL,'2023-03-28 15:07:30','2023-03-28 15:23:41'),(1417,1,9,369,NULL,NULL,NULL,'2023-03-28 15:07:30','2023-03-28 15:23:41'),(1418,1,1,370,NULL,NULL,NULL,'2023-03-28 15:24:36','2023-03-30 15:45:26'),(1419,1,4,370,NULL,NULL,NULL,'2023-03-28 15:24:36','2023-03-28 15:24:36'),(1420,1,5,370,NULL,NULL,NULL,'2023-03-28 15:24:36','2023-03-28 15:24:36'),(1421,1,6,370,NULL,NULL,NULL,'2023-03-28 15:24:36','2023-03-28 15:24:36'),(1422,1,7,370,NULL,NULL,NULL,'2023-03-28 15:24:36','2023-03-28 15:24:36'),(1423,1,8,370,NULL,NULL,NULL,'2023-03-28 15:24:36','2023-03-28 15:24:36'),(1424,1,9,370,NULL,NULL,NULL,'2023-03-28 15:24:36','2023-03-28 15:24:36'),(1425,1,1,371,NULL,NULL,NULL,'2023-03-28 15:25:11','2023-03-30 15:04:16'),(1426,1,4,371,NULL,NULL,NULL,'2023-03-28 15:25:11','2023-03-28 15:25:11'),(1427,1,5,371,NULL,NULL,NULL,'2023-03-28 15:25:11','2023-03-28 15:25:11'),(1428,1,6,371,NULL,NULL,NULL,'2023-03-28 15:25:11','2023-03-28 15:25:11'),(1429,1,7,371,NULL,NULL,NULL,'2023-03-28 15:25:11','2023-03-28 15:25:11'),(1430,1,8,371,NULL,NULL,NULL,'2023-03-28 15:25:11','2023-03-28 15:25:11'),(1431,1,9,371,NULL,NULL,NULL,'2023-03-28 15:25:11','2023-03-28 15:25:11'),(1432,1,1,372,NULL,NULL,NULL,'2023-03-28 15:25:37','2023-03-30 15:46:57'),(1433,1,4,372,NULL,NULL,NULL,'2023-03-28 15:25:37','2023-03-28 15:25:37'),(1434,1,5,372,NULL,NULL,NULL,'2023-03-28 15:25:37','2023-03-28 15:25:37'),(1435,1,6,372,NULL,NULL,NULL,'2023-03-28 15:25:37','2023-03-28 15:25:37'),(1436,1,7,372,NULL,NULL,NULL,'2023-03-28 15:25:37','2023-03-28 15:25:37'),(1437,1,8,372,NULL,NULL,NULL,'2023-03-28 15:25:37','2023-03-28 15:25:37'),(1438,1,9,372,NULL,NULL,NULL,'2023-03-28 15:25:37','2023-03-28 15:25:37'),(1439,1,1,373,NULL,NULL,NULL,'2023-03-28 15:26:12','2023-03-30 15:40:11'),(1440,1,4,373,NULL,NULL,NULL,'2023-03-28 15:26:12','2023-03-28 15:26:12'),(1441,1,5,373,NULL,NULL,NULL,'2023-03-28 15:26:12','2023-03-28 15:26:12'),(1442,1,6,373,NULL,NULL,NULL,'2023-03-28 15:26:12','2023-03-28 15:26:12'),(1443,1,7,373,NULL,NULL,NULL,'2023-03-28 15:26:12','2023-03-28 15:26:12'),(1444,1,8,373,NULL,NULL,NULL,'2023-03-28 15:26:12','2023-03-28 15:26:12'),(1445,1,9,373,NULL,NULL,NULL,'2023-03-28 15:26:12','2023-03-28 15:26:12'),(1446,1,1,374,NULL,NULL,NULL,'2023-03-28 15:26:58','2023-03-30 15:44:48'),(1447,1,4,374,NULL,NULL,NULL,'2023-03-28 15:26:58','2023-03-28 15:26:58'),(1448,1,5,374,NULL,NULL,NULL,'2023-03-28 15:26:58','2023-03-28 15:26:58'),(1449,1,6,374,NULL,NULL,NULL,'2023-03-28 15:26:58','2023-03-28 15:26:58'),(1450,1,7,374,NULL,NULL,NULL,'2023-03-28 15:26:58','2023-03-28 15:26:58'),(1451,1,8,374,NULL,NULL,NULL,'2023-03-28 15:26:58','2023-03-28 15:26:58'),(1452,1,9,374,NULL,NULL,NULL,'2023-03-28 15:26:58','2023-03-28 15:26:58'),(1453,1,1,375,NULL,NULL,NULL,'2023-03-28 15:27:37','2023-03-30 15:29:09'),(1454,1,4,375,NULL,NULL,NULL,'2023-03-28 15:27:37','2023-03-28 15:27:37'),(1455,1,5,375,NULL,NULL,NULL,'2023-03-28 15:27:37','2023-03-28 15:27:37'),(1456,1,6,375,NULL,NULL,NULL,'2023-03-28 15:27:37','2023-03-28 15:27:37'),(1457,1,7,375,NULL,NULL,NULL,'2023-03-28 15:27:37','2023-03-28 15:27:37'),(1458,1,8,375,NULL,NULL,NULL,'2023-03-28 15:27:37','2023-03-28 15:27:37'),(1459,1,9,375,NULL,NULL,NULL,'2023-03-28 15:27:37','2023-03-28 15:27:37'),(1460,1,4,376,NULL,NULL,NULL,'2023-03-28 15:28:10','2023-03-28 15:28:10'),(1461,1,5,376,NULL,NULL,NULL,'2023-03-28 15:28:10','2023-03-28 15:28:10'),(1462,1,6,376,NULL,NULL,NULL,'2023-03-28 15:28:10','2023-03-28 15:28:10'),(1463,1,7,376,NULL,NULL,NULL,'2023-03-28 15:28:10','2023-03-28 15:28:10'),(1464,1,8,376,NULL,NULL,NULL,'2023-03-28 15:28:10','2023-03-28 15:28:10'),(1465,1,9,376,NULL,NULL,NULL,'2023-03-28 15:28:10','2023-03-28 15:28:10'),(1466,1,4,377,NULL,NULL,NULL,'2023-03-28 15:29:49','2023-03-28 15:29:49'),(1467,1,5,377,NULL,NULL,NULL,'2023-03-28 15:29:49','2023-03-28 15:29:49'),(1468,1,6,377,NULL,NULL,NULL,'2023-03-28 15:29:49','2023-03-28 15:29:49'),(1469,1,7,377,NULL,NULL,NULL,'2023-03-28 15:29:49','2023-03-28 15:29:49'),(1470,1,8,377,NULL,NULL,NULL,'2023-03-28 15:29:49','2023-03-28 15:29:49'),(1471,1,9,377,NULL,NULL,NULL,'2023-03-28 15:29:49','2023-03-28 15:29:49'),(1472,1,1,378,NULL,NULL,NULL,'2023-03-28 15:33:22','2023-03-30 15:34:40'),(1473,1,4,378,NULL,NULL,NULL,'2023-03-28 15:33:22','2023-03-28 15:33:22'),(1474,1,5,378,NULL,NULL,NULL,'2023-03-28 15:33:22','2023-03-28 15:33:22'),(1475,1,6,378,NULL,NULL,NULL,'2023-03-28 15:33:22','2023-03-28 15:33:22'),(1476,1,7,378,NULL,NULL,NULL,'2023-03-28 15:33:22','2023-03-28 15:33:22'),(1477,1,8,378,NULL,NULL,NULL,'2023-03-28 15:33:22','2023-03-28 15:33:22'),(1478,1,9,378,NULL,NULL,NULL,'2023-03-28 15:33:22','2023-03-28 15:33:22'),(1479,1,1,439,NULL,NULL,NULL,'2023-03-28 16:01:30','2023-03-30 13:19:05'),(1480,1,4,439,NULL,NULL,NULL,'2023-03-28 16:01:30','2023-03-30 13:19:05'),(1481,1,5,439,NULL,NULL,NULL,'2023-03-28 16:01:30','2023-03-30 13:19:05'),(1482,1,6,439,NULL,NULL,NULL,'2023-03-28 16:01:30','2023-03-30 13:19:05'),(1483,1,7,439,NULL,NULL,NULL,'2023-03-28 16:01:30','2023-03-30 13:19:05'),(1484,1,8,439,NULL,NULL,NULL,'2023-03-28 16:01:30','2023-03-30 13:19:05'),(1485,1,9,439,NULL,NULL,NULL,'2023-03-28 16:01:30','2023-03-30 13:19:05'),(1486,1,1,440,NULL,NULL,NULL,'2023-03-28 16:01:59','2023-03-30 13:19:59'),(1487,1,4,440,NULL,NULL,NULL,'2023-03-28 16:01:59','2023-03-30 13:19:59'),(1488,1,5,440,NULL,NULL,NULL,'2023-03-28 16:01:59','2023-03-30 13:19:59'),(1489,1,6,440,NULL,NULL,NULL,'2023-03-28 16:01:59','2023-03-30 13:19:59'),(1490,1,7,440,NULL,NULL,NULL,'2023-03-28 16:01:59','2023-03-30 13:19:59'),(1491,1,8,440,NULL,NULL,NULL,'2023-03-28 16:01:59','2023-03-30 13:19:59'),(1492,1,9,440,NULL,NULL,NULL,'2023-03-28 16:01:59','2023-03-30 13:19:59'),(1493,1,1,441,NULL,NULL,NULL,'2023-03-28 16:02:31','2023-03-30 13:20:29'),(1494,1,4,441,NULL,NULL,NULL,'2023-03-28 16:02:31','2023-03-30 13:20:29'),(1495,1,5,441,NULL,NULL,NULL,'2023-03-28 16:02:31','2023-03-30 13:20:29'),(1496,1,6,441,NULL,NULL,NULL,'2023-03-28 16:02:31','2023-03-30 13:20:29'),(1497,1,7,441,NULL,NULL,NULL,'2023-03-28 16:02:31','2023-03-30 13:20:29'),(1498,1,8,441,NULL,NULL,NULL,'2023-03-28 16:02:31','2023-03-30 13:20:29'),(1499,1,9,441,NULL,NULL,NULL,'2023-03-28 16:02:31','2023-03-30 13:20:29'),(1500,1,1,442,NULL,NULL,NULL,'2023-03-28 16:03:11','2023-03-30 13:21:08'),(1501,1,4,442,NULL,NULL,NULL,'2023-03-28 16:03:11','2023-03-30 13:21:08'),(1502,1,5,442,NULL,NULL,NULL,'2023-03-28 16:03:11','2023-03-30 13:21:08'),(1503,1,6,442,NULL,NULL,NULL,'2023-03-28 16:03:11','2023-03-30 13:21:08'),(1504,1,7,442,NULL,NULL,NULL,'2023-03-28 16:03:11','2023-03-30 13:21:08'),(1505,1,8,442,NULL,NULL,NULL,'2023-03-28 16:03:11','2023-03-30 13:21:08'),(1506,1,9,442,NULL,NULL,NULL,'2023-03-28 16:03:11','2023-03-30 13:21:08'),(1507,1,1,443,NULL,NULL,NULL,'2023-03-28 16:03:35','2023-03-30 13:21:57'),(1508,1,4,443,NULL,NULL,NULL,'2023-03-28 16:03:35','2023-03-30 13:21:57'),(1509,1,5,443,NULL,NULL,NULL,'2023-03-28 16:03:35','2023-03-30 13:21:57'),(1510,1,6,443,NULL,NULL,NULL,'2023-03-28 16:03:35','2023-03-30 13:21:57'),(1511,1,7,443,NULL,NULL,NULL,'2023-03-28 16:03:35','2023-03-30 13:21:57'),(1512,1,8,443,NULL,NULL,NULL,'2023-03-28 16:03:35','2023-03-30 13:21:57'),(1513,1,9,443,NULL,NULL,NULL,'2023-03-28 16:03:35','2023-03-30 13:21:57'),(1514,1,1,444,NULL,NULL,NULL,'2023-03-28 16:04:11','2023-03-30 13:22:55'),(1515,1,4,444,NULL,NULL,NULL,'2023-03-28 16:04:11','2023-03-30 13:22:55'),(1516,1,5,444,NULL,NULL,NULL,'2023-03-28 16:04:11','2023-03-30 13:22:55'),(1517,1,6,444,NULL,NULL,NULL,'2023-03-28 16:04:11','2023-03-30 13:22:55'),(1518,1,7,444,NULL,NULL,NULL,'2023-03-28 16:04:11','2023-03-30 13:22:55'),(1519,1,8,444,NULL,NULL,NULL,'2023-03-28 16:04:11','2023-03-30 13:22:55'),(1520,1,9,444,NULL,NULL,NULL,'2023-03-28 16:04:11','2023-03-30 13:22:55'),(1521,1,1,445,NULL,NULL,NULL,'2023-03-28 16:04:41','2023-03-30 13:23:41'),(1522,1,4,445,NULL,NULL,NULL,'2023-03-28 16:04:41','2023-03-30 13:23:41'),(1523,1,5,445,NULL,NULL,NULL,'2023-03-28 16:04:41','2023-03-30 13:23:41'),(1524,1,6,445,NULL,NULL,NULL,'2023-03-28 16:04:41','2023-03-30 13:23:41'),(1525,1,7,445,NULL,NULL,NULL,'2023-03-28 16:04:41','2023-03-30 13:23:41'),(1526,1,8,445,NULL,NULL,NULL,'2023-03-28 16:04:41','2023-03-30 13:23:41'),(1527,1,9,445,NULL,NULL,NULL,'2023-03-28 16:04:41','2023-03-30 13:23:41'),(1528,1,1,446,NULL,NULL,NULL,'2023-03-28 16:05:07','2023-03-30 13:24:22'),(1529,1,4,446,NULL,NULL,NULL,'2023-03-28 16:05:07','2023-03-30 13:24:22'),(1530,1,5,446,NULL,NULL,NULL,'2023-03-28 16:05:07','2023-03-30 13:24:22'),(1531,1,6,446,NULL,NULL,NULL,'2023-03-28 16:05:07','2023-03-30 13:24:22'),(1532,1,7,446,NULL,NULL,NULL,'2023-03-28 16:05:07','2023-03-30 13:24:22'),(1533,1,8,446,NULL,NULL,NULL,'2023-03-28 16:05:07','2023-03-30 13:24:22'),(1534,1,9,446,NULL,NULL,NULL,'2023-03-28 16:05:07','2023-03-30 13:24:22'),(1535,1,1,447,NULL,NULL,NULL,'2023-03-28 16:05:37','2023-03-30 13:25:04'),(1536,1,4,447,NULL,NULL,NULL,'2023-03-28 16:05:37','2023-03-30 13:25:04'),(1537,1,5,447,NULL,NULL,NULL,'2023-03-28 16:05:37','2023-03-30 13:25:04'),(1538,1,6,447,NULL,NULL,NULL,'2023-03-28 16:05:37','2023-03-30 13:25:04'),(1539,1,7,447,NULL,NULL,NULL,'2023-03-28 16:05:37','2023-03-30 13:25:04'),(1540,1,8,447,NULL,NULL,NULL,'2023-03-28 16:05:37','2023-03-30 13:25:04'),(1541,1,9,447,NULL,NULL,NULL,'2023-03-28 16:05:37','2023-03-30 13:25:04'),(1542,1,1,448,NULL,NULL,NULL,'2023-03-28 16:06:02','2023-03-30 13:25:34'),(1543,1,4,448,NULL,NULL,NULL,'2023-03-28 16:06:02','2023-03-30 13:25:34'),(1544,1,5,448,NULL,NULL,NULL,'2023-03-28 16:06:02','2023-03-30 13:25:34'),(1545,1,6,448,NULL,NULL,NULL,'2023-03-28 16:06:02','2023-03-30 13:25:34'),(1546,1,7,448,NULL,NULL,NULL,'2023-03-28 16:06:02','2023-03-30 13:25:34'),(1547,1,8,448,NULL,NULL,NULL,'2023-03-28 16:06:02','2023-03-30 13:25:34'),(1548,1,9,448,NULL,NULL,NULL,'2023-03-28 16:06:02','2023-03-30 13:25:34'),(1549,1,1,1013,NULL,NULL,NULL,'2023-03-28 16:06:30','2023-03-30 13:26:19'),(1550,1,4,1013,NULL,NULL,NULL,'2023-03-28 16:06:30','2023-03-30 13:26:19'),(1551,1,5,1013,NULL,NULL,NULL,'2023-03-28 16:06:30','2023-03-30 13:26:19'),(1552,1,6,1013,NULL,NULL,NULL,'2023-03-28 16:06:30','2023-03-30 13:26:19'),(1553,1,7,1013,NULL,NULL,NULL,'2023-03-28 16:06:30','2023-03-30 13:26:19'),(1554,1,8,1013,NULL,NULL,NULL,'2023-03-28 16:06:30','2023-03-30 13:26:19'),(1555,1,9,1013,NULL,NULL,NULL,'2023-03-28 16:06:30','2023-03-30 13:26:19'),(1556,1,1,449,NULL,NULL,NULL,'2023-03-28 16:29:12','2023-03-30 14:10:21'),(1557,1,4,449,NULL,NULL,NULL,'2023-03-28 16:29:12','2023-03-30 14:10:21'),(1558,1,5,449,NULL,NULL,NULL,'2023-03-28 16:29:12','2023-03-30 14:10:21'),(1559,1,6,449,NULL,NULL,NULL,'2023-03-28 16:29:12','2023-03-30 14:10:21'),(1560,1,7,449,NULL,NULL,NULL,'2023-03-28 16:29:12','2023-03-30 14:10:21'),(1561,1,8,449,NULL,NULL,NULL,'2023-03-28 16:29:12','2023-03-30 14:10:21'),(1562,1,9,449,NULL,NULL,NULL,'2023-03-28 16:29:12','2023-03-30 14:10:21'),(1563,1,1,450,NULL,NULL,NULL,'2023-03-28 16:29:43','2023-03-30 14:10:56'),(1564,1,4,450,NULL,NULL,NULL,'2023-03-28 16:29:43','2023-03-30 14:10:56'),(1565,1,5,450,NULL,NULL,NULL,'2023-03-28 16:29:43','2023-03-30 14:10:56'),(1566,1,6,450,NULL,NULL,NULL,'2023-03-28 16:29:43','2023-03-30 14:10:56'),(1567,1,7,450,NULL,NULL,NULL,'2023-03-28 16:29:43','2023-03-30 14:10:56'),(1568,1,8,450,NULL,NULL,NULL,'2023-03-28 16:29:43','2023-03-30 14:10:56'),(1569,1,9,450,NULL,NULL,NULL,'2023-03-28 16:29:43','2023-03-30 14:10:56'),(1570,1,1,451,NULL,NULL,NULL,'2023-03-28 16:30:09','2023-03-30 14:11:49'),(1571,1,4,451,NULL,NULL,NULL,'2023-03-28 16:30:09','2023-03-30 14:11:49'),(1572,1,5,451,NULL,NULL,NULL,'2023-03-28 16:30:09','2023-03-30 14:11:49'),(1573,1,6,451,NULL,NULL,NULL,'2023-03-28 16:30:09','2023-03-30 14:11:49'),(1574,1,7,451,NULL,NULL,NULL,'2023-03-28 16:30:09','2023-03-30 14:11:49'),(1575,1,8,451,NULL,NULL,NULL,'2023-03-28 16:30:09','2023-03-30 14:11:49'),(1576,1,9,451,NULL,NULL,NULL,'2023-03-28 16:30:09','2023-03-30 14:11:49'),(1577,1,1,452,NULL,NULL,NULL,'2023-03-28 16:30:31','2023-03-30 14:12:24'),(1578,1,4,452,NULL,NULL,NULL,'2023-03-28 16:30:31','2023-03-30 14:12:24'),(1579,1,5,452,NULL,NULL,NULL,'2023-03-28 16:30:31','2023-03-30 14:12:24'),(1580,1,6,452,NULL,NULL,NULL,'2023-03-28 16:30:31','2023-03-30 14:12:24'),(1581,1,7,452,NULL,NULL,NULL,'2023-03-28 16:30:31','2023-03-30 14:12:24'),(1582,1,8,452,NULL,NULL,NULL,'2023-03-28 16:30:31','2023-03-30 14:12:24'),(1583,1,9,452,NULL,NULL,NULL,'2023-03-28 16:30:31','2023-03-30 14:12:24'),(1584,1,1,453,NULL,NULL,NULL,'2023-03-28 16:30:53','2023-03-30 14:13:03'),(1585,1,4,453,NULL,NULL,NULL,'2023-03-28 16:30:53','2023-03-30 14:13:03'),(1586,1,5,453,NULL,NULL,NULL,'2023-03-28 16:30:53','2023-03-30 14:13:03'),(1587,1,6,453,NULL,NULL,NULL,'2023-03-28 16:30:53','2023-03-30 14:13:03'),(1588,1,7,453,NULL,NULL,NULL,'2023-03-28 16:30:53','2023-03-30 14:13:03'),(1589,1,8,453,NULL,NULL,NULL,'2023-03-28 16:30:53','2023-03-30 14:13:03'),(1590,1,9,453,NULL,NULL,NULL,'2023-03-28 16:30:53','2023-03-30 14:13:03'),(1591,1,1,454,NULL,NULL,NULL,'2023-03-28 16:31:18','2023-03-30 14:13:36'),(1592,1,4,454,NULL,NULL,NULL,'2023-03-28 16:31:18','2023-03-30 14:13:36'),(1593,1,5,454,NULL,NULL,NULL,'2023-03-28 16:31:18','2023-03-30 14:13:36'),(1594,1,6,454,NULL,NULL,NULL,'2023-03-28 16:31:18','2023-03-30 14:13:36'),(1595,1,7,454,NULL,NULL,NULL,'2023-03-28 16:31:18','2023-03-30 14:13:36'),(1596,1,8,454,NULL,NULL,NULL,'2023-03-28 16:31:18','2023-03-30 14:13:36'),(1597,1,9,454,NULL,NULL,NULL,'2023-03-28 16:31:18','2023-03-30 14:13:36'),(1598,1,1,455,NULL,NULL,NULL,'2023-03-28 16:31:41','2023-03-30 14:21:42'),(1599,1,4,455,NULL,NULL,NULL,'2023-03-28 16:31:41','2023-03-30 14:21:42'),(1600,1,5,455,NULL,NULL,NULL,'2023-03-28 16:31:41','2023-03-30 14:21:42'),(1601,1,6,455,NULL,NULL,NULL,'2023-03-28 16:31:41','2023-03-30 14:21:42'),(1602,1,7,455,NULL,NULL,NULL,'2023-03-28 16:31:41','2023-03-30 14:21:42'),(1603,1,8,455,NULL,NULL,NULL,'2023-03-28 16:31:41','2023-03-30 14:21:42'),(1604,1,9,455,NULL,NULL,NULL,'2023-03-28 16:31:41','2023-03-30 14:21:42'),(1605,1,1,456,NULL,NULL,NULL,'2023-03-28 16:32:22','2023-03-30 14:22:56'),(1606,1,4,456,NULL,NULL,NULL,'2023-03-28 16:32:22','2023-03-30 14:22:56'),(1607,1,5,456,NULL,NULL,NULL,'2023-03-28 16:32:22','2023-03-30 14:22:56'),(1608,1,6,456,NULL,NULL,NULL,'2023-03-28 16:32:22','2023-03-30 14:22:56'),(1609,1,7,456,NULL,NULL,NULL,'2023-03-28 16:32:22','2023-03-30 14:22:56'),(1610,1,8,456,NULL,NULL,NULL,'2023-03-28 16:32:22','2023-03-30 14:22:56'),(1611,1,9,456,NULL,NULL,NULL,'2023-03-28 16:32:22','2023-03-30 14:22:56'),(1612,1,1,458,NULL,NULL,NULL,'2023-03-28 16:32:47','2023-03-30 14:27:25'),(1613,1,4,458,NULL,NULL,NULL,'2023-03-28 16:32:47','2023-03-30 14:27:25'),(1614,1,5,458,NULL,NULL,NULL,'2023-03-28 16:32:47','2023-03-30 14:27:25'),(1615,1,6,458,NULL,NULL,NULL,'2023-03-28 16:32:47','2023-03-30 14:27:25'),(1616,1,7,458,NULL,NULL,NULL,'2023-03-28 16:32:47','2023-03-30 14:27:25'),(1617,1,8,458,NULL,NULL,NULL,'2023-03-28 16:32:47','2023-03-30 14:27:25'),(1618,1,9,458,NULL,NULL,NULL,'2023-03-28 16:32:47','2023-03-30 14:27:25'),(1619,1,1,459,NULL,NULL,NULL,'2023-03-28 16:33:13','2023-03-30 14:28:26'),(1620,1,4,459,NULL,NULL,NULL,'2023-03-28 16:33:13','2023-03-30 14:28:26'),(1621,1,5,459,NULL,NULL,NULL,'2023-03-28 16:33:13','2023-03-30 14:28:26'),(1622,1,6,459,NULL,NULL,NULL,'2023-03-28 16:33:13','2023-03-30 14:28:26'),(1623,1,7,459,NULL,NULL,NULL,'2023-03-28 16:33:13','2023-03-30 14:28:26'),(1624,1,8,459,NULL,NULL,NULL,'2023-03-28 16:33:13','2023-03-30 14:28:26'),(1625,1,9,459,NULL,NULL,NULL,'2023-03-28 16:33:13','2023-03-30 14:28:26'),(1626,1,1,457,NULL,NULL,NULL,'2023-03-28 16:33:38','2023-03-30 14:29:39'),(1627,1,4,457,NULL,NULL,NULL,'2023-03-28 16:33:38','2023-03-30 14:29:39'),(1628,1,5,457,NULL,NULL,NULL,'2023-03-28 16:33:38','2023-03-30 14:29:39'),(1629,1,6,457,NULL,NULL,NULL,'2023-03-28 16:33:38','2023-03-30 14:29:39'),(1630,1,7,457,NULL,NULL,NULL,'2023-03-28 16:33:38','2023-03-30 14:29:39'),(1631,1,8,457,NULL,NULL,NULL,'2023-03-28 16:33:38','2023-03-30 14:29:39'),(1632,1,9,457,NULL,NULL,NULL,'2023-03-28 16:33:38','2023-03-30 14:29:39'),(1633,1,1,460,NULL,NULL,NULL,'2023-03-28 16:34:02','2023-03-30 14:30:47'),(1634,1,4,460,NULL,NULL,NULL,'2023-03-28 16:34:02','2023-03-30 14:30:47'),(1635,1,5,460,NULL,NULL,NULL,'2023-03-28 16:34:02','2023-03-30 14:30:47'),(1636,1,6,460,NULL,NULL,NULL,'2023-03-28 16:34:02','2023-03-30 14:30:47'),(1637,1,7,460,NULL,NULL,NULL,'2023-03-28 16:34:02','2023-03-30 14:30:47'),(1638,1,8,460,NULL,NULL,NULL,'2023-03-28 16:34:02','2023-03-30 14:30:47'),(1639,1,9,460,NULL,NULL,NULL,'2023-03-28 16:34:02','2023-03-30 14:30:47'),(1640,1,1,461,NULL,NULL,NULL,'2023-03-28 16:34:26','2023-03-30 14:31:22'),(1641,1,4,461,NULL,NULL,NULL,'2023-03-28 16:34:26','2023-03-30 14:31:22'),(1642,1,5,461,NULL,NULL,NULL,'2023-03-28 16:34:26','2023-03-30 14:31:22'),(1643,1,6,461,NULL,NULL,NULL,'2023-03-28 16:34:26','2023-03-30 14:31:22'),(1644,1,7,461,NULL,NULL,NULL,'2023-03-28 16:34:26','2023-03-30 14:31:22'),(1645,1,8,461,NULL,NULL,NULL,'2023-03-28 16:34:26','2023-03-30 14:31:22'),(1646,1,9,461,NULL,NULL,NULL,'2023-03-28 16:34:26','2023-03-30 14:31:22'),(1647,1,1,462,NULL,NULL,NULL,'2023-03-28 16:34:49','2023-03-30 14:32:06'),(1648,1,4,462,NULL,NULL,NULL,'2023-03-28 16:34:49','2023-03-30 14:32:06'),(1649,1,5,462,NULL,NULL,NULL,'2023-03-28 16:34:49','2023-03-30 14:32:06'),(1650,1,6,462,NULL,NULL,NULL,'2023-03-28 16:34:49','2023-03-30 14:32:06'),(1651,1,7,462,NULL,NULL,NULL,'2023-03-28 16:34:49','2023-03-30 14:32:06'),(1652,1,8,462,NULL,NULL,NULL,'2023-03-28 16:34:49','2023-03-30 14:32:06'),(1653,1,9,462,NULL,NULL,NULL,'2023-03-28 16:34:49','2023-03-30 14:32:06'),(1654,1,1,463,NULL,NULL,NULL,'2023-03-28 16:35:14','2023-03-30 14:32:39'),(1655,1,4,463,NULL,NULL,NULL,'2023-03-28 16:35:14','2023-03-30 14:32:39'),(1656,1,5,463,NULL,NULL,NULL,'2023-03-28 16:35:14','2023-03-30 14:32:39'),(1657,1,6,463,NULL,NULL,NULL,'2023-03-28 16:35:14','2023-03-30 14:32:39'),(1658,1,7,463,NULL,NULL,NULL,'2023-03-28 16:35:14','2023-03-30 14:32:39'),(1659,1,8,463,NULL,NULL,NULL,'2023-03-28 16:35:14','2023-03-30 14:32:39'),(1660,1,9,463,NULL,NULL,NULL,'2023-03-28 16:35:14','2023-03-30 14:32:39'),(1661,1,1,830,NULL,NULL,NULL,'2023-03-28 16:35:36','2023-03-30 14:33:08'),(1662,1,4,830,NULL,NULL,NULL,'2023-03-28 16:35:36','2023-03-30 14:33:08'),(1663,1,5,830,NULL,NULL,NULL,'2023-03-28 16:35:36','2023-03-30 14:33:08'),(1664,1,6,830,NULL,NULL,NULL,'2023-03-28 16:35:36','2023-03-30 14:33:08'),(1665,1,7,830,NULL,NULL,NULL,'2023-03-28 16:35:36','2023-03-30 14:33:08'),(1666,1,8,830,NULL,NULL,NULL,'2023-03-28 16:35:36','2023-03-30 14:33:08'),(1667,1,9,830,NULL,NULL,NULL,'2023-03-28 16:35:36','2023-03-30 14:33:08'),(1668,1,1,464,NULL,NULL,NULL,'2023-03-28 16:43:52','2023-03-30 14:40:21'),(1669,1,4,464,NULL,NULL,NULL,'2023-03-28 16:43:52','2023-03-30 14:40:21'),(1670,1,5,464,NULL,NULL,NULL,'2023-03-28 16:43:52','2023-03-30 14:40:21'),(1671,1,6,464,NULL,NULL,NULL,'2023-03-28 16:43:52','2023-03-30 14:40:21'),(1672,1,7,464,NULL,NULL,NULL,'2023-03-28 16:43:52','2023-03-30 14:40:21'),(1673,1,8,464,NULL,NULL,NULL,'2023-03-28 16:43:52','2023-03-30 14:40:21'),(1674,1,9,464,NULL,NULL,NULL,'2023-03-28 16:43:52','2023-03-30 14:40:21'),(1675,1,1,465,NULL,NULL,NULL,'2023-03-28 16:44:22','2023-03-30 14:55:24'),(1676,1,4,465,NULL,NULL,NULL,'2023-03-28 16:44:22','2023-03-30 14:55:24'),(1677,1,5,465,NULL,NULL,NULL,'2023-03-28 16:44:22','2023-03-30 14:55:24'),(1678,1,6,465,NULL,NULL,NULL,'2023-03-28 16:44:22','2023-03-30 14:55:24'),(1679,1,7,465,NULL,NULL,NULL,'2023-03-28 16:44:22','2023-03-30 14:55:24'),(1680,1,8,465,NULL,NULL,NULL,'2023-03-28 16:44:22','2023-03-30 14:55:24'),(1681,1,9,465,NULL,NULL,NULL,'2023-03-28 16:44:22','2023-03-30 14:55:24'),(1682,1,1,466,NULL,NULL,NULL,'2023-03-28 16:44:45','2023-03-30 14:55:52'),(1683,1,4,466,NULL,NULL,NULL,'2023-03-28 16:44:45','2023-03-30 14:55:52'),(1684,1,5,466,NULL,NULL,NULL,'2023-03-28 16:44:45','2023-03-30 14:55:52'),(1685,1,6,466,NULL,NULL,NULL,'2023-03-28 16:44:45','2023-03-30 14:55:52'),(1686,1,7,466,NULL,NULL,NULL,'2023-03-28 16:44:45','2023-03-30 14:55:52'),(1687,1,8,466,NULL,NULL,NULL,'2023-03-28 16:44:45','2023-03-30 14:55:52'),(1688,1,9,466,NULL,NULL,NULL,'2023-03-28 16:44:45','2023-03-30 14:55:52'),(1689,1,1,467,NULL,NULL,NULL,'2023-03-28 16:45:11','2023-03-30 14:56:24'),(1690,1,4,467,NULL,NULL,NULL,'2023-03-28 16:45:11','2023-03-30 14:56:24'),(1691,1,5,467,NULL,NULL,NULL,'2023-03-28 16:45:11','2023-03-30 14:56:24'),(1692,1,6,467,NULL,NULL,NULL,'2023-03-28 16:45:11','2023-03-30 14:56:24'),(1693,1,7,467,NULL,NULL,NULL,'2023-03-28 16:45:11','2023-03-30 14:56:24'),(1694,1,8,467,NULL,NULL,NULL,'2023-03-28 16:45:11','2023-03-30 14:56:24'),(1695,1,9,467,NULL,NULL,NULL,'2023-03-28 16:45:11','2023-03-30 14:56:24'),(1696,1,1,468,NULL,NULL,NULL,'2023-03-28 16:45:39','2023-03-30 14:57:37'),(1697,1,4,468,NULL,NULL,NULL,'2023-03-28 16:45:39','2023-03-30 14:57:37'),(1698,1,5,468,NULL,NULL,NULL,'2023-03-28 16:45:39','2023-03-30 14:57:37'),(1699,1,6,468,NULL,NULL,NULL,'2023-03-28 16:45:39','2023-03-30 14:57:37'),(1700,1,7,468,NULL,NULL,NULL,'2023-03-28 16:45:39','2023-03-30 14:57:37'),(1701,1,8,468,NULL,NULL,NULL,'2023-03-28 16:45:39','2023-03-30 14:57:37'),(1702,1,9,468,NULL,NULL,NULL,'2023-03-28 16:45:39','2023-03-30 14:57:37'),(1703,1,1,732,NULL,NULL,NULL,'2023-03-28 17:08:35','2023-03-28 17:08:35'),(1704,1,4,732,NULL,NULL,NULL,'2023-03-28 17:08:35','2023-03-28 17:08:35'),(1705,1,5,732,NULL,NULL,NULL,'2023-03-28 17:08:35','2023-03-28 17:08:35'),(1706,1,6,732,NULL,NULL,NULL,'2023-03-28 17:08:35','2023-03-28 17:08:35'),(1707,1,7,732,NULL,NULL,NULL,'2023-03-28 17:08:35','2023-03-28 17:08:35'),(1708,1,8,732,NULL,NULL,NULL,'2023-03-28 17:08:35','2023-03-28 17:08:35'),(1709,1,9,732,NULL,NULL,NULL,'2023-03-28 17:08:35','2023-03-28 17:08:35'),(1710,1,1,494,NULL,NULL,NULL,'2023-03-28 20:18:16','2023-03-28 20:18:16'),(1711,1,4,494,NULL,NULL,NULL,'2023-03-28 20:18:16','2023-03-28 20:18:16'),(1712,1,5,494,NULL,NULL,NULL,'2023-03-28 20:18:16','2023-03-28 20:18:16'),(1713,1,6,494,NULL,NULL,NULL,'2023-03-28 20:18:16','2023-03-28 20:18:16'),(1714,1,7,494,NULL,NULL,NULL,'2023-03-28 20:18:16','2023-03-28 20:18:16'),(1715,1,8,494,NULL,NULL,NULL,'2023-03-28 20:18:16','2023-03-28 20:18:16'),(1716,1,9,494,NULL,NULL,NULL,'2023-03-28 20:18:16','2023-03-28 20:18:16'),(1717,1,1,1690,NULL,NULL,NULL,'2023-03-28 20:20:09','2023-03-30 14:59:42'),(1718,1,4,1690,NULL,NULL,NULL,'2023-03-28 20:20:09','2023-03-30 14:59:42'),(1719,1,5,1690,NULL,NULL,NULL,'2023-03-28 20:20:09','2023-03-30 14:59:42'),(1720,1,6,1690,NULL,NULL,NULL,'2023-03-28 20:20:09','2023-03-30 14:59:42'),(1721,1,7,1690,NULL,NULL,NULL,'2023-03-28 20:20:09','2023-03-30 14:59:42'),(1722,1,8,1690,NULL,NULL,NULL,'2023-03-28 20:20:09','2023-03-30 14:59:42'),(1723,1,9,1690,NULL,NULL,NULL,'2023-03-28 20:20:09','2023-03-30 14:59:42'),(1724,1,1,1691,NULL,NULL,NULL,'2023-03-28 20:39:59','2023-03-30 12:50:52'),(1725,1,4,1691,NULL,NULL,NULL,'2023-03-28 20:39:59','2023-03-30 12:50:52'),(1726,1,5,1691,NULL,NULL,NULL,'2023-03-28 20:39:59','2023-03-30 12:50:52'),(1727,1,6,1691,NULL,NULL,NULL,'2023-03-28 20:39:59','2023-03-30 12:50:52'),(1728,1,7,1691,NULL,NULL,NULL,'2023-03-28 20:39:59','2023-03-30 12:50:52'),(1729,1,8,1691,NULL,NULL,NULL,'2023-03-28 20:39:59','2023-03-30 12:50:52'),(1730,1,9,1691,NULL,NULL,NULL,'2023-03-28 20:39:59','2023-03-30 12:50:52'),(1731,1,1,1692,NULL,NULL,NULL,'2023-03-28 20:41:33','2023-03-30 12:48:51'),(1732,1,4,1692,NULL,NULL,NULL,'2023-03-28 20:41:33','2023-03-30 12:48:51'),(1733,1,5,1692,NULL,NULL,NULL,'2023-03-28 20:41:33','2023-03-30 12:48:51'),(1734,1,6,1692,NULL,NULL,NULL,'2023-03-28 20:41:33','2023-03-30 12:48:51'),(1735,1,7,1692,NULL,NULL,NULL,'2023-03-28 20:41:33','2023-03-30 12:48:51'),(1736,1,8,1692,NULL,NULL,NULL,'2023-03-28 20:41:33','2023-03-30 12:48:51'),(1737,1,9,1692,NULL,NULL,NULL,'2023-03-28 20:41:33','2023-03-30 12:48:51'),(1738,1,1,1701,NULL,NULL,NULL,'2023-03-28 21:37:11','2023-03-28 21:37:11'),(1739,1,4,1701,NULL,NULL,NULL,'2023-03-28 21:37:11','2023-03-28 21:37:11'),(1740,1,5,1701,NULL,NULL,NULL,'2023-03-28 21:37:11','2023-03-28 21:37:11'),(1741,1,6,1701,NULL,NULL,NULL,'2023-03-28 21:37:11','2023-03-28 21:37:11'),(1742,1,7,1701,NULL,NULL,NULL,'2023-03-28 21:37:11','2023-03-28 21:37:11'),(1743,1,8,1701,NULL,NULL,NULL,'2023-03-28 21:37:11','2023-03-28 21:37:11'),(1744,1,9,1701,NULL,NULL,NULL,'2023-03-28 21:37:11','2023-03-28 21:37:11'),(1745,1,1,106,NULL,NULL,NULL,'2023-03-29 16:14:02','2023-03-29 16:14:02'),(1746,1,4,106,NULL,NULL,NULL,'2023-03-29 16:14:02','2023-03-29 16:14:02'),(1747,1,5,106,NULL,NULL,NULL,'2023-03-29 16:14:02','2023-03-29 16:14:02'),(1748,1,6,106,NULL,NULL,NULL,'2023-03-29 16:14:02','2023-03-29 16:14:02'),(1749,1,7,106,NULL,NULL,NULL,'2023-03-29 16:14:02','2023-03-29 16:14:02'),(1750,1,8,106,NULL,NULL,NULL,'2023-03-29 16:14:02','2023-03-29 16:14:02'),(1751,1,9,106,NULL,NULL,NULL,'2023-03-29 16:14:02','2023-03-29 16:14:02'),(1752,1,1,107,NULL,NULL,NULL,'2023-03-29 16:14:41','2023-03-29 16:14:41'),(1753,1,4,107,NULL,NULL,NULL,'2023-03-29 16:14:41','2023-03-29 16:14:41'),(1754,1,5,107,NULL,NULL,NULL,'2023-03-29 16:14:41','2023-03-29 16:14:41'),(1755,1,6,107,NULL,NULL,NULL,'2023-03-29 16:14:41','2023-03-29 16:14:41'),(1756,1,7,107,NULL,NULL,NULL,'2023-03-29 16:14:41','2023-03-29 16:14:41'),(1757,1,8,107,NULL,NULL,NULL,'2023-03-29 16:14:41','2023-03-29 16:14:41'),(1758,1,9,107,NULL,NULL,NULL,'2023-03-29 16:14:41','2023-03-29 16:14:41'),(1759,1,1,108,NULL,NULL,NULL,'2023-03-29 16:15:25','2023-03-29 16:15:25'),(1760,1,4,108,NULL,NULL,NULL,'2023-03-29 16:15:25','2023-03-29 16:15:25'),(1761,1,5,108,NULL,NULL,NULL,'2023-03-29 16:15:25','2023-03-29 16:15:25'),(1762,1,6,108,NULL,NULL,NULL,'2023-03-29 16:15:25','2023-03-29 16:15:25'),(1763,1,7,108,NULL,NULL,NULL,'2023-03-29 16:15:25','2023-03-29 16:15:25'),(1764,1,8,108,NULL,NULL,NULL,'2023-03-29 16:15:25','2023-03-29 16:15:25'),(1765,1,9,108,NULL,NULL,NULL,'2023-03-29 16:15:25','2023-03-29 16:15:25'),(1766,1,1,110,NULL,NULL,NULL,'2023-03-29 16:16:21','2023-03-29 16:16:21'),(1767,1,4,110,NULL,NULL,NULL,'2023-03-29 16:16:21','2023-03-29 16:16:21'),(1768,1,5,110,NULL,NULL,NULL,'2023-03-29 16:16:21','2023-03-29 16:16:21'),(1769,1,6,110,NULL,NULL,NULL,'2023-03-29 16:16:21','2023-03-29 16:16:21'),(1770,1,7,110,NULL,NULL,NULL,'2023-03-29 16:16:21','2023-03-29 16:16:21'),(1771,1,8,110,NULL,NULL,NULL,'2023-03-29 16:16:21','2023-03-29 16:16:21'),(1772,1,9,110,NULL,NULL,NULL,'2023-03-29 16:16:21','2023-03-29 16:16:21'),(1773,1,1,193,NULL,NULL,NULL,'2023-03-29 16:18:47','2023-03-29 16:18:47'),(1774,1,4,193,NULL,NULL,NULL,'2023-03-29 16:18:47','2023-03-29 16:18:47'),(1775,1,5,193,NULL,NULL,NULL,'2023-03-29 16:18:47','2023-03-29 16:18:47'),(1776,1,6,193,NULL,NULL,NULL,'2023-03-29 16:18:47','2023-03-29 16:18:47'),(1777,1,7,193,NULL,NULL,NULL,'2023-03-29 16:18:47','2023-03-29 16:18:47'),(1778,1,8,193,NULL,NULL,NULL,'2023-03-29 16:18:47','2023-03-29 16:18:47'),(1779,1,9,193,NULL,NULL,NULL,'2023-03-29 16:18:47','2023-03-29 16:18:47'),(1780,1,1,194,NULL,NULL,NULL,'2023-03-29 16:19:13','2023-03-29 16:19:13'),(1781,1,4,194,NULL,NULL,NULL,'2023-03-29 16:19:13','2023-03-29 16:19:13'),(1782,1,5,194,NULL,NULL,NULL,'2023-03-29 16:19:13','2023-03-29 16:19:13'),(1783,1,6,194,NULL,NULL,NULL,'2023-03-29 16:19:13','2023-03-29 16:19:13'),(1784,1,7,194,NULL,NULL,NULL,'2023-03-29 16:19:13','2023-03-29 16:19:13'),(1785,1,8,194,NULL,NULL,NULL,'2023-03-29 16:19:13','2023-03-29 16:19:13'),(1786,1,9,194,NULL,NULL,NULL,'2023-03-29 16:19:13','2023-03-29 16:19:13'),(1787,1,1,195,NULL,NULL,NULL,'2023-03-29 16:19:40','2023-03-29 16:19:40'),(1788,1,4,195,NULL,NULL,NULL,'2023-03-29 16:19:40','2023-03-29 16:19:40'),(1789,1,5,195,NULL,NULL,NULL,'2023-03-29 16:19:40','2023-03-29 16:19:40'),(1790,1,6,195,NULL,NULL,NULL,'2023-03-29 16:19:40','2023-03-29 16:19:40'),(1791,1,7,195,NULL,NULL,NULL,'2023-03-29 16:19:40','2023-03-29 16:19:40'),(1792,1,8,195,NULL,NULL,NULL,'2023-03-29 16:19:40','2023-03-29 16:19:40'),(1793,1,9,195,NULL,NULL,NULL,'2023-03-29 16:19:40','2023-03-29 16:19:40'),(1794,1,1,196,NULL,NULL,NULL,'2023-03-29 16:20:17','2023-03-29 16:20:17'),(1795,1,4,196,NULL,NULL,NULL,'2023-03-29 16:20:17','2023-03-29 16:20:17'),(1796,1,5,196,NULL,NULL,NULL,'2023-03-29 16:20:17','2023-03-29 16:20:17'),(1797,1,6,196,NULL,NULL,NULL,'2023-03-29 16:20:17','2023-03-29 16:20:17'),(1798,1,7,196,NULL,NULL,NULL,'2023-03-29 16:20:17','2023-03-29 16:20:17'),(1799,1,8,196,NULL,NULL,NULL,'2023-03-29 16:20:17','2023-03-29 16:20:17'),(1800,1,9,196,NULL,NULL,NULL,'2023-03-29 16:20:17','2023-03-29 16:20:17'),(1801,1,1,197,NULL,NULL,NULL,'2023-03-29 16:20:41','2023-03-29 16:20:41'),(1802,1,4,197,NULL,NULL,NULL,'2023-03-29 16:20:41','2023-03-29 16:20:41'),(1803,1,5,197,NULL,NULL,NULL,'2023-03-29 16:20:41','2023-03-29 16:20:41'),(1804,1,6,197,NULL,NULL,NULL,'2023-03-29 16:20:41','2023-03-29 16:20:41'),(1805,1,7,197,NULL,NULL,NULL,'2023-03-29 16:20:41','2023-03-29 16:20:41'),(1806,1,8,197,NULL,NULL,NULL,'2023-03-29 16:20:41','2023-03-29 16:20:41'),(1807,1,9,197,NULL,NULL,NULL,'2023-03-29 16:20:41','2023-03-29 16:20:41'),(1808,1,1,198,NULL,NULL,NULL,'2023-03-29 16:21:06','2023-03-29 16:21:06'),(1809,1,4,198,NULL,NULL,NULL,'2023-03-29 16:21:06','2023-03-29 16:21:06'),(1810,1,5,198,NULL,NULL,NULL,'2023-03-29 16:21:06','2023-03-29 16:21:06'),(1811,1,6,198,NULL,NULL,NULL,'2023-03-29 16:21:06','2023-03-29 16:21:06'),(1812,1,7,198,NULL,NULL,NULL,'2023-03-29 16:21:06','2023-03-29 16:21:06'),(1813,1,8,198,NULL,NULL,NULL,'2023-03-29 16:21:06','2023-03-29 16:21:06'),(1814,1,9,198,NULL,NULL,NULL,'2023-03-29 16:21:06','2023-03-29 16:21:06'),(1815,1,1,199,NULL,NULL,NULL,'2023-03-29 16:21:34','2023-03-29 16:21:34'),(1816,1,4,199,NULL,NULL,NULL,'2023-03-29 16:21:34','2023-03-29 16:21:34'),(1817,1,5,199,NULL,NULL,NULL,'2023-03-29 16:21:34','2023-03-29 16:21:34'),(1818,1,6,199,NULL,NULL,NULL,'2023-03-29 16:21:34','2023-03-29 16:21:34'),(1819,1,7,199,NULL,NULL,NULL,'2023-03-29 16:21:34','2023-03-29 16:21:34'),(1820,1,8,199,NULL,NULL,NULL,'2023-03-29 16:21:34','2023-03-29 16:21:34'),(1821,1,9,199,NULL,NULL,NULL,'2023-03-29 16:21:34','2023-03-29 16:21:34'),(1822,1,1,200,NULL,NULL,NULL,'2023-03-29 16:22:03','2023-03-29 16:22:03'),(1823,1,4,200,NULL,NULL,NULL,'2023-03-29 16:22:03','2023-03-29 16:22:03'),(1824,1,5,200,NULL,NULL,NULL,'2023-03-29 16:22:03','2023-03-29 16:22:03'),(1825,1,6,200,NULL,NULL,NULL,'2023-03-29 16:22:03','2023-03-29 16:22:03'),(1826,1,7,200,NULL,NULL,NULL,'2023-03-29 16:22:03','2023-03-29 16:22:03'),(1827,1,8,200,NULL,NULL,NULL,'2023-03-29 16:22:03','2023-03-29 16:22:03'),(1828,1,9,200,NULL,NULL,NULL,'2023-03-29 16:22:03','2023-03-29 16:22:03'),(1829,1,1,201,NULL,NULL,NULL,'2023-03-29 16:22:27','2023-03-29 16:22:27'),(1830,1,4,201,NULL,NULL,NULL,'2023-03-29 16:22:27','2023-03-29 16:22:27'),(1831,1,5,201,NULL,NULL,NULL,'2023-03-29 16:22:27','2023-03-29 16:22:27'),(1832,1,6,201,NULL,NULL,NULL,'2023-03-29 16:22:27','2023-03-29 16:22:27'),(1833,1,7,201,NULL,NULL,NULL,'2023-03-29 16:22:27','2023-03-29 16:22:27'),(1834,1,8,201,NULL,NULL,NULL,'2023-03-29 16:22:27','2023-03-29 16:22:27'),(1835,1,9,201,NULL,NULL,NULL,'2023-03-29 16:22:27','2023-03-29 16:22:27'),(1836,1,1,202,NULL,NULL,NULL,'2023-03-29 16:22:55','2023-03-29 16:22:55'),(1837,1,4,202,NULL,NULL,NULL,'2023-03-29 16:22:55','2023-03-29 16:22:55'),(1838,1,5,202,NULL,NULL,NULL,'2023-03-29 16:22:55','2023-03-29 16:22:55'),(1839,1,6,202,NULL,NULL,NULL,'2023-03-29 16:22:55','2023-03-29 16:22:55'),(1840,1,7,202,NULL,NULL,NULL,'2023-03-29 16:22:55','2023-03-29 16:22:55'),(1841,1,8,202,NULL,NULL,NULL,'2023-03-29 16:22:55','2023-03-29 16:22:55'),(1842,1,9,202,NULL,NULL,NULL,'2023-03-29 16:22:55','2023-03-29 16:22:55'),(1843,1,1,203,NULL,NULL,NULL,'2023-03-29 16:23:22','2023-03-29 16:23:22'),(1844,1,4,203,NULL,NULL,NULL,'2023-03-29 16:23:22','2023-03-29 16:23:22'),(1845,1,5,203,NULL,NULL,NULL,'2023-03-29 16:23:22','2023-03-29 16:23:22'),(1846,1,6,203,NULL,NULL,NULL,'2023-03-29 16:23:22','2023-03-29 16:23:22'),(1847,1,7,203,NULL,NULL,NULL,'2023-03-29 16:23:22','2023-03-29 16:23:22'),(1848,1,8,203,NULL,NULL,NULL,'2023-03-29 16:23:22','2023-03-29 16:23:22'),(1849,1,9,203,NULL,NULL,NULL,'2023-03-29 16:23:22','2023-03-29 16:23:22'),(1850,1,1,204,NULL,NULL,NULL,'2023-03-29 16:23:57','2023-03-29 16:23:57'),(1851,1,4,204,NULL,NULL,NULL,'2023-03-29 16:23:57','2023-03-29 16:23:57'),(1852,1,5,204,NULL,NULL,NULL,'2023-03-29 16:23:57','2023-03-29 16:23:57'),(1853,1,6,204,NULL,NULL,NULL,'2023-03-29 16:23:57','2023-03-29 16:23:57'),(1854,1,7,204,NULL,NULL,NULL,'2023-03-29 16:23:57','2023-03-29 16:23:57'),(1855,1,8,204,NULL,NULL,NULL,'2023-03-29 16:23:57','2023-03-29 16:23:57'),(1856,1,9,204,NULL,NULL,NULL,'2023-03-29 16:23:57','2023-03-29 16:23:57'),(1857,1,1,205,NULL,NULL,NULL,'2023-03-29 16:24:22','2023-03-29 16:24:22'),(1858,1,4,205,NULL,NULL,NULL,'2023-03-29 16:24:22','2023-03-29 16:24:22'),(1859,1,5,205,NULL,NULL,NULL,'2023-03-29 16:24:22','2023-03-29 16:24:22'),(1860,1,6,205,NULL,NULL,NULL,'2023-03-29 16:24:22','2023-03-29 16:24:22'),(1861,1,7,205,NULL,NULL,NULL,'2023-03-29 16:24:22','2023-03-29 16:24:22'),(1862,1,8,205,NULL,NULL,NULL,'2023-03-29 16:24:22','2023-03-29 16:24:22'),(1863,1,9,205,NULL,NULL,NULL,'2023-03-29 16:24:22','2023-03-29 16:24:22'),(1864,1,1,206,NULL,NULL,NULL,'2023-03-29 16:24:49','2023-03-29 16:24:49'),(1865,1,4,206,NULL,NULL,NULL,'2023-03-29 16:24:49','2023-03-29 16:24:49'),(1866,1,5,206,NULL,NULL,NULL,'2023-03-29 16:24:49','2023-03-29 16:24:49'),(1867,1,6,206,NULL,NULL,NULL,'2023-03-29 16:24:49','2023-03-29 16:24:49'),(1868,1,7,206,NULL,NULL,NULL,'2023-03-29 16:24:49','2023-03-29 16:24:49'),(1869,1,8,206,NULL,NULL,NULL,'2023-03-29 16:24:49','2023-03-29 16:24:49'),(1870,1,9,206,NULL,NULL,NULL,'2023-03-29 16:24:49','2023-03-29 16:24:49'),(1871,1,1,207,NULL,NULL,NULL,'2023-03-29 16:25:22','2023-03-29 16:25:22'),(1872,1,4,207,NULL,NULL,NULL,'2023-03-29 16:25:22','2023-03-29 16:25:22'),(1873,1,5,207,NULL,NULL,NULL,'2023-03-29 16:25:22','2023-03-29 16:25:22'),(1874,1,6,207,NULL,NULL,NULL,'2023-03-29 16:25:22','2023-03-29 16:25:22'),(1875,1,7,207,NULL,NULL,NULL,'2023-03-29 16:25:22','2023-03-29 16:25:22'),(1876,1,8,207,NULL,NULL,NULL,'2023-03-29 16:25:22','2023-03-29 16:25:22'),(1877,1,9,207,NULL,NULL,NULL,'2023-03-29 16:25:22','2023-03-29 16:25:22'),(1878,1,1,208,NULL,NULL,NULL,'2023-03-29 16:25:49','2023-03-29 16:25:49'),(1879,1,4,208,NULL,NULL,NULL,'2023-03-29 16:25:49','2023-03-29 16:25:49'),(1880,1,5,208,NULL,NULL,NULL,'2023-03-29 16:25:49','2023-03-29 16:25:49'),(1881,1,6,208,NULL,NULL,NULL,'2023-03-29 16:25:49','2023-03-29 16:25:49'),(1882,1,7,208,NULL,NULL,NULL,'2023-03-29 16:25:49','2023-03-29 16:25:49'),(1883,1,8,208,NULL,NULL,NULL,'2023-03-29 16:25:49','2023-03-29 16:25:49'),(1884,1,9,208,NULL,NULL,NULL,'2023-03-29 16:25:49','2023-03-29 16:25:49'),(1885,1,1,209,NULL,NULL,NULL,'2023-03-29 16:26:17','2023-03-29 16:26:17'),(1886,1,4,209,NULL,NULL,NULL,'2023-03-29 16:26:17','2023-03-29 16:26:17'),(1887,1,5,209,NULL,NULL,NULL,'2023-03-29 16:26:17','2023-03-29 16:26:17'),(1888,1,6,209,NULL,NULL,NULL,'2023-03-29 16:26:17','2023-03-29 16:26:17'),(1889,1,7,209,NULL,NULL,NULL,'2023-03-29 16:26:17','2023-03-29 16:26:17'),(1890,1,8,209,NULL,NULL,NULL,'2023-03-29 16:26:17','2023-03-29 16:26:17'),(1891,1,9,209,NULL,NULL,NULL,'2023-03-29 16:26:17','2023-03-29 16:26:17'),(1892,1,1,210,NULL,NULL,NULL,'2023-03-29 16:26:44','2023-03-29 16:26:44'),(1893,1,4,210,NULL,NULL,NULL,'2023-03-29 16:26:44','2023-03-29 16:26:44'),(1894,1,5,210,NULL,NULL,NULL,'2023-03-29 16:26:44','2023-03-29 16:26:44'),(1895,1,6,210,NULL,NULL,NULL,'2023-03-29 16:26:44','2023-03-29 16:26:44'),(1896,1,7,210,NULL,NULL,NULL,'2023-03-29 16:26:44','2023-03-29 16:26:44'),(1897,1,8,210,NULL,NULL,NULL,'2023-03-29 16:26:44','2023-03-29 16:26:44'),(1898,1,9,210,NULL,NULL,NULL,'2023-03-29 16:26:44','2023-03-29 16:26:44'),(1899,1,1,211,NULL,NULL,NULL,'2023-03-29 16:27:12','2023-03-29 16:27:12'),(1900,1,4,211,NULL,NULL,NULL,'2023-03-29 16:27:12','2023-03-29 16:27:12'),(1901,1,5,211,NULL,NULL,NULL,'2023-03-29 16:27:12','2023-03-29 16:27:12'),(1902,1,6,211,NULL,NULL,NULL,'2023-03-29 16:27:12','2023-03-29 16:27:12'),(1903,1,7,211,NULL,NULL,NULL,'2023-03-29 16:27:12','2023-03-29 16:27:12'),(1904,1,8,211,NULL,NULL,NULL,'2023-03-29 16:27:12','2023-03-29 16:27:12'),(1905,1,9,211,NULL,NULL,NULL,'2023-03-29 16:27:12','2023-03-29 16:27:12'),(1906,1,1,212,NULL,NULL,NULL,'2023-03-29 16:27:50','2023-03-29 16:27:50'),(1907,1,4,212,NULL,NULL,NULL,'2023-03-29 16:27:50','2023-03-29 16:27:50'),(1908,1,5,212,NULL,NULL,NULL,'2023-03-29 16:27:50','2023-03-29 16:27:50'),(1909,1,6,212,NULL,NULL,NULL,'2023-03-29 16:27:50','2023-03-29 16:27:50'),(1910,1,7,212,NULL,NULL,NULL,'2023-03-29 16:27:50','2023-03-29 16:27:50'),(1911,1,8,212,NULL,NULL,NULL,'2023-03-29 16:27:50','2023-03-29 16:27:50'),(1912,1,9,212,NULL,NULL,NULL,'2023-03-29 16:27:50','2023-03-29 16:27:50'),(1913,1,1,213,NULL,NULL,NULL,'2023-03-29 16:28:17','2023-03-29 16:28:17'),(1914,1,4,213,NULL,NULL,NULL,'2023-03-29 16:28:17','2023-03-29 16:28:17'),(1915,1,5,213,NULL,NULL,NULL,'2023-03-29 16:28:17','2023-03-29 16:28:17'),(1916,1,6,213,NULL,NULL,NULL,'2023-03-29 16:28:17','2023-03-29 16:28:17'),(1917,1,7,213,NULL,NULL,NULL,'2023-03-29 16:28:17','2023-03-29 16:28:17'),(1918,1,8,213,NULL,NULL,NULL,'2023-03-29 16:28:17','2023-03-29 16:28:17'),(1919,1,9,213,NULL,NULL,NULL,'2023-03-29 16:28:17','2023-03-29 16:28:17'),(1920,1,8,214,NULL,NULL,NULL,'2023-03-29 16:28:43','2023-03-29 16:28:43'),(1921,1,9,214,NULL,NULL,NULL,'2023-03-29 16:28:43','2023-03-29 16:28:43'),(1922,1,1,215,NULL,NULL,NULL,'2023-03-29 16:29:14','2023-03-29 16:29:14'),(1923,1,4,215,NULL,NULL,NULL,'2023-03-29 16:29:14','2023-03-29 16:29:14'),(1924,1,5,215,NULL,NULL,NULL,'2023-03-29 16:29:14','2023-03-29 16:29:14'),(1925,1,6,215,NULL,NULL,NULL,'2023-03-29 16:29:14','2023-03-29 16:29:14'),(1926,1,7,215,NULL,NULL,NULL,'2023-03-29 16:29:14','2023-03-29 16:29:14'),(1927,1,8,215,NULL,NULL,NULL,'2023-03-29 16:29:14','2023-03-29 16:29:14'),(1928,1,9,215,NULL,NULL,NULL,'2023-03-29 16:29:14','2023-03-29 16:29:14'),(1929,1,1,216,NULL,NULL,NULL,'2023-03-29 16:29:42','2023-03-29 16:29:42'),(1930,1,4,216,NULL,NULL,NULL,'2023-03-29 16:29:42','2023-03-29 16:29:42'),(1931,1,5,216,NULL,NULL,NULL,'2023-03-29 16:29:42','2023-03-29 16:29:42'),(1932,1,6,216,NULL,NULL,NULL,'2023-03-29 16:29:42','2023-03-29 16:29:42'),(1933,1,7,216,NULL,NULL,NULL,'2023-03-29 16:29:42','2023-03-29 16:29:42'),(1934,1,8,216,NULL,NULL,NULL,'2023-03-29 16:29:42','2023-03-29 16:29:42'),(1935,1,9,216,NULL,NULL,NULL,'2023-03-29 16:29:42','2023-03-29 16:29:42'),(1936,1,1,217,NULL,NULL,NULL,'2023-03-29 16:30:13','2023-03-29 16:30:13'),(1937,1,4,217,NULL,NULL,NULL,'2023-03-29 16:30:13','2023-03-29 16:30:13'),(1938,1,5,217,NULL,NULL,NULL,'2023-03-29 16:30:13','2023-03-29 16:30:13'),(1939,1,6,217,NULL,NULL,NULL,'2023-03-29 16:30:13','2023-03-29 16:30:13'),(1940,1,7,217,NULL,NULL,NULL,'2023-03-29 16:30:13','2023-03-29 16:30:13'),(1941,1,8,217,NULL,NULL,NULL,'2023-03-29 16:30:13','2023-03-29 16:30:13'),(1942,1,9,217,NULL,NULL,NULL,'2023-03-29 16:30:13','2023-03-29 16:30:13'),(1943,1,1,218,NULL,NULL,NULL,'2023-03-29 16:30:39','2023-03-29 16:30:39'),(1944,1,4,218,NULL,NULL,NULL,'2023-03-29 16:30:39','2023-03-29 16:30:39'),(1945,1,5,218,NULL,NULL,NULL,'2023-03-29 16:30:39','2023-03-29 16:30:39'),(1946,1,6,218,NULL,NULL,NULL,'2023-03-29 16:30:39','2023-03-29 16:30:39'),(1947,1,7,218,NULL,NULL,NULL,'2023-03-29 16:30:39','2023-03-29 16:30:39'),(1948,1,8,218,NULL,NULL,NULL,'2023-03-29 16:30:39','2023-03-29 16:30:39'),(1949,1,9,218,NULL,NULL,NULL,'2023-03-29 16:30:39','2023-03-29 16:30:39'),(1950,1,1,219,NULL,NULL,NULL,'2023-03-29 16:31:10','2023-03-29 16:31:10'),(1951,1,4,219,NULL,NULL,NULL,'2023-03-29 16:31:10','2023-03-29 16:31:10'),(1952,1,5,219,NULL,NULL,NULL,'2023-03-29 16:31:10','2023-03-29 16:31:10'),(1953,1,6,219,NULL,NULL,NULL,'2023-03-29 16:31:10','2023-03-29 16:31:10'),(1954,1,7,219,NULL,NULL,NULL,'2023-03-29 16:31:10','2023-03-29 16:31:10'),(1955,1,8,219,NULL,NULL,NULL,'2023-03-29 16:31:10','2023-03-29 16:31:10'),(1956,1,9,219,NULL,NULL,NULL,'2023-03-29 16:31:10','2023-03-29 16:31:10'),(1957,1,1,477,NULL,NULL,NULL,'2023-03-29 16:43:28','2023-03-29 16:43:28'),(1958,1,4,477,NULL,NULL,NULL,'2023-03-29 16:43:28','2023-03-29 16:43:28'),(1959,1,5,477,NULL,NULL,NULL,'2023-03-29 16:43:28','2023-03-29 16:43:28'),(1960,1,6,477,NULL,NULL,NULL,'2023-03-29 16:43:28','2023-03-29 16:43:28'),(1961,1,7,477,NULL,NULL,NULL,'2023-03-29 16:43:28','2023-03-29 16:43:28'),(1962,1,8,477,NULL,NULL,NULL,'2023-03-29 16:43:28','2023-03-29 16:43:28'),(1963,1,9,477,NULL,NULL,NULL,'2023-03-29 16:43:28','2023-03-29 16:43:28'),(1964,1,1,504,NULL,NULL,NULL,'2023-03-29 16:44:55','2023-03-29 16:44:55'),(1965,1,4,504,NULL,NULL,NULL,'2023-03-29 16:44:55','2023-03-29 16:44:55'),(1966,1,5,504,NULL,NULL,NULL,'2023-03-29 16:44:55','2023-03-29 16:44:55'),(1967,1,6,504,NULL,NULL,NULL,'2023-03-29 16:44:55','2023-03-29 16:44:55'),(1968,1,7,504,NULL,NULL,NULL,'2023-03-29 16:44:55','2023-03-29 16:44:55'),(1969,1,8,504,NULL,NULL,NULL,'2023-03-29 16:44:55','2023-03-29 16:44:55'),(1970,1,9,504,NULL,NULL,NULL,'2023-03-29 16:44:55','2023-03-29 16:44:55'),(1971,1,1,651,NULL,NULL,NULL,'2023-03-29 16:45:53','2023-03-29 16:45:53'),(1972,1,4,651,NULL,NULL,NULL,'2023-03-29 16:45:53','2023-03-29 16:45:53'),(1973,1,5,651,NULL,NULL,NULL,'2023-03-29 16:45:53','2023-03-29 16:45:53'),(1974,1,6,651,NULL,NULL,NULL,'2023-03-29 16:45:53','2023-03-29 16:45:53'),(1975,1,7,651,NULL,NULL,NULL,'2023-03-29 16:45:53','2023-03-29 16:45:53'),(1976,1,8,651,NULL,NULL,NULL,'2023-03-29 16:45:53','2023-03-29 16:45:53'),(1977,1,9,651,NULL,NULL,NULL,'2023-03-29 16:45:53','2023-03-29 16:45:53'),(1978,1,1,545,NULL,NULL,NULL,'2023-03-29 16:47:35','2023-03-29 16:47:35'),(1979,1,4,545,NULL,NULL,NULL,'2023-03-29 16:47:35','2023-03-29 16:47:35'),(1980,1,5,545,NULL,NULL,NULL,'2023-03-29 16:47:35','2023-03-29 16:47:35'),(1981,1,6,545,NULL,NULL,NULL,'2023-03-29 16:47:35','2023-03-29 16:47:35'),(1982,1,7,545,NULL,NULL,NULL,'2023-03-29 16:47:35','2023-03-29 16:47:35'),(1983,1,8,545,NULL,NULL,NULL,'2023-03-29 16:47:35','2023-03-29 16:47:35'),(1984,1,9,545,NULL,NULL,NULL,'2023-03-29 16:47:35','2023-03-29 16:47:35'),(1985,1,1,546,NULL,NULL,NULL,'2023-03-29 16:50:21','2023-03-29 16:50:21'),(1986,1,4,546,NULL,NULL,NULL,'2023-03-29 16:50:21','2023-03-29 16:50:21'),(1987,1,5,546,NULL,NULL,NULL,'2023-03-29 16:50:21','2023-03-29 16:50:21'),(1988,1,6,546,NULL,NULL,NULL,'2023-03-29 16:50:21','2023-03-29 16:50:21'),(1989,1,7,546,NULL,NULL,NULL,'2023-03-29 16:50:21','2023-03-29 16:50:21'),(1990,1,8,546,NULL,NULL,NULL,'2023-03-29 16:50:21','2023-03-29 16:50:21'),(1991,1,9,546,NULL,NULL,NULL,'2023-03-29 16:50:21','2023-03-29 16:50:21'),(1992,1,1,1715,NULL,NULL,NULL,'2023-03-29 16:58:35','2023-03-29 17:24:14'),(1993,1,4,1715,NULL,NULL,NULL,'2023-03-29 16:58:35','2023-03-29 17:24:14'),(1994,1,5,1715,NULL,NULL,NULL,'2023-03-29 16:58:35','2023-03-29 17:24:14'),(1995,1,6,1715,NULL,NULL,NULL,'2023-03-29 16:58:35','2023-03-29 17:24:14'),(1996,1,7,1715,NULL,NULL,NULL,'2023-03-29 16:58:35','2023-03-29 17:24:14'),(1997,1,8,1715,NULL,NULL,NULL,'2023-03-29 16:58:35','2023-03-29 17:24:14'),(1998,1,9,1715,NULL,NULL,NULL,'2023-03-29 16:58:35','2023-03-29 17:24:14'),(1999,1,1,547,NULL,NULL,NULL,'2023-03-29 17:05:38','2023-03-29 17:05:38'),(2000,1,4,547,NULL,NULL,NULL,'2023-03-29 17:05:38','2023-03-29 17:05:38'),(2001,1,5,547,NULL,NULL,NULL,'2023-03-29 17:05:38','2023-03-29 17:05:38'),(2002,1,6,547,NULL,NULL,NULL,'2023-03-29 17:05:38','2023-03-29 17:05:38'),(2003,1,7,547,NULL,NULL,NULL,'2023-03-29 17:05:38','2023-03-29 17:05:38'),(2004,1,8,547,NULL,NULL,NULL,'2023-03-29 17:05:38','2023-03-29 17:05:38'),(2005,1,9,547,NULL,NULL,NULL,'2023-03-29 17:05:38','2023-03-29 17:05:38'),(2006,1,1,548,NULL,NULL,NULL,'2023-03-29 17:05:57','2023-03-29 17:05:57'),(2007,1,4,548,NULL,NULL,NULL,'2023-03-29 17:05:57','2023-03-29 17:05:57'),(2008,1,5,548,NULL,NULL,NULL,'2023-03-29 17:05:57','2023-03-29 17:05:57'),(2009,1,6,548,NULL,NULL,NULL,'2023-03-29 17:05:57','2023-03-29 17:05:57'),(2010,1,7,548,NULL,NULL,NULL,'2023-03-29 17:05:57','2023-03-29 17:05:57'),(2011,1,8,548,NULL,NULL,NULL,'2023-03-29 17:05:57','2023-03-29 17:05:57'),(2012,1,9,548,NULL,NULL,NULL,'2023-03-29 17:05:57','2023-03-29 17:05:57'),(2013,1,1,775,NULL,NULL,NULL,'2023-03-29 17:06:56','2023-03-29 17:06:56'),(2014,1,4,775,NULL,NULL,NULL,'2023-03-29 17:06:56','2023-03-29 17:06:56'),(2015,1,5,775,NULL,NULL,NULL,'2023-03-29 17:06:56','2023-03-29 17:06:56'),(2016,1,6,775,NULL,NULL,NULL,'2023-03-29 17:06:56','2023-03-29 17:06:56'),(2017,1,7,775,NULL,NULL,NULL,'2023-03-29 17:06:56','2023-03-29 17:06:56'),(2018,1,8,775,NULL,NULL,NULL,'2023-03-29 17:06:56','2023-03-29 17:06:56'),(2019,1,9,775,NULL,NULL,NULL,'2023-03-29 17:06:56','2023-03-29 17:06:56'),(2020,1,1,1716,NULL,NULL,NULL,'2023-03-29 17:08:09','2023-03-29 17:55:59'),(2021,1,4,1716,NULL,NULL,NULL,'2023-03-29 17:08:09','2023-03-29 17:55:59'),(2022,1,5,1716,NULL,NULL,NULL,'2023-03-29 17:08:09','2023-03-29 17:55:59'),(2023,1,6,1716,NULL,NULL,NULL,'2023-03-29 17:08:09','2023-03-29 17:55:59'),(2024,1,7,1716,NULL,NULL,NULL,'2023-03-29 17:08:09','2023-03-29 17:55:59'),(2025,1,8,1716,NULL,NULL,NULL,'2023-03-29 17:08:09','2023-03-29 17:55:59'),(2026,1,9,1716,NULL,NULL,NULL,'2023-03-29 17:08:09','2023-03-29 17:55:59'),(2027,1,1,1717,NULL,NULL,NULL,'2023-03-29 17:17:01','2023-03-29 17:50:53'),(2028,1,4,1717,NULL,NULL,NULL,'2023-03-29 17:17:01','2023-03-29 17:50:53'),(2029,1,5,1717,NULL,NULL,NULL,'2023-03-29 17:17:01','2023-03-29 17:50:53'),(2030,1,6,1717,NULL,NULL,NULL,'2023-03-29 17:17:01','2023-03-29 17:50:53'),(2031,1,7,1717,NULL,NULL,NULL,'2023-03-29 17:17:01','2023-03-29 17:50:53'),(2032,1,8,1717,NULL,NULL,NULL,'2023-03-29 17:17:01','2023-03-29 17:50:53'),(2033,1,9,1717,NULL,NULL,NULL,'2023-03-29 17:17:01','2023-03-29 17:50:53'),(2034,1,1,1718,NULL,NULL,NULL,'2023-03-29 17:57:07','2023-03-30 16:07:03'),(2035,1,4,1718,NULL,NULL,NULL,'2023-03-29 17:57:07','2023-03-30 16:07:03'),(2036,1,5,1718,NULL,NULL,NULL,'2023-03-29 17:57:07','2023-03-30 16:07:03'),(2037,1,6,1718,NULL,NULL,NULL,'2023-03-29 17:57:07','2023-03-30 16:07:03'),(2038,1,7,1718,NULL,NULL,NULL,'2023-03-29 17:57:07','2023-03-30 16:07:03'),(2039,1,8,1718,NULL,NULL,NULL,'2023-03-29 17:57:07','2023-03-30 16:07:03'),(2040,1,9,1718,NULL,NULL,NULL,'2023-03-29 17:57:07','2023-03-30 16:07:03'),(2041,1,1,1721,NULL,NULL,NULL,'2023-03-29 18:05:59','2023-03-29 18:05:59'),(2042,1,4,1721,NULL,NULL,NULL,'2023-03-29 18:05:59','2023-03-29 18:05:59'),(2043,1,5,1721,NULL,NULL,NULL,'2023-03-29 18:05:59','2023-03-29 18:05:59'),(2044,1,6,1721,NULL,NULL,NULL,'2023-03-29 18:05:59','2023-03-29 18:05:59'),(2045,1,7,1721,NULL,NULL,NULL,'2023-03-29 18:05:59','2023-03-29 18:05:59'),(2046,1,8,1721,NULL,NULL,NULL,'2023-03-29 18:05:59','2023-03-29 18:05:59'),(2047,1,9,1721,NULL,NULL,NULL,'2023-03-29 18:05:59','2023-03-29 18:05:59'),(2048,1,1,1723,NULL,NULL,NULL,'2023-03-29 19:34:04','2023-03-29 19:34:04'),(2049,1,4,1723,NULL,NULL,NULL,'2023-03-29 19:34:04','2023-03-29 19:34:04'),(2050,1,5,1723,NULL,NULL,NULL,'2023-03-29 19:34:04','2023-03-29 19:34:04'),(2051,1,6,1723,NULL,NULL,NULL,'2023-03-29 19:34:04','2023-03-29 19:34:04'),(2052,1,7,1723,NULL,NULL,NULL,'2023-03-29 19:34:04','2023-03-29 19:34:04'),(2053,1,8,1723,NULL,NULL,NULL,'2023-03-29 19:34:04','2023-03-29 19:34:04'),(2054,1,9,1723,NULL,NULL,NULL,'2023-03-29 19:34:04','2023-03-29 19:34:04'),(2055,1,1,1724,NULL,NULL,NULL,'2023-03-29 19:43:05','2023-03-29 19:43:05'),(2056,1,4,1724,NULL,NULL,NULL,'2023-03-29 19:43:05','2023-03-29 19:43:05'),(2057,1,5,1724,NULL,NULL,NULL,'2023-03-29 19:43:05','2023-03-29 19:43:05'),(2058,1,6,1724,NULL,NULL,NULL,'2023-03-29 19:43:05','2023-03-29 19:43:05'),(2059,1,7,1724,NULL,NULL,NULL,'2023-03-29 19:43:05','2023-03-29 19:43:05'),(2060,1,8,1724,NULL,NULL,NULL,'2023-03-29 19:43:05','2023-03-29 19:43:05'),(2061,1,9,1724,NULL,NULL,NULL,'2023-03-29 19:43:05','2023-03-29 19:43:05'),(2062,1,1,1209,NULL,NULL,NULL,'2023-03-29 19:44:58','2023-03-29 19:44:58'),(2063,1,4,1209,NULL,NULL,NULL,'2023-03-29 19:44:58','2023-03-29 19:44:58'),(2064,1,5,1209,NULL,NULL,NULL,'2023-03-29 19:44:58','2023-03-29 19:44:58'),(2065,1,6,1209,NULL,NULL,NULL,'2023-03-29 19:44:58','2023-03-29 19:44:58'),(2066,1,7,1209,NULL,NULL,NULL,'2023-03-29 19:44:58','2023-03-29 19:44:58'),(2067,1,8,1209,NULL,NULL,NULL,'2023-03-29 19:44:58','2023-03-29 19:44:58'),(2068,1,9,1209,NULL,NULL,NULL,'2023-03-29 19:44:58','2023-03-29 19:44:58'),(2069,1,1,1719,NULL,NULL,NULL,'2023-03-29 19:50:25','2023-03-29 19:53:39'),(2070,1,4,1719,NULL,NULL,NULL,'2023-03-29 19:50:25','2023-03-29 19:53:39'),(2071,1,5,1719,NULL,NULL,NULL,'2023-03-29 19:50:25','2023-03-29 19:53:39'),(2072,1,6,1719,NULL,NULL,NULL,'2023-03-29 19:50:25','2023-03-29 19:53:39'),(2073,1,7,1719,NULL,NULL,NULL,'2023-03-29 19:50:25','2023-03-29 19:53:39'),(2074,1,8,1719,NULL,NULL,NULL,'2023-03-29 19:50:25','2023-03-29 19:53:39'),(2075,1,9,1719,NULL,NULL,NULL,'2023-03-29 19:50:25','2023-03-29 19:53:39'),(2076,1,1,424,NULL,NULL,NULL,'2023-03-29 19:54:04','2023-03-29 19:54:04'),(2077,1,4,424,NULL,NULL,NULL,'2023-03-29 19:54:04','2023-03-29 19:54:04'),(2078,1,5,424,NULL,NULL,NULL,'2023-03-29 19:54:04','2023-03-29 19:54:04'),(2079,1,6,424,NULL,NULL,NULL,'2023-03-29 19:54:04','2023-03-29 19:54:04'),(2080,1,7,424,NULL,NULL,NULL,'2023-03-29 19:54:04','2023-03-29 19:54:04'),(2081,1,8,424,NULL,NULL,NULL,'2023-03-29 19:54:04','2023-03-29 19:54:04'),(2082,1,9,424,NULL,NULL,NULL,'2023-03-29 19:54:04','2023-03-29 19:54:04'),(2083,1,1,425,NULL,NULL,NULL,'2023-03-29 20:06:19','2023-03-29 20:17:23'),(2084,1,4,425,NULL,NULL,NULL,'2023-03-29 20:06:19','2023-03-29 20:17:23'),(2085,1,5,425,NULL,NULL,NULL,'2023-03-29 20:06:19','2023-03-29 20:17:23'),(2086,1,6,425,NULL,NULL,NULL,'2023-03-29 20:06:19','2023-03-29 20:17:23'),(2087,1,7,425,NULL,NULL,NULL,'2023-03-29 20:06:19','2023-03-29 20:17:23'),(2088,1,8,425,NULL,NULL,NULL,'2023-03-29 20:06:19','2023-03-29 20:17:23'),(2089,1,9,425,NULL,NULL,NULL,'2023-03-29 20:06:19','2023-03-29 20:17:23'),(2090,1,1,767,NULL,NULL,NULL,'2023-03-29 20:18:03','2023-03-29 20:18:03'),(2091,1,4,767,NULL,NULL,NULL,'2023-03-29 20:18:03','2023-03-29 20:18:03'),(2092,1,5,767,NULL,NULL,NULL,'2023-03-29 20:18:03','2023-03-29 20:18:03'),(2093,1,6,767,NULL,NULL,NULL,'2023-03-29 20:18:03','2023-03-29 20:18:03'),(2094,1,7,767,NULL,NULL,NULL,'2023-03-29 20:18:03','2023-03-29 20:18:03'),(2095,1,8,767,NULL,NULL,NULL,'2023-03-29 20:18:03','2023-03-29 20:18:03'),(2096,1,9,767,NULL,NULL,NULL,'2023-03-29 20:18:03','2023-03-29 20:18:03'),(2097,1,1,164,NULL,NULL,NULL,'2023-03-29 20:18:39','2023-03-29 20:18:39'),(2098,1,4,164,NULL,NULL,NULL,'2023-03-29 20:18:39','2023-03-29 20:18:39'),(2099,1,5,164,NULL,NULL,NULL,'2023-03-29 20:18:39','2023-03-29 20:18:39'),(2100,1,6,164,NULL,NULL,NULL,'2023-03-29 20:18:39','2023-03-29 20:18:39'),(2101,1,7,164,NULL,NULL,NULL,'2023-03-29 20:18:39','2023-03-29 20:18:39'),(2102,1,8,164,NULL,NULL,NULL,'2023-03-29 20:18:39','2023-03-29 20:18:39'),(2103,1,9,164,NULL,NULL,NULL,'2023-03-29 20:18:39','2023-03-29 20:18:39'),(2104,1,1,778,NULL,NULL,NULL,'2023-03-29 20:19:27','2023-03-29 20:19:27'),(2105,1,4,778,NULL,NULL,NULL,'2023-03-29 20:19:27','2023-03-29 20:19:27'),(2106,1,5,778,NULL,NULL,NULL,'2023-03-29 20:19:27','2023-03-29 20:19:27'),(2107,1,6,778,NULL,NULL,NULL,'2023-03-29 20:19:27','2023-03-29 20:19:27'),(2108,1,7,778,NULL,NULL,NULL,'2023-03-29 20:19:27','2023-03-29 20:19:27'),(2109,1,8,778,NULL,NULL,NULL,'2023-03-29 20:19:27','2023-03-29 20:19:27'),(2110,1,9,778,NULL,NULL,NULL,'2023-03-29 20:19:27','2023-03-29 20:19:27'),(2111,1,1,159,NULL,NULL,NULL,'2023-03-29 20:21:08','2023-03-29 20:21:08'),(2112,1,4,159,NULL,NULL,NULL,'2023-03-29 20:21:08','2023-03-29 20:21:08'),(2113,1,5,159,NULL,NULL,NULL,'2023-03-29 20:21:08','2023-03-29 20:21:08'),(2114,1,6,159,NULL,NULL,NULL,'2023-03-29 20:21:08','2023-03-29 20:21:08'),(2115,1,7,159,NULL,NULL,NULL,'2023-03-29 20:21:08','2023-03-29 20:21:08'),(2116,1,8,159,NULL,NULL,NULL,'2023-03-29 20:21:08','2023-03-29 20:21:08'),(2117,1,9,159,NULL,NULL,NULL,'2023-03-29 20:21:08','2023-03-29 20:21:08'),(2118,1,1,157,NULL,NULL,NULL,'2023-03-29 20:24:26','2023-03-29 20:24:26'),(2119,1,4,157,NULL,NULL,NULL,'2023-03-29 20:24:26','2023-03-29 20:24:26'),(2120,1,5,157,NULL,NULL,NULL,'2023-03-29 20:24:26','2023-03-29 20:24:26'),(2121,1,6,157,NULL,NULL,NULL,'2023-03-29 20:24:26','2023-03-29 20:24:26'),(2122,1,7,157,NULL,NULL,NULL,'2023-03-29 20:24:26','2023-03-29 20:24:26'),(2123,1,8,157,NULL,NULL,NULL,'2023-03-29 20:24:26','2023-03-29 20:24:26'),(2124,1,9,157,NULL,NULL,NULL,'2023-03-29 20:24:26','2023-03-29 20:24:26'),(2125,1,1,160,NULL,NULL,NULL,'2023-03-29 20:25:10','2023-03-29 20:25:10'),(2126,1,4,160,NULL,NULL,NULL,'2023-03-29 20:25:10','2023-03-29 20:25:10'),(2127,1,5,160,NULL,NULL,NULL,'2023-03-29 20:25:10','2023-03-29 20:25:10'),(2128,1,6,160,NULL,NULL,NULL,'2023-03-29 20:25:10','2023-03-29 20:25:10'),(2129,1,7,160,NULL,NULL,NULL,'2023-03-29 20:25:10','2023-03-29 20:25:10'),(2130,1,8,160,NULL,NULL,NULL,'2023-03-29 20:25:10','2023-03-29 20:25:10'),(2131,1,9,160,NULL,NULL,NULL,'2023-03-29 20:25:10','2023-03-29 20:25:10'),(2132,1,1,155,NULL,NULL,NULL,'2023-03-29 20:28:22','2023-03-29 20:28:22'),(2133,1,4,155,NULL,NULL,NULL,'2023-03-29 20:28:22','2023-03-29 20:28:22'),(2134,1,5,155,NULL,NULL,NULL,'2023-03-29 20:28:22','2023-03-29 20:28:22'),(2135,1,6,155,NULL,NULL,NULL,'2023-03-29 20:28:22','2023-03-29 20:28:22'),(2136,1,7,155,NULL,NULL,NULL,'2023-03-29 20:28:22','2023-03-29 20:28:22'),(2137,1,8,155,NULL,NULL,NULL,'2023-03-29 20:28:22','2023-03-29 20:28:22'),(2138,1,9,155,NULL,NULL,NULL,'2023-03-29 20:28:22','2023-03-29 20:28:22'),(2139,1,1,225,NULL,NULL,NULL,'2023-03-29 20:31:44','2023-03-29 20:31:44'),(2140,1,4,225,NULL,NULL,NULL,'2023-03-29 20:31:44','2023-03-29 20:31:44'),(2141,1,5,225,NULL,NULL,NULL,'2023-03-29 20:31:44','2023-03-29 20:31:44'),(2142,1,6,225,NULL,NULL,NULL,'2023-03-29 20:31:44','2023-03-29 20:31:44'),(2143,1,7,225,NULL,NULL,NULL,'2023-03-29 20:31:44','2023-03-29 20:31:44'),(2144,1,8,225,NULL,NULL,NULL,'2023-03-29 20:31:44','2023-03-29 20:31:44'),(2145,1,9,225,NULL,NULL,NULL,'2023-03-29 20:31:44','2023-03-29 20:31:44'),(2146,1,1,161,NULL,NULL,NULL,'2023-03-29 20:32:06','2023-03-29 20:32:06'),(2147,1,4,161,NULL,NULL,NULL,'2023-03-29 20:32:06','2023-03-29 20:32:06'),(2148,1,5,161,NULL,NULL,NULL,'2023-03-29 20:32:06','2023-03-29 20:32:06'),(2149,1,6,161,NULL,NULL,NULL,'2023-03-29 20:32:06','2023-03-29 20:32:06'),(2150,1,7,161,NULL,NULL,NULL,'2023-03-29 20:32:06','2023-03-29 20:32:06'),(2151,1,8,161,NULL,NULL,NULL,'2023-03-29 20:32:06','2023-03-29 20:32:06'),(2152,1,9,161,NULL,NULL,NULL,'2023-03-29 20:32:06','2023-03-29 20:32:06'),(2153,1,1,226,NULL,NULL,NULL,'2023-03-29 20:32:31','2023-03-29 20:32:31'),(2154,1,4,226,NULL,NULL,NULL,'2023-03-29 20:32:31','2023-03-29 20:32:31'),(2155,1,5,226,NULL,NULL,NULL,'2023-03-29 20:32:31','2023-03-29 20:32:31'),(2156,1,6,226,NULL,NULL,NULL,'2023-03-29 20:32:31','2023-03-29 20:32:31'),(2157,1,7,226,NULL,NULL,NULL,'2023-03-29 20:32:31','2023-03-29 20:32:31'),(2158,1,8,226,NULL,NULL,NULL,'2023-03-29 20:32:31','2023-03-29 20:32:31'),(2159,1,9,226,NULL,NULL,NULL,'2023-03-29 20:32:31','2023-03-29 20:32:31'),(2160,1,1,163,NULL,NULL,NULL,'2023-03-29 20:32:34','2023-03-29 20:32:34'),(2161,1,4,163,NULL,NULL,NULL,'2023-03-29 20:32:34','2023-03-29 20:32:34'),(2162,1,5,163,NULL,NULL,NULL,'2023-03-29 20:32:34','2023-03-29 20:32:34'),(2163,1,6,163,NULL,NULL,NULL,'2023-03-29 20:32:34','2023-03-29 20:32:34'),(2164,1,7,163,NULL,NULL,NULL,'2023-03-29 20:32:34','2023-03-29 20:32:34'),(2165,1,8,163,NULL,NULL,NULL,'2023-03-29 20:32:34','2023-03-29 20:32:34'),(2166,1,9,163,NULL,NULL,NULL,'2023-03-29 20:32:34','2023-03-29 20:32:34'),(2167,1,1,162,NULL,NULL,NULL,'2023-03-29 20:33:04','2023-03-29 20:33:04'),(2168,1,4,162,NULL,NULL,NULL,'2023-03-29 20:33:04','2023-03-29 20:33:04'),(2169,1,5,162,NULL,NULL,NULL,'2023-03-29 20:33:04','2023-03-29 20:33:04'),(2170,1,6,162,NULL,NULL,NULL,'2023-03-29 20:33:04','2023-03-29 20:33:04'),(2171,1,7,162,NULL,NULL,NULL,'2023-03-29 20:33:04','2023-03-29 20:33:04'),(2172,1,8,162,NULL,NULL,NULL,'2023-03-29 20:33:04','2023-03-29 20:33:04'),(2173,1,9,162,NULL,NULL,NULL,'2023-03-29 20:33:04','2023-03-29 20:33:04'),(2174,1,1,227,NULL,NULL,NULL,'2023-03-29 20:33:29','2023-03-29 20:33:29'),(2175,1,4,227,NULL,NULL,NULL,'2023-03-29 20:33:29','2023-03-29 20:33:29'),(2176,1,5,227,NULL,NULL,NULL,'2023-03-29 20:33:29','2023-03-29 20:33:29'),(2177,1,6,227,NULL,NULL,NULL,'2023-03-29 20:33:29','2023-03-29 20:33:29'),(2178,1,7,227,NULL,NULL,NULL,'2023-03-29 20:33:29','2023-03-29 20:33:29'),(2179,1,8,227,NULL,NULL,NULL,'2023-03-29 20:33:29','2023-03-29 20:33:29'),(2180,1,9,227,NULL,NULL,NULL,'2023-03-29 20:33:29','2023-03-29 20:33:29'),(2181,1,1,158,NULL,NULL,NULL,'2023-03-29 20:33:38','2023-03-29 20:33:38'),(2182,1,4,158,NULL,NULL,NULL,'2023-03-29 20:33:38','2023-03-29 20:33:38'),(2183,1,5,158,NULL,NULL,NULL,'2023-03-29 20:33:38','2023-03-29 20:33:38'),(2184,1,6,158,NULL,NULL,NULL,'2023-03-29 20:33:38','2023-03-29 20:33:38'),(2185,1,7,158,NULL,NULL,NULL,'2023-03-29 20:33:38','2023-03-29 20:33:38'),(2186,1,8,158,NULL,NULL,NULL,'2023-03-29 20:33:38','2023-03-29 20:33:38'),(2187,1,9,158,NULL,NULL,NULL,'2023-03-29 20:33:38','2023-03-29 20:33:38'),(2188,1,1,156,NULL,NULL,NULL,'2023-03-29 20:34:08','2023-03-29 20:34:08'),(2189,1,4,156,NULL,NULL,NULL,'2023-03-29 20:34:08','2023-03-29 20:34:08'),(2190,1,5,156,NULL,NULL,NULL,'2023-03-29 20:34:08','2023-03-29 20:34:08'),(2191,1,6,156,NULL,NULL,NULL,'2023-03-29 20:34:08','2023-03-29 20:34:08'),(2192,1,7,156,NULL,NULL,NULL,'2023-03-29 20:34:08','2023-03-29 20:34:08'),(2193,1,8,156,NULL,NULL,NULL,'2023-03-29 20:34:08','2023-03-29 20:34:08'),(2194,1,9,156,NULL,NULL,NULL,'2023-03-29 20:34:08','2023-03-29 20:34:08'),(2195,1,1,228,NULL,NULL,NULL,'2023-03-29 20:34:08','2023-03-29 20:34:08'),(2196,1,4,228,NULL,NULL,NULL,'2023-03-29 20:34:08','2023-03-29 20:34:08'),(2197,1,5,228,NULL,NULL,NULL,'2023-03-29 20:34:08','2023-03-29 20:34:08'),(2198,1,6,228,NULL,NULL,NULL,'2023-03-29 20:34:08','2023-03-29 20:34:08'),(2199,1,7,228,NULL,NULL,NULL,'2023-03-29 20:34:08','2023-03-29 20:34:08'),(2200,1,8,228,NULL,NULL,NULL,'2023-03-29 20:34:08','2023-03-29 20:34:08'),(2201,1,9,228,NULL,NULL,NULL,'2023-03-29 20:34:08','2023-03-29 20:34:08'),(2202,1,1,229,NULL,NULL,NULL,'2023-03-29 20:34:43','2023-03-29 20:34:43'),(2203,1,4,229,NULL,NULL,NULL,'2023-03-29 20:34:43','2023-03-29 20:34:43'),(2204,1,5,229,NULL,NULL,NULL,'2023-03-29 20:34:43','2023-03-29 20:34:43'),(2205,1,6,229,NULL,NULL,NULL,'2023-03-29 20:34:43','2023-03-29 20:34:43'),(2206,1,7,229,NULL,NULL,NULL,'2023-03-29 20:34:43','2023-03-29 20:34:43'),(2207,1,8,229,NULL,NULL,NULL,'2023-03-29 20:34:43','2023-03-29 20:34:43'),(2208,1,9,229,NULL,NULL,NULL,'2023-03-29 20:34:43','2023-03-29 20:34:43'),(2209,1,1,230,NULL,NULL,NULL,'2023-03-29 20:35:22','2023-03-29 20:35:22'),(2210,1,4,230,NULL,NULL,NULL,'2023-03-29 20:35:22','2023-03-29 20:35:22'),(2211,1,5,230,NULL,NULL,NULL,'2023-03-29 20:35:22','2023-03-29 20:35:22'),(2212,1,6,230,NULL,NULL,NULL,'2023-03-29 20:35:22','2023-03-29 20:35:22'),(2213,1,7,230,NULL,NULL,NULL,'2023-03-29 20:35:22','2023-03-29 20:35:22'),(2214,1,8,230,NULL,NULL,NULL,'2023-03-29 20:35:22','2023-03-29 20:35:22'),(2215,1,9,230,NULL,NULL,NULL,'2023-03-29 20:35:22','2023-03-29 20:35:22'),(2216,1,1,231,NULL,NULL,NULL,'2023-03-29 20:36:45','2023-03-29 20:36:45'),(2217,1,4,231,NULL,NULL,NULL,'2023-03-29 20:36:45','2023-03-29 20:36:45'),(2218,1,5,231,NULL,NULL,NULL,'2023-03-29 20:36:45','2023-03-29 20:36:45'),(2219,1,6,231,NULL,NULL,NULL,'2023-03-29 20:36:45','2023-03-29 20:36:45'),(2220,1,7,231,NULL,NULL,NULL,'2023-03-29 20:36:45','2023-03-29 20:36:45'),(2221,1,8,231,NULL,NULL,NULL,'2023-03-29 20:36:45','2023-03-29 20:36:45'),(2222,1,9,231,NULL,NULL,NULL,'2023-03-29 20:36:45','2023-03-29 20:36:45'),(2223,1,1,232,NULL,NULL,NULL,'2023-03-29 20:37:38','2023-03-29 20:37:38'),(2224,1,4,232,NULL,NULL,NULL,'2023-03-29 20:37:38','2023-03-29 20:37:38'),(2225,1,5,232,NULL,NULL,NULL,'2023-03-29 20:37:38','2023-03-29 20:37:38'),(2226,1,6,232,NULL,NULL,NULL,'2023-03-29 20:37:38','2023-03-29 20:37:38'),(2227,1,7,232,NULL,NULL,NULL,'2023-03-29 20:37:38','2023-03-29 20:37:38'),(2228,1,8,232,NULL,NULL,NULL,'2023-03-29 20:37:38','2023-03-29 20:37:38'),(2229,1,9,232,NULL,NULL,NULL,'2023-03-29 20:37:38','2023-03-29 20:37:38'),(2230,1,1,233,NULL,NULL,NULL,'2023-03-29 20:38:56','2023-03-29 20:38:56'),(2231,1,4,233,NULL,NULL,NULL,'2023-03-29 20:38:56','2023-03-29 20:38:56'),(2232,1,5,233,NULL,NULL,NULL,'2023-03-29 20:38:56','2023-03-29 20:38:56'),(2233,1,6,233,NULL,NULL,NULL,'2023-03-29 20:38:56','2023-03-29 20:38:56'),(2234,1,7,233,NULL,NULL,NULL,'2023-03-29 20:38:56','2023-03-29 20:38:56'),(2235,1,8,233,NULL,NULL,NULL,'2023-03-29 20:38:56','2023-03-29 20:38:56'),(2236,1,9,233,NULL,NULL,NULL,'2023-03-29 20:38:56','2023-03-29 20:38:56'),(2237,1,1,234,NULL,NULL,NULL,'2023-03-29 20:39:38','2023-03-29 20:39:38'),(2238,1,4,234,NULL,NULL,NULL,'2023-03-29 20:39:38','2023-03-29 20:39:38'),(2239,1,5,234,NULL,NULL,NULL,'2023-03-29 20:39:38','2023-03-29 20:39:38'),(2240,1,6,234,NULL,NULL,NULL,'2023-03-29 20:39:38','2023-03-29 20:39:38'),(2241,1,7,234,NULL,NULL,NULL,'2023-03-29 20:39:38','2023-03-29 20:39:38'),(2242,1,8,234,NULL,NULL,NULL,'2023-03-29 20:39:38','2023-03-29 20:39:38'),(2243,1,9,234,NULL,NULL,NULL,'2023-03-29 20:39:38','2023-03-29 20:39:38'),(2244,1,1,235,NULL,NULL,NULL,'2023-03-29 20:40:12','2023-03-29 20:40:12'),(2245,1,4,235,NULL,NULL,NULL,'2023-03-29 20:40:12','2023-03-29 20:40:12'),(2246,1,5,235,NULL,NULL,NULL,'2023-03-29 20:40:12','2023-03-29 20:40:12'),(2247,1,6,235,NULL,NULL,NULL,'2023-03-29 20:40:12','2023-03-29 20:40:12'),(2248,1,7,235,NULL,NULL,NULL,'2023-03-29 20:40:12','2023-03-29 20:40:12'),(2249,1,8,235,NULL,NULL,NULL,'2023-03-29 20:40:12','2023-03-29 20:40:12'),(2250,1,9,235,NULL,NULL,NULL,'2023-03-29 20:40:12','2023-03-29 20:40:12'),(2251,1,1,236,NULL,NULL,NULL,'2023-03-29 20:40:45','2023-03-29 20:40:45'),(2252,1,4,236,NULL,NULL,NULL,'2023-03-29 20:40:45','2023-03-29 20:40:45'),(2253,1,5,236,NULL,NULL,NULL,'2023-03-29 20:40:45','2023-03-29 20:40:45'),(2254,1,6,236,NULL,NULL,NULL,'2023-03-29 20:40:45','2023-03-29 20:40:45'),(2255,1,7,236,NULL,NULL,NULL,'2023-03-29 20:40:45','2023-03-29 20:40:45'),(2256,1,8,236,NULL,NULL,NULL,'2023-03-29 20:40:45','2023-03-29 20:40:45'),(2257,1,9,236,NULL,NULL,NULL,'2023-03-29 20:40:45','2023-03-29 20:40:45'),(2258,1,1,237,NULL,NULL,NULL,'2023-03-29 20:41:21','2023-03-29 20:41:21'),(2259,1,4,237,NULL,NULL,NULL,'2023-03-29 20:41:21','2023-03-29 20:41:21'),(2260,1,5,237,NULL,NULL,NULL,'2023-03-29 20:41:21','2023-03-29 20:41:21'),(2261,1,6,237,NULL,NULL,NULL,'2023-03-29 20:41:21','2023-03-29 20:41:21'),(2262,1,7,237,NULL,NULL,NULL,'2023-03-29 20:41:21','2023-03-29 20:41:21'),(2263,1,8,237,NULL,NULL,NULL,'2023-03-29 20:41:21','2023-03-29 20:41:21'),(2264,1,9,237,NULL,NULL,NULL,'2023-03-29 20:41:21','2023-03-29 20:41:21'),(2265,1,1,238,NULL,NULL,NULL,'2023-03-29 20:41:53','2023-03-29 20:41:53'),(2266,1,4,238,NULL,NULL,NULL,'2023-03-29 20:41:53','2023-03-29 20:41:53'),(2267,1,5,238,NULL,NULL,NULL,'2023-03-29 20:41:53','2023-03-29 20:41:53'),(2268,1,6,238,NULL,NULL,NULL,'2023-03-29 20:41:53','2023-03-29 20:41:53'),(2269,1,7,238,NULL,NULL,NULL,'2023-03-29 20:41:53','2023-03-29 20:41:53'),(2270,1,8,238,NULL,NULL,NULL,'2023-03-29 20:41:53','2023-03-29 20:41:53'),(2271,1,9,238,NULL,NULL,NULL,'2023-03-29 20:41:53','2023-03-29 20:41:53'),(2272,1,1,239,NULL,NULL,NULL,'2023-03-29 20:42:27','2023-03-29 20:42:27'),(2273,1,4,239,NULL,NULL,NULL,'2023-03-29 20:42:27','2023-03-29 20:42:27'),(2274,1,5,239,NULL,NULL,NULL,'2023-03-29 20:42:27','2023-03-29 20:42:27'),(2275,1,6,239,NULL,NULL,NULL,'2023-03-29 20:42:27','2023-03-29 20:42:27'),(2276,1,7,239,NULL,NULL,NULL,'2023-03-29 20:42:27','2023-03-29 20:42:27'),(2277,1,8,239,NULL,NULL,NULL,'2023-03-29 20:42:27','2023-03-29 20:42:27'),(2278,1,9,239,NULL,NULL,NULL,'2023-03-29 20:42:27','2023-03-29 20:42:27'),(2279,1,1,799,NULL,NULL,NULL,'2023-03-29 20:44:09','2023-03-29 20:44:09'),(2280,1,4,799,NULL,NULL,NULL,'2023-03-29 20:44:09','2023-03-29 20:44:09'),(2281,1,5,799,NULL,NULL,NULL,'2023-03-29 20:44:09','2023-03-29 20:44:09'),(2282,1,6,799,NULL,NULL,NULL,'2023-03-29 20:44:09','2023-03-29 20:44:09'),(2283,1,7,799,NULL,NULL,NULL,'2023-03-29 20:44:09','2023-03-29 20:44:09'),(2284,1,8,799,NULL,NULL,NULL,'2023-03-29 20:44:09','2023-03-29 20:44:09'),(2285,1,9,799,NULL,NULL,NULL,'2023-03-29 20:44:09','2023-03-29 20:44:09'),(2286,1,1,791,NULL,NULL,NULL,'2023-03-29 20:44:49','2023-03-29 20:44:49'),(2287,1,4,791,NULL,NULL,NULL,'2023-03-29 20:44:49','2023-03-29 20:44:49'),(2288,1,5,791,NULL,NULL,NULL,'2023-03-29 20:44:49','2023-03-29 20:44:49'),(2289,1,6,791,NULL,NULL,NULL,'2023-03-29 20:44:49','2023-03-29 20:44:49'),(2290,1,7,791,NULL,NULL,NULL,'2023-03-29 20:44:49','2023-03-29 20:44:49'),(2291,1,8,791,NULL,NULL,NULL,'2023-03-29 20:44:49','2023-03-29 20:44:49'),(2292,1,9,791,NULL,NULL,NULL,'2023-03-29 20:44:49','2023-03-29 20:44:49'),(2293,1,1,172,NULL,NULL,NULL,'2023-03-29 20:45:22','2023-03-29 20:45:22'),(2294,1,4,172,NULL,NULL,NULL,'2023-03-29 20:45:22','2023-03-29 20:45:22'),(2295,1,5,172,NULL,NULL,NULL,'2023-03-29 20:45:22','2023-03-29 20:45:22'),(2296,1,6,172,NULL,NULL,NULL,'2023-03-29 20:45:22','2023-03-29 20:45:22'),(2297,1,7,172,NULL,NULL,NULL,'2023-03-29 20:45:22','2023-03-29 20:45:22'),(2298,1,8,172,NULL,NULL,NULL,'2023-03-29 20:45:22','2023-03-29 20:45:22'),(2299,1,9,172,NULL,NULL,NULL,'2023-03-29 20:45:22','2023-03-29 20:45:22'),(2300,1,1,167,NULL,NULL,NULL,'2023-03-29 20:51:12','2023-03-29 20:51:12'),(2301,1,4,167,NULL,NULL,NULL,'2023-03-29 20:51:12','2023-03-29 20:51:12'),(2302,1,5,167,NULL,NULL,NULL,'2023-03-29 20:51:12','2023-03-29 20:51:12'),(2303,1,6,167,NULL,NULL,NULL,'2023-03-29 20:51:12','2023-03-29 20:51:12'),(2304,1,7,167,NULL,NULL,NULL,'2023-03-29 20:51:12','2023-03-29 20:51:12'),(2305,1,8,167,NULL,NULL,NULL,'2023-03-29 20:51:12','2023-03-29 20:51:12'),(2306,1,9,167,NULL,NULL,NULL,'2023-03-29 20:51:12','2023-03-29 20:51:12'),(2307,1,1,182,NULL,NULL,NULL,'2023-03-29 20:51:50','2023-03-29 20:51:50'),(2308,1,4,182,NULL,NULL,NULL,'2023-03-29 20:51:50','2023-03-29 20:51:50'),(2309,1,5,182,NULL,NULL,NULL,'2023-03-29 20:51:50','2023-03-29 20:51:50'),(2310,1,6,182,NULL,NULL,NULL,'2023-03-29 20:51:50','2023-03-29 20:51:50'),(2311,1,7,182,NULL,NULL,NULL,'2023-03-29 20:51:50','2023-03-29 20:51:50'),(2312,1,8,182,NULL,NULL,NULL,'2023-03-29 20:51:50','2023-03-29 20:51:50'),(2313,1,9,182,NULL,NULL,NULL,'2023-03-29 20:51:50','2023-03-29 20:51:50'),(2314,1,1,796,NULL,NULL,NULL,'2023-03-29 20:52:26','2023-03-29 20:52:26'),(2315,1,4,796,NULL,NULL,NULL,'2023-03-29 20:52:26','2023-03-29 20:52:26'),(2316,1,5,796,NULL,NULL,NULL,'2023-03-29 20:52:26','2023-03-29 20:52:26'),(2317,1,6,796,NULL,NULL,NULL,'2023-03-29 20:52:26','2023-03-29 20:52:26'),(2318,1,7,796,NULL,NULL,NULL,'2023-03-29 20:52:26','2023-03-29 20:52:26'),(2319,1,8,796,NULL,NULL,NULL,'2023-03-29 20:52:26','2023-03-29 20:52:26'),(2320,1,9,796,NULL,NULL,NULL,'2023-03-29 20:52:26','2023-03-29 20:52:26'),(2321,1,1,240,NULL,NULL,NULL,'2023-03-29 20:55:01','2023-03-29 20:55:01'),(2322,1,4,240,NULL,NULL,NULL,'2023-03-29 20:55:01','2023-03-29 20:55:01'),(2323,1,5,240,NULL,NULL,NULL,'2023-03-29 20:55:01','2023-03-29 20:55:01'),(2324,1,6,240,NULL,NULL,NULL,'2023-03-29 20:55:01','2023-03-29 20:55:01'),(2325,1,7,240,NULL,NULL,NULL,'2023-03-29 20:55:01','2023-03-29 20:55:01'),(2326,1,8,240,NULL,NULL,NULL,'2023-03-29 20:55:01','2023-03-29 20:55:01'),(2327,1,9,240,NULL,NULL,NULL,'2023-03-29 20:55:01','2023-03-29 20:55:01'),(2328,1,1,241,NULL,NULL,NULL,'2023-03-29 20:55:34','2023-03-29 20:55:34'),(2329,1,4,241,NULL,NULL,NULL,'2023-03-29 20:55:34','2023-03-29 20:55:34'),(2330,1,5,241,NULL,NULL,NULL,'2023-03-29 20:55:34','2023-03-29 20:55:34'),(2331,1,6,241,NULL,NULL,NULL,'2023-03-29 20:55:34','2023-03-29 20:55:34'),(2332,1,7,241,NULL,NULL,NULL,'2023-03-29 20:55:34','2023-03-29 20:55:34'),(2333,1,8,241,NULL,NULL,NULL,'2023-03-29 20:55:34','2023-03-29 20:55:34'),(2334,1,9,241,NULL,NULL,NULL,'2023-03-29 20:55:34','2023-03-29 20:55:34'),(2335,1,1,242,NULL,NULL,NULL,'2023-03-29 21:00:48','2023-03-29 21:00:48'),(2336,1,4,242,NULL,NULL,NULL,'2023-03-29 21:00:48','2023-03-29 21:00:48'),(2337,1,5,242,NULL,NULL,NULL,'2023-03-29 21:00:48','2023-03-29 21:00:48'),(2338,1,6,242,NULL,NULL,NULL,'2023-03-29 21:00:48','2023-03-29 21:00:48'),(2339,1,7,242,NULL,NULL,NULL,'2023-03-29 21:00:48','2023-03-29 21:00:48'),(2340,1,8,242,NULL,NULL,NULL,'2023-03-29 21:00:48','2023-03-29 21:00:48'),(2341,1,9,242,NULL,NULL,NULL,'2023-03-29 21:00:48','2023-03-29 21:00:48'),(2342,1,1,243,NULL,NULL,NULL,'2023-03-29 21:01:19','2023-03-29 21:01:19'),(2343,1,4,243,NULL,NULL,NULL,'2023-03-29 21:01:19','2023-03-29 21:01:19'),(2344,1,5,243,NULL,NULL,NULL,'2023-03-29 21:01:19','2023-03-29 21:01:19'),(2345,1,6,243,NULL,NULL,NULL,'2023-03-29 21:01:19','2023-03-29 21:01:19'),(2346,1,7,243,NULL,NULL,NULL,'2023-03-29 21:01:19','2023-03-29 21:01:19'),(2347,1,8,243,NULL,NULL,NULL,'2023-03-29 21:01:19','2023-03-29 21:01:19'),(2348,1,9,243,NULL,NULL,NULL,'2023-03-29 21:01:19','2023-03-29 21:01:19'),(2349,1,1,244,NULL,NULL,NULL,'2023-03-29 21:01:52','2023-03-29 21:01:52'),(2350,1,4,244,NULL,NULL,NULL,'2023-03-29 21:01:52','2023-03-29 21:01:52'),(2351,1,5,244,NULL,NULL,NULL,'2023-03-29 21:01:52','2023-03-29 21:01:52'),(2352,1,6,244,NULL,NULL,NULL,'2023-03-29 21:01:52','2023-03-29 21:01:52'),(2353,1,7,244,NULL,NULL,NULL,'2023-03-29 21:01:52','2023-03-29 21:01:52'),(2354,1,8,244,NULL,NULL,NULL,'2023-03-29 21:01:52','2023-03-29 21:01:52'),(2355,1,9,244,NULL,NULL,NULL,'2023-03-29 21:01:52','2023-03-29 21:01:52'),(2356,1,1,245,NULL,NULL,NULL,'2023-03-29 21:02:21','2023-03-29 21:02:21'),(2357,1,4,245,NULL,NULL,NULL,'2023-03-29 21:02:21','2023-03-29 21:02:21'),(2358,1,5,245,NULL,NULL,NULL,'2023-03-29 21:02:21','2023-03-29 21:02:21'),(2359,1,6,245,NULL,NULL,NULL,'2023-03-29 21:02:21','2023-03-29 21:02:21'),(2360,1,7,245,NULL,NULL,NULL,'2023-03-29 21:02:21','2023-03-29 21:02:21'),(2361,1,8,245,NULL,NULL,NULL,'2023-03-29 21:02:21','2023-03-29 21:02:21'),(2362,1,9,245,NULL,NULL,NULL,'2023-03-29 21:02:21','2023-03-29 21:02:21'),(2363,1,1,246,NULL,NULL,NULL,'2023-03-29 21:02:55','2023-03-29 21:02:55'),(2364,1,4,246,NULL,NULL,NULL,'2023-03-29 21:02:55','2023-03-29 21:02:55'),(2365,1,5,246,NULL,NULL,NULL,'2023-03-29 21:02:55','2023-03-29 21:02:55'),(2366,1,6,246,NULL,NULL,NULL,'2023-03-29 21:02:55','2023-03-29 21:02:55'),(2367,1,7,246,NULL,NULL,NULL,'2023-03-29 21:02:55','2023-03-29 21:02:55'),(2368,1,8,246,NULL,NULL,NULL,'2023-03-29 21:02:55','2023-03-29 21:02:55'),(2369,1,9,246,NULL,NULL,NULL,'2023-03-29 21:02:55','2023-03-29 21:02:55'),(2370,1,1,247,NULL,NULL,NULL,'2023-03-29 21:03:31','2023-03-29 21:03:31'),(2371,1,4,247,NULL,NULL,NULL,'2023-03-29 21:03:31','2023-03-29 21:03:31'),(2372,1,5,247,NULL,NULL,NULL,'2023-03-29 21:03:31','2023-03-29 21:03:31'),(2373,1,6,247,NULL,NULL,NULL,'2023-03-29 21:03:31','2023-03-29 21:03:31'),(2374,1,7,247,NULL,NULL,NULL,'2023-03-29 21:03:31','2023-03-29 21:03:31'),(2375,1,8,247,NULL,NULL,NULL,'2023-03-29 21:03:31','2023-03-29 21:03:31'),(2376,1,9,247,NULL,NULL,NULL,'2023-03-29 21:03:31','2023-03-29 21:03:31'),(2377,1,1,248,NULL,NULL,NULL,'2023-03-29 21:04:03','2023-03-29 21:04:03'),(2378,1,4,248,NULL,NULL,NULL,'2023-03-29 21:04:03','2023-03-29 21:04:03'),(2379,1,5,248,NULL,NULL,NULL,'2023-03-29 21:04:03','2023-03-29 21:04:03'),(2380,1,6,248,NULL,NULL,NULL,'2023-03-29 21:04:03','2023-03-29 21:04:03'),(2381,1,7,248,NULL,NULL,NULL,'2023-03-29 21:04:03','2023-03-29 21:04:03'),(2382,1,8,248,NULL,NULL,NULL,'2023-03-29 21:04:03','2023-03-29 21:04:03'),(2383,1,9,248,NULL,NULL,NULL,'2023-03-29 21:04:03','2023-03-29 21:04:03'),(2384,1,1,249,NULL,NULL,NULL,'2023-03-29 21:04:33','2023-03-29 21:04:33'),(2385,1,4,249,NULL,NULL,NULL,'2023-03-29 21:04:33','2023-03-29 21:04:33'),(2386,1,5,249,NULL,NULL,NULL,'2023-03-29 21:04:33','2023-03-29 21:04:33'),(2387,1,6,249,NULL,NULL,NULL,'2023-03-29 21:04:33','2023-03-29 21:04:33'),(2388,1,7,249,NULL,NULL,NULL,'2023-03-29 21:04:33','2023-03-29 21:04:33'),(2389,1,8,249,NULL,NULL,NULL,'2023-03-29 21:04:33','2023-03-29 21:04:33'),(2390,1,9,249,NULL,NULL,NULL,'2023-03-29 21:04:33','2023-03-29 21:04:33'),(2391,1,1,250,NULL,NULL,NULL,'2023-03-29 21:05:00','2023-03-29 21:05:00'),(2392,1,4,250,NULL,NULL,NULL,'2023-03-29 21:05:00','2023-03-29 21:05:00'),(2393,1,5,250,NULL,NULL,NULL,'2023-03-29 21:05:00','2023-03-29 21:05:00'),(2394,1,6,250,NULL,NULL,NULL,'2023-03-29 21:05:00','2023-03-29 21:05:00'),(2395,1,7,250,NULL,NULL,NULL,'2023-03-29 21:05:00','2023-03-29 21:05:00'),(2396,1,8,250,NULL,NULL,NULL,'2023-03-29 21:05:00','2023-03-29 21:05:00'),(2397,1,9,250,NULL,NULL,NULL,'2023-03-29 21:05:00','2023-03-29 21:05:00'),(2398,1,1,251,NULL,NULL,NULL,'2023-03-29 21:05:25','2023-03-29 21:05:25'),(2399,1,4,251,NULL,NULL,NULL,'2023-03-29 21:05:25','2023-03-29 21:05:25'),(2400,1,5,251,NULL,NULL,NULL,'2023-03-29 21:05:25','2023-03-29 21:05:25'),(2401,1,6,251,NULL,NULL,NULL,'2023-03-29 21:05:25','2023-03-29 21:05:25'),(2402,1,7,251,NULL,NULL,NULL,'2023-03-29 21:05:25','2023-03-29 21:05:25'),(2403,1,8,251,NULL,NULL,NULL,'2023-03-29 21:05:25','2023-03-29 21:05:25'),(2404,1,9,251,NULL,NULL,NULL,'2023-03-29 21:05:25','2023-03-29 21:05:25'),(2405,1,8,1538,NULL,NULL,NULL,'2023-03-29 21:05:59','2023-03-29 21:05:59'),(2406,1,9,1538,NULL,NULL,NULL,'2023-03-29 21:05:59','2023-03-29 21:05:59'),(2407,1,1,1730,NULL,NULL,NULL,'2023-03-29 21:44:31','2023-03-29 22:08:03'),(2408,1,4,1730,NULL,NULL,NULL,'2023-03-29 21:44:31','2023-03-29 22:08:03'),(2409,1,5,1730,NULL,NULL,NULL,'2023-03-29 21:44:31','2023-03-29 22:08:03'),(2410,1,6,1730,NULL,NULL,NULL,'2023-03-29 21:44:31','2023-03-29 22:08:03'),(2411,1,7,1730,NULL,NULL,NULL,'2023-03-29 21:44:31','2023-03-29 22:08:03'),(2412,1,8,1730,NULL,NULL,NULL,'2023-03-29 21:44:31','2023-03-29 22:08:03'),(2413,1,9,1730,NULL,NULL,NULL,'2023-03-29 21:44:31','2023-03-29 22:08:03'),(2414,1,1,1732,NULL,NULL,NULL,'2023-03-29 21:50:00','2023-03-29 21:50:00'),(2415,1,4,1732,NULL,NULL,NULL,'2023-03-29 21:50:00','2023-03-29 21:50:00'),(2416,1,5,1732,NULL,NULL,NULL,'2023-03-29 21:50:00','2023-03-29 21:50:00'),(2417,1,6,1732,NULL,NULL,NULL,'2023-03-29 21:50:00','2023-03-29 21:50:00'),(2418,1,7,1732,NULL,NULL,NULL,'2023-03-29 21:50:00','2023-03-29 21:50:00'),(2419,1,8,1732,NULL,NULL,NULL,'2023-03-29 21:50:00','2023-03-29 21:50:00'),(2420,1,9,1732,NULL,NULL,NULL,'2023-03-29 21:50:00','2023-03-29 21:50:00'),(2421,1,1,1733,NULL,NULL,NULL,'2023-03-29 22:04:25','2023-03-29 22:04:25'),(2422,1,4,1733,NULL,NULL,NULL,'2023-03-29 22:04:25','2023-03-29 22:04:25'),(2423,1,5,1733,NULL,NULL,NULL,'2023-03-29 22:04:25','2023-03-29 22:04:25'),(2424,1,6,1733,NULL,NULL,NULL,'2023-03-29 22:04:25','2023-03-29 22:04:25'),(2425,1,7,1733,NULL,NULL,NULL,'2023-03-29 22:04:25','2023-03-29 22:04:25'),(2426,1,8,1733,NULL,NULL,NULL,'2023-03-29 22:04:25','2023-03-29 22:04:25'),(2427,1,9,1733,NULL,NULL,NULL,'2023-03-29 22:04:25','2023-03-29 22:04:25'),(2428,1,1,1734,NULL,NULL,NULL,'2023-03-29 22:06:03','2023-03-29 22:06:03'),(2429,1,4,1734,NULL,NULL,NULL,'2023-03-29 22:06:03','2023-03-29 22:06:03'),(2430,1,5,1734,NULL,NULL,NULL,'2023-03-29 22:06:03','2023-03-29 22:06:03'),(2431,1,6,1734,NULL,NULL,NULL,'2023-03-29 22:06:03','2023-03-29 22:06:03'),(2432,1,7,1734,NULL,NULL,NULL,'2023-03-29 22:06:03','2023-03-29 22:06:03'),(2433,1,8,1734,NULL,NULL,NULL,'2023-03-29 22:06:03','2023-03-29 22:06:03'),(2434,1,9,1734,NULL,NULL,NULL,'2023-03-29 22:06:03','2023-03-29 22:06:03'),(2435,1,1,818,NULL,NULL,NULL,'2023-03-30 12:43:34','2023-03-30 12:43:34'),(2436,1,4,818,NULL,NULL,NULL,'2023-03-30 12:43:34','2023-03-30 12:43:34'),(2437,1,5,818,NULL,NULL,NULL,'2023-03-30 12:43:34','2023-03-30 12:43:34'),(2438,1,6,818,NULL,NULL,NULL,'2023-03-30 12:43:34','2023-03-30 12:43:34'),(2439,1,7,818,NULL,NULL,NULL,'2023-03-30 12:43:34','2023-03-30 12:43:34'),(2440,1,8,818,NULL,NULL,NULL,'2023-03-30 12:43:34','2023-03-30 12:43:34'),(2441,1,9,818,NULL,NULL,NULL,'2023-03-30 12:43:34','2023-03-30 12:43:34'),(2442,1,1,345,NULL,NULL,NULL,'2023-03-30 12:44:30','2023-03-30 12:44:30'),(2443,1,4,345,NULL,NULL,NULL,'2023-03-30 12:44:30','2023-03-30 12:44:30'),(2444,1,5,345,NULL,NULL,NULL,'2023-03-30 12:44:30','2023-03-30 12:44:30'),(2445,1,6,345,NULL,NULL,NULL,'2023-03-30 12:44:30','2023-03-30 12:44:30'),(2446,1,7,345,NULL,NULL,NULL,'2023-03-30 12:44:30','2023-03-30 12:44:30'),(2447,1,8,345,NULL,NULL,NULL,'2023-03-30 12:44:30','2023-03-30 12:44:30'),(2448,1,9,345,NULL,NULL,NULL,'2023-03-30 12:44:30','2023-03-30 12:44:30'),(2449,1,1,843,NULL,NULL,NULL,'2023-03-30 13:17:34','2023-03-30 13:17:34'),(2450,1,4,843,NULL,NULL,NULL,'2023-03-30 13:17:34','2023-03-30 13:17:34'),(2451,1,5,843,NULL,NULL,NULL,'2023-03-30 13:17:34','2023-03-30 13:17:34'),(2452,1,6,843,NULL,NULL,NULL,'2023-03-30 13:17:34','2023-03-30 13:17:34'),(2453,1,7,843,NULL,NULL,NULL,'2023-03-30 13:17:34','2023-03-30 13:17:34'),(2454,1,8,843,NULL,NULL,NULL,'2023-03-30 13:17:34','2023-03-30 13:17:34'),(2455,1,9,843,NULL,NULL,NULL,'2023-03-30 13:17:34','2023-03-30 13:17:34'),(2456,1,1,411,NULL,NULL,NULL,'2023-03-30 13:18:05','2023-03-30 13:18:05'),(2457,1,1,410,NULL,NULL,NULL,'2023-03-30 13:20:57','2023-03-30 18:52:46'),(2458,1,1,405,NULL,NULL,NULL,'2023-03-30 13:22:29','2023-03-30 13:22:29'),(2459,1,1,717,NULL,NULL,NULL,'2023-03-30 13:29:46','2023-03-30 13:29:46'),(2460,1,4,717,NULL,NULL,NULL,'2023-03-30 13:29:46','2023-03-30 13:29:46'),(2461,1,5,717,NULL,NULL,NULL,'2023-03-30 13:29:46','2023-03-30 13:29:46'),(2462,1,6,717,NULL,NULL,NULL,'2023-03-30 13:29:46','2023-03-30 13:29:46'),(2463,1,7,717,NULL,NULL,NULL,'2023-03-30 13:29:46','2023-03-30 13:29:46'),(2464,1,8,717,NULL,NULL,NULL,'2023-03-30 13:29:46','2023-03-30 13:29:46'),(2465,1,9,717,NULL,NULL,NULL,'2023-03-30 13:29:46','2023-03-30 13:29:46'),(2466,1,1,718,NULL,NULL,NULL,'2023-03-30 13:30:43','2023-03-30 13:30:43'),(2467,1,4,718,NULL,NULL,NULL,'2023-03-30 13:30:43','2023-03-30 13:30:43'),(2468,1,5,718,NULL,NULL,NULL,'2023-03-30 13:30:43','2023-03-30 13:30:43'),(2469,1,6,718,NULL,NULL,NULL,'2023-03-30 13:30:43','2023-03-30 13:30:43'),(2470,1,7,718,NULL,NULL,NULL,'2023-03-30 13:30:43','2023-03-30 13:30:43'),(2471,1,8,718,NULL,NULL,NULL,'2023-03-30 13:30:43','2023-03-30 13:30:43'),(2472,1,9,718,NULL,NULL,NULL,'2023-03-30 13:30:43','2023-03-30 13:30:43'),(2473,1,1,417,NULL,NULL,NULL,'2023-03-30 13:32:08','2023-03-30 18:47:53'),(2474,1,1,409,NULL,NULL,NULL,'2023-03-30 13:46:02','2023-03-30 18:50:21'),(2475,1,1,809,NULL,NULL,NULL,'2023-03-30 13:47:37','2023-03-30 13:47:37'),(2476,1,1,403,NULL,NULL,NULL,'2023-03-30 13:49:55','2023-03-30 18:56:23'),(2477,1,1,811,NULL,NULL,NULL,'2023-03-30 13:50:42','2023-03-30 13:50:42'),(2478,1,1,404,NULL,NULL,NULL,'2023-03-30 13:52:45','2023-03-30 18:55:13'),(2479,1,1,719,NULL,NULL,NULL,'2023-03-30 13:58:24','2023-03-30 13:59:47'),(2480,1,4,719,NULL,NULL,NULL,'2023-03-30 13:58:24','2023-03-30 13:59:47'),(2481,1,5,719,NULL,NULL,NULL,'2023-03-30 13:58:24','2023-03-30 13:59:47'),(2482,1,6,719,NULL,NULL,NULL,'2023-03-30 13:58:24','2023-03-30 13:59:47'),(2483,1,7,719,NULL,NULL,NULL,'2023-03-30 13:58:24','2023-03-30 13:59:47'),(2484,1,8,719,NULL,NULL,NULL,'2023-03-30 13:58:24','2023-03-30 13:59:47'),(2485,1,9,719,NULL,NULL,NULL,'2023-03-30 13:58:24','2023-03-30 13:59:47'),(2486,1,1,720,NULL,NULL,NULL,'2023-03-30 14:00:48','2023-03-30 14:00:48'),(2487,1,4,720,NULL,NULL,NULL,'2023-03-30 14:00:48','2023-03-30 14:00:48'),(2488,1,5,720,NULL,NULL,NULL,'2023-03-30 14:00:48','2023-03-30 14:00:48'),(2489,1,6,720,NULL,NULL,NULL,'2023-03-30 14:00:48','2023-03-30 14:00:48'),(2490,1,7,720,NULL,NULL,NULL,'2023-03-30 14:00:48','2023-03-30 14:00:48'),(2491,1,8,720,NULL,NULL,NULL,'2023-03-30 14:00:48','2023-03-30 14:00:48'),(2492,1,9,720,NULL,NULL,NULL,'2023-03-30 14:00:48','2023-03-30 14:00:48'),(2493,1,1,803,NULL,NULL,NULL,'2023-03-30 14:01:15','2023-03-30 14:01:15'),(2494,1,1,721,NULL,NULL,NULL,'2023-03-30 14:01:38','2023-03-30 14:01:38'),(2495,1,4,721,NULL,NULL,NULL,'2023-03-30 14:01:38','2023-03-30 14:01:38'),(2496,1,5,721,NULL,NULL,NULL,'2023-03-30 14:01:38','2023-03-30 14:01:38'),(2497,1,6,721,NULL,NULL,NULL,'2023-03-30 14:01:38','2023-03-30 14:01:38'),(2498,1,7,721,NULL,NULL,NULL,'2023-03-30 14:01:38','2023-03-30 14:01:38'),(2499,1,8,721,NULL,NULL,NULL,'2023-03-30 14:01:38','2023-03-30 14:01:38'),(2500,1,9,721,NULL,NULL,NULL,'2023-03-30 14:01:38','2023-03-30 14:01:38'),(2501,1,1,722,NULL,NULL,NULL,'2023-03-30 14:02:25','2023-03-30 14:02:25'),(2502,1,4,722,NULL,NULL,NULL,'2023-03-30 14:02:25','2023-03-30 14:02:25'),(2503,1,5,722,NULL,NULL,NULL,'2023-03-30 14:02:25','2023-03-30 14:02:25'),(2504,1,6,722,NULL,NULL,NULL,'2023-03-30 14:02:25','2023-03-30 14:02:25'),(2505,1,7,722,NULL,NULL,NULL,'2023-03-30 14:02:25','2023-03-30 14:02:25'),(2506,1,8,722,NULL,NULL,NULL,'2023-03-30 14:02:25','2023-03-30 14:02:25'),(2507,1,9,722,NULL,NULL,NULL,'2023-03-30 14:02:25','2023-03-30 14:02:25'),(2508,1,1,723,NULL,NULL,NULL,'2023-03-30 14:03:14','2023-03-30 14:03:14'),(2509,1,4,723,NULL,NULL,NULL,'2023-03-30 14:03:14','2023-03-30 14:03:14'),(2510,1,5,723,NULL,NULL,NULL,'2023-03-30 14:03:14','2023-03-30 14:03:14'),(2511,1,6,723,NULL,NULL,NULL,'2023-03-30 14:03:14','2023-03-30 14:03:14'),(2512,1,7,723,NULL,NULL,NULL,'2023-03-30 14:03:14','2023-03-30 14:03:14'),(2513,1,8,723,NULL,NULL,NULL,'2023-03-30 14:03:14','2023-03-30 14:03:14'),(2514,1,9,723,NULL,NULL,NULL,'2023-03-30 14:03:14','2023-03-30 14:03:14'),(2515,1,1,724,NULL,NULL,NULL,'2023-03-30 14:03:55','2023-03-30 14:03:55'),(2516,1,4,724,NULL,NULL,NULL,'2023-03-30 14:03:55','2023-03-30 14:03:55'),(2517,1,5,724,NULL,NULL,NULL,'2023-03-30 14:03:55','2023-03-30 14:03:55'),(2518,1,6,724,NULL,NULL,NULL,'2023-03-30 14:03:55','2023-03-30 14:03:55'),(2519,1,7,724,NULL,NULL,NULL,'2023-03-30 14:03:55','2023-03-30 14:03:55'),(2520,1,8,724,NULL,NULL,NULL,'2023-03-30 14:03:55','2023-03-30 14:03:55'),(2521,1,9,724,NULL,NULL,NULL,'2023-03-30 14:03:55','2023-03-30 14:03:55'),(2522,1,1,725,NULL,NULL,NULL,'2023-03-30 14:04:47','2023-03-30 14:04:47'),(2523,1,4,725,NULL,NULL,NULL,'2023-03-30 14:04:47','2023-03-30 14:04:47'),(2524,1,5,725,NULL,NULL,NULL,'2023-03-30 14:04:47','2023-03-30 14:04:47'),(2525,1,6,725,NULL,NULL,NULL,'2023-03-30 14:04:47','2023-03-30 14:04:47'),(2526,1,7,725,NULL,NULL,NULL,'2023-03-30 14:04:47','2023-03-30 14:04:47'),(2527,1,8,725,NULL,NULL,NULL,'2023-03-30 14:04:47','2023-03-30 14:04:47'),(2528,1,9,725,NULL,NULL,NULL,'2023-03-30 14:04:47','2023-03-30 14:04:47'),(2529,1,1,726,NULL,NULL,NULL,'2023-03-30 14:05:38','2023-03-30 14:05:38'),(2530,1,4,726,NULL,NULL,NULL,'2023-03-30 14:05:38','2023-03-30 14:05:38'),(2531,1,5,726,NULL,NULL,NULL,'2023-03-30 14:05:38','2023-03-30 14:05:38'),(2532,1,6,726,NULL,NULL,NULL,'2023-03-30 14:05:38','2023-03-30 14:05:38'),(2533,1,7,726,NULL,NULL,NULL,'2023-03-30 14:05:38','2023-03-30 14:05:38'),(2534,1,8,726,NULL,NULL,NULL,'2023-03-30 14:05:38','2023-03-30 14:05:38'),(2535,1,9,726,NULL,NULL,NULL,'2023-03-30 14:05:38','2023-03-30 14:05:38'),(2536,1,1,746,NULL,NULL,NULL,'2023-03-30 14:05:56','2023-03-30 18:53:56'),(2537,1,1,727,NULL,NULL,NULL,'2023-03-30 14:06:38','2023-03-30 14:06:38'),(2538,1,4,727,NULL,NULL,NULL,'2023-03-30 14:06:38','2023-03-30 14:06:38'),(2539,1,5,727,NULL,NULL,NULL,'2023-03-30 14:06:38','2023-03-30 14:06:38'),(2540,1,6,727,NULL,NULL,NULL,'2023-03-30 14:06:38','2023-03-30 14:06:38'),(2541,1,7,727,NULL,NULL,NULL,'2023-03-30 14:06:38','2023-03-30 14:06:38'),(2542,1,8,727,NULL,NULL,NULL,'2023-03-30 14:06:38','2023-03-30 14:06:38'),(2543,1,9,727,NULL,NULL,NULL,'2023-03-30 14:06:38','2023-03-30 14:06:38'),(2544,1,1,728,NULL,NULL,NULL,'2023-03-30 14:07:36','2023-03-30 14:07:36'),(2545,1,4,728,NULL,NULL,NULL,'2023-03-30 14:07:36','2023-03-30 14:07:36'),(2546,1,5,728,NULL,NULL,NULL,'2023-03-30 14:07:36','2023-03-30 14:07:36'),(2547,1,6,728,NULL,NULL,NULL,'2023-03-30 14:07:36','2023-03-30 14:07:36'),(2548,1,7,728,NULL,NULL,NULL,'2023-03-30 14:07:36','2023-03-30 14:07:36'),(2549,1,8,728,NULL,NULL,NULL,'2023-03-30 14:07:36','2023-03-30 14:07:36'),(2550,1,9,728,NULL,NULL,NULL,'2023-03-30 14:07:36','2023-03-30 14:07:36'),(2551,1,1,729,NULL,NULL,NULL,'2023-03-30 14:08:22','2023-03-30 14:08:22'),(2552,1,4,729,NULL,NULL,NULL,'2023-03-30 14:08:22','2023-03-30 14:08:22'),(2553,1,5,729,NULL,NULL,NULL,'2023-03-30 14:08:22','2023-03-30 14:08:22'),(2554,1,6,729,NULL,NULL,NULL,'2023-03-30 14:08:22','2023-03-30 14:08:22'),(2555,1,7,729,NULL,NULL,NULL,'2023-03-30 14:08:22','2023-03-30 14:08:22'),(2556,1,8,729,NULL,NULL,NULL,'2023-03-30 14:08:22','2023-03-30 14:08:22'),(2557,1,9,729,NULL,NULL,NULL,'2023-03-30 14:08:22','2023-03-30 14:08:22'),(2558,1,1,415,NULL,NULL,NULL,'2023-03-30 14:11:11','2023-03-30 14:11:11'),(2559,1,1,416,NULL,NULL,NULL,'2023-03-30 14:11:57','2023-03-30 14:11:57'),(2560,1,1,804,NULL,NULL,NULL,'2023-03-30 14:13:15','2023-03-30 14:13:15'),(2561,1,1,414,NULL,NULL,NULL,'2023-03-30 14:17:05','2023-03-30 14:17:05'),(2562,1,1,802,NULL,NULL,NULL,'2023-03-30 14:21:08','2023-03-30 14:21:08'),(2563,1,1,812,NULL,NULL,NULL,'2023-03-30 14:24:47','2023-03-30 14:24:47'),(2564,1,1,412,NULL,NULL,NULL,'2023-03-30 14:26:03','2023-03-30 14:26:03'),(2565,1,1,401,NULL,NULL,NULL,'2023-03-30 14:30:52','2023-03-30 14:30:52'),(2566,1,1,402,NULL,NULL,NULL,'2023-03-30 14:31:52','2023-03-30 14:31:52'),(2567,1,1,413,NULL,NULL,NULL,'2023-03-30 14:34:18','2023-03-30 14:34:18'),(2568,1,1,406,NULL,NULL,NULL,'2023-03-30 14:38:07','2023-03-30 14:38:07'),(2569,1,1,770,NULL,NULL,NULL,'2023-03-30 14:42:13','2023-03-30 14:42:13'),(2570,1,1,418,NULL,NULL,NULL,'2023-03-30 14:43:38','2023-03-30 14:43:38'),(2571,1,1,407,NULL,NULL,NULL,'2023-03-30 14:45:40','2023-03-30 14:45:40'),(2572,1,1,408,NULL,NULL,NULL,'2023-03-30 14:47:19','2023-03-30 14:47:19'),(2573,1,1,389,NULL,NULL,NULL,'2023-03-30 14:53:26','2023-03-30 14:53:26'),(2574,1,1,382,NULL,NULL,NULL,'2023-03-30 14:58:32','2023-03-30 14:58:32'),(2575,1,1,540,NULL,NULL,NULL,'2023-03-30 15:00:58','2023-03-30 15:00:58'),(2576,1,4,540,NULL,NULL,NULL,'2023-03-30 15:00:58','2023-03-30 15:00:58'),(2577,1,5,540,NULL,NULL,NULL,'2023-03-30 15:00:58','2023-03-30 15:00:58'),(2578,1,6,540,NULL,NULL,NULL,'2023-03-30 15:00:58','2023-03-30 15:00:58'),(2579,1,7,540,NULL,NULL,NULL,'2023-03-30 15:00:58','2023-03-30 15:00:58'),(2580,1,8,540,NULL,NULL,NULL,'2023-03-30 15:00:58','2023-03-30 15:00:58'),(2581,1,9,540,NULL,NULL,NULL,'2023-03-30 15:00:58','2023-03-30 15:00:58'),(2582,1,1,542,NULL,NULL,NULL,'2023-03-30 15:04:25','2023-03-30 15:04:25'),(2583,1,4,542,NULL,NULL,NULL,'2023-03-30 15:04:25','2023-03-30 15:04:25'),(2584,1,5,542,NULL,NULL,NULL,'2023-03-30 15:04:25','2023-03-30 15:04:25'),(2585,1,6,542,NULL,NULL,NULL,'2023-03-30 15:04:25','2023-03-30 15:04:25'),(2586,1,7,542,NULL,NULL,NULL,'2023-03-30 15:04:25','2023-03-30 15:04:25'),(2587,1,8,542,NULL,NULL,NULL,'2023-03-30 15:04:25','2023-03-30 15:04:25'),(2588,1,9,542,NULL,NULL,NULL,'2023-03-30 15:04:25','2023-03-30 15:04:25'),(2589,1,1,541,NULL,NULL,NULL,'2023-03-30 15:05:21','2023-03-30 15:05:21'),(2590,1,4,541,NULL,NULL,NULL,'2023-03-30 15:05:21','2023-03-30 15:05:21'),(2591,1,5,541,NULL,NULL,NULL,'2023-03-30 15:05:21','2023-03-30 15:05:21'),(2592,1,6,541,NULL,NULL,NULL,'2023-03-30 15:05:21','2023-03-30 15:05:21'),(2593,1,7,541,NULL,NULL,NULL,'2023-03-30 15:05:21','2023-03-30 15:05:21'),(2594,1,8,541,NULL,NULL,NULL,'2023-03-30 15:05:21','2023-03-30 15:05:21'),(2595,1,9,541,NULL,NULL,NULL,'2023-03-30 15:05:21','2023-03-30 15:05:21'),(2596,1,1,543,NULL,NULL,NULL,'2023-03-30 15:05:53','2023-03-30 15:05:53'),(2597,1,4,543,NULL,NULL,NULL,'2023-03-30 15:05:53','2023-03-30 15:05:53'),(2598,1,5,543,NULL,NULL,NULL,'2023-03-30 15:05:53','2023-03-30 15:05:53'),(2599,1,6,543,NULL,NULL,NULL,'2023-03-30 15:05:53','2023-03-30 15:05:53'),(2600,1,7,543,NULL,NULL,NULL,'2023-03-30 15:05:53','2023-03-30 15:05:53'),(2601,1,8,543,NULL,NULL,NULL,'2023-03-30 15:05:53','2023-03-30 15:05:53'),(2602,1,9,543,NULL,NULL,NULL,'2023-03-30 15:05:53','2023-03-30 15:05:53'),(2603,1,1,544,NULL,NULL,NULL,'2023-03-30 15:06:38','2023-03-30 15:06:38'),(2604,1,4,544,NULL,NULL,NULL,'2023-03-30 15:06:38','2023-03-30 15:06:38'),(2605,1,5,544,NULL,NULL,NULL,'2023-03-30 15:06:38','2023-03-30 15:06:38'),(2606,1,6,544,NULL,NULL,NULL,'2023-03-30 15:06:38','2023-03-30 15:06:38'),(2607,1,7,544,NULL,NULL,NULL,'2023-03-30 15:06:38','2023-03-30 15:06:38'),(2608,1,8,544,NULL,NULL,NULL,'2023-03-30 15:06:38','2023-03-30 15:06:38'),(2609,1,9,544,NULL,NULL,NULL,'2023-03-30 15:06:38','2023-03-30 15:06:38'),(2610,1,1,550,NULL,NULL,NULL,'2023-03-30 15:10:36','2023-03-30 15:10:36'),(2611,1,4,550,NULL,NULL,NULL,'2023-03-30 15:10:36','2023-03-30 15:10:36'),(2612,1,5,550,NULL,NULL,NULL,'2023-03-30 15:10:36','2023-03-30 15:10:36'),(2613,1,6,550,NULL,NULL,NULL,'2023-03-30 15:10:36','2023-03-30 15:10:36'),(2614,1,7,550,NULL,NULL,NULL,'2023-03-30 15:10:36','2023-03-30 15:10:36'),(2615,1,8,550,NULL,NULL,NULL,'2023-03-30 15:10:36','2023-03-30 15:10:36'),(2616,1,9,550,NULL,NULL,NULL,'2023-03-30 15:10:36','2023-03-30 15:10:36'),(2617,1,1,551,NULL,NULL,NULL,'2023-03-30 15:11:12','2023-03-30 15:11:12'),(2618,1,4,551,NULL,NULL,NULL,'2023-03-30 15:11:12','2023-03-30 15:11:12'),(2619,1,5,551,NULL,NULL,NULL,'2023-03-30 15:11:12','2023-03-30 15:11:12'),(2620,1,6,551,NULL,NULL,NULL,'2023-03-30 15:11:12','2023-03-30 15:11:12'),(2621,1,7,551,NULL,NULL,NULL,'2023-03-30 15:11:12','2023-03-30 15:11:12'),(2622,1,8,551,NULL,NULL,NULL,'2023-03-30 15:11:12','2023-03-30 15:11:12'),(2623,1,9,551,NULL,NULL,NULL,'2023-03-30 15:11:12','2023-03-30 15:11:12'),(2624,1,1,553,NULL,NULL,NULL,'2023-03-30 15:12:43','2023-03-30 15:12:43'),(2625,1,4,553,NULL,NULL,NULL,'2023-03-30 15:12:43','2023-03-30 15:12:43'),(2626,1,5,553,NULL,NULL,NULL,'2023-03-30 15:12:43','2023-03-30 15:12:43'),(2627,1,6,553,NULL,NULL,NULL,'2023-03-30 15:12:43','2023-03-30 15:12:43'),(2628,1,7,553,NULL,NULL,NULL,'2023-03-30 15:12:43','2023-03-30 15:12:43'),(2629,1,8,553,NULL,NULL,NULL,'2023-03-30 15:12:43','2023-03-30 15:12:43'),(2630,1,9,553,NULL,NULL,NULL,'2023-03-30 15:12:43','2023-03-30 15:12:43'),(2631,1,1,554,NULL,NULL,NULL,'2023-03-30 15:14:00','2023-03-30 15:14:00'),(2632,1,4,554,NULL,NULL,NULL,'2023-03-30 15:14:00','2023-03-30 15:14:00'),(2633,1,5,554,NULL,NULL,NULL,'2023-03-30 15:14:00','2023-03-30 15:14:00'),(2634,1,6,554,NULL,NULL,NULL,'2023-03-30 15:14:00','2023-03-30 15:14:00'),(2635,1,7,554,NULL,NULL,NULL,'2023-03-30 15:14:00','2023-03-30 15:14:00'),(2636,1,8,554,NULL,NULL,NULL,'2023-03-30 15:14:00','2023-03-30 15:14:00'),(2637,1,9,554,NULL,NULL,NULL,'2023-03-30 15:14:00','2023-03-30 15:14:00'),(2638,1,1,555,NULL,NULL,NULL,'2023-03-30 15:14:29','2023-03-30 15:14:29'),(2639,1,4,555,NULL,NULL,NULL,'2023-03-30 15:14:29','2023-03-30 15:14:29'),(2640,1,5,555,NULL,NULL,NULL,'2023-03-30 15:14:29','2023-03-30 15:14:29'),(2641,1,6,555,NULL,NULL,NULL,'2023-03-30 15:14:29','2023-03-30 15:14:29'),(2642,1,7,555,NULL,NULL,NULL,'2023-03-30 15:14:29','2023-03-30 15:14:29'),(2643,1,8,555,NULL,NULL,NULL,'2023-03-30 15:14:29','2023-03-30 15:14:29'),(2644,1,9,555,NULL,NULL,NULL,'2023-03-30 15:14:29','2023-03-30 15:14:29'),(2645,1,1,557,NULL,NULL,NULL,'2023-03-30 15:21:16','2023-03-30 15:21:16'),(2646,1,4,557,NULL,NULL,NULL,'2023-03-30 15:21:16','2023-03-30 15:21:16'),(2647,1,5,557,NULL,NULL,NULL,'2023-03-30 15:21:16','2023-03-30 15:21:16'),(2648,1,6,557,NULL,NULL,NULL,'2023-03-30 15:21:16','2023-03-30 15:21:16'),(2649,1,7,557,NULL,NULL,NULL,'2023-03-30 15:21:16','2023-03-30 15:21:16'),(2650,1,8,557,NULL,NULL,NULL,'2023-03-30 15:21:16','2023-03-30 15:21:16'),(2651,1,9,557,NULL,NULL,NULL,'2023-03-30 15:21:16','2023-03-30 15:21:16'),(2652,1,1,558,NULL,NULL,NULL,'2023-03-30 15:21:51','2023-03-30 15:21:51'),(2653,1,4,558,NULL,NULL,NULL,'2023-03-30 15:21:51','2023-03-30 15:21:51'),(2654,1,5,558,NULL,NULL,NULL,'2023-03-30 15:21:51','2023-03-30 15:21:51'),(2655,1,6,558,NULL,NULL,NULL,'2023-03-30 15:21:51','2023-03-30 15:21:51'),(2656,1,7,558,NULL,NULL,NULL,'2023-03-30 15:21:51','2023-03-30 15:21:51'),(2657,1,8,558,NULL,NULL,NULL,'2023-03-30 15:21:51','2023-03-30 15:21:51'),(2658,1,9,558,NULL,NULL,NULL,'2023-03-30 15:21:51','2023-03-30 15:21:51'),(2659,1,1,567,NULL,NULL,NULL,'2023-03-30 15:22:22','2023-03-30 15:22:22'),(2660,1,4,567,NULL,NULL,NULL,'2023-03-30 15:22:22','2023-03-30 15:22:22'),(2661,1,5,567,NULL,NULL,NULL,'2023-03-30 15:22:22','2023-03-30 15:22:22'),(2662,1,6,567,NULL,NULL,NULL,'2023-03-30 15:22:22','2023-03-30 15:22:22'),(2663,1,7,567,NULL,NULL,NULL,'2023-03-30 15:22:22','2023-03-30 15:22:22'),(2664,1,8,567,NULL,NULL,NULL,'2023-03-30 15:22:22','2023-03-30 15:22:22'),(2665,1,9,567,NULL,NULL,NULL,'2023-03-30 15:22:22','2023-03-30 15:22:22'),(2666,1,1,559,NULL,NULL,NULL,'2023-03-30 15:22:55','2023-03-30 15:22:55'),(2667,1,4,559,NULL,NULL,NULL,'2023-03-30 15:22:55','2023-03-30 15:22:55'),(2668,1,5,559,NULL,NULL,NULL,'2023-03-30 15:22:55','2023-03-30 15:22:55'),(2669,1,6,559,NULL,NULL,NULL,'2023-03-30 15:22:55','2023-03-30 15:22:55'),(2670,1,7,559,NULL,NULL,NULL,'2023-03-30 15:22:55','2023-03-30 15:22:55'),(2671,1,8,559,NULL,NULL,NULL,'2023-03-30 15:22:55','2023-03-30 15:22:55'),(2672,1,9,559,NULL,NULL,NULL,'2023-03-30 15:22:55','2023-03-30 15:22:55'),(2673,1,1,560,NULL,NULL,NULL,'2023-03-30 15:23:22','2023-03-30 15:23:22'),(2674,1,4,560,NULL,NULL,NULL,'2023-03-30 15:23:22','2023-03-30 15:23:22'),(2675,1,5,560,NULL,NULL,NULL,'2023-03-30 15:23:22','2023-03-30 15:23:22'),(2676,1,6,560,NULL,NULL,NULL,'2023-03-30 15:23:22','2023-03-30 15:23:22'),(2677,1,7,560,NULL,NULL,NULL,'2023-03-30 15:23:22','2023-03-30 15:23:22'),(2678,1,8,560,NULL,NULL,NULL,'2023-03-30 15:23:22','2023-03-30 15:23:22'),(2679,1,9,560,NULL,NULL,NULL,'2023-03-30 15:23:22','2023-03-30 15:23:22'),(2680,1,1,561,NULL,NULL,NULL,'2023-03-30 15:23:51','2023-03-30 15:23:51'),(2681,1,4,561,NULL,NULL,NULL,'2023-03-30 15:23:51','2023-03-30 15:23:51'),(2682,1,5,561,NULL,NULL,NULL,'2023-03-30 15:23:51','2023-03-30 15:23:51'),(2683,1,6,561,NULL,NULL,NULL,'2023-03-30 15:23:51','2023-03-30 15:23:51'),(2684,1,7,561,NULL,NULL,NULL,'2023-03-30 15:23:51','2023-03-30 15:23:51'),(2685,1,8,561,NULL,NULL,NULL,'2023-03-30 15:23:51','2023-03-30 15:23:51'),(2686,1,9,561,NULL,NULL,NULL,'2023-03-30 15:23:51','2023-03-30 15:23:51'),(2687,1,1,562,NULL,NULL,NULL,'2023-03-30 15:24:20','2023-03-30 15:24:20'),(2688,1,4,562,NULL,NULL,NULL,'2023-03-30 15:24:20','2023-03-30 15:24:20'),(2689,1,5,562,NULL,NULL,NULL,'2023-03-30 15:24:20','2023-03-30 15:24:20'),(2690,1,6,562,NULL,NULL,NULL,'2023-03-30 15:24:20','2023-03-30 15:24:20'),(2691,1,7,562,NULL,NULL,NULL,'2023-03-30 15:24:20','2023-03-30 15:24:20'),(2692,1,8,562,NULL,NULL,NULL,'2023-03-30 15:24:20','2023-03-30 15:24:20'),(2693,1,9,562,NULL,NULL,NULL,'2023-03-30 15:24:20','2023-03-30 15:24:20'),(2694,1,1,1746,NULL,NULL,NULL,'2023-03-30 15:25:01','2023-03-30 16:15:13'),(2695,1,4,1746,NULL,NULL,NULL,'2023-03-30 15:25:01','2023-03-30 16:15:13'),(2696,1,5,1746,NULL,NULL,NULL,'2023-03-30 15:25:01','2023-03-30 16:15:13'),(2697,1,6,1746,NULL,NULL,NULL,'2023-03-30 15:25:01','2023-03-30 16:15:13'),(2698,1,7,1746,NULL,NULL,NULL,'2023-03-30 15:25:01','2023-03-30 16:15:13'),(2699,1,8,1746,NULL,NULL,NULL,'2023-03-30 15:25:01','2023-03-30 16:15:13'),(2700,1,9,1746,NULL,NULL,NULL,'2023-03-30 15:25:01','2023-03-30 16:15:13'),(2701,1,1,564,NULL,NULL,NULL,'2023-03-30 15:25:05','2023-03-30 15:25:05'),(2702,1,4,564,NULL,NULL,NULL,'2023-03-30 15:25:05','2023-03-30 15:25:05'),(2703,1,5,564,NULL,NULL,NULL,'2023-03-30 15:25:05','2023-03-30 15:25:05'),(2704,1,6,564,NULL,NULL,NULL,'2023-03-30 15:25:05','2023-03-30 15:25:05'),(2705,1,7,564,NULL,NULL,NULL,'2023-03-30 15:25:05','2023-03-30 15:25:05'),(2706,1,8,564,NULL,NULL,NULL,'2023-03-30 15:25:05','2023-03-30 15:25:05'),(2707,1,9,564,NULL,NULL,NULL,'2023-03-30 15:25:05','2023-03-30 15:25:05'),(2708,1,1,563,NULL,NULL,NULL,'2023-03-30 15:25:34','2023-03-30 15:25:34'),(2709,1,4,563,NULL,NULL,NULL,'2023-03-30 15:25:34','2023-03-30 15:25:34'),(2710,1,5,563,NULL,NULL,NULL,'2023-03-30 15:25:34','2023-03-30 15:25:34'),(2711,1,6,563,NULL,NULL,NULL,'2023-03-30 15:25:34','2023-03-30 15:25:34'),(2712,1,7,563,NULL,NULL,NULL,'2023-03-30 15:25:34','2023-03-30 15:25:34'),(2713,1,8,563,NULL,NULL,NULL,'2023-03-30 15:25:34','2023-03-30 15:25:34'),(2714,1,9,563,NULL,NULL,NULL,'2023-03-30 15:25:34','2023-03-30 15:25:34'),(2715,1,1,1747,NULL,NULL,NULL,'2023-03-30 15:26:15','2023-03-30 16:14:53'),(2716,1,4,1747,NULL,NULL,NULL,'2023-03-30 15:26:15','2023-03-30 16:14:53'),(2717,1,5,1747,NULL,NULL,NULL,'2023-03-30 15:26:15','2023-03-30 16:14:53'),(2718,1,6,1747,NULL,NULL,NULL,'2023-03-30 15:26:15','2023-03-30 16:14:53'),(2719,1,7,1747,NULL,NULL,NULL,'2023-03-30 15:26:15','2023-03-30 16:14:53'),(2720,1,8,1747,NULL,NULL,NULL,'2023-03-30 15:26:15','2023-03-30 16:14:53'),(2721,1,9,1747,NULL,NULL,NULL,'2023-03-30 15:26:15','2023-03-30 16:14:53'),(2722,1,1,565,NULL,NULL,NULL,'2023-03-30 15:26:17','2023-03-30 15:26:17'),(2723,1,4,565,NULL,NULL,NULL,'2023-03-30 15:26:17','2023-03-30 15:26:17'),(2724,1,5,565,NULL,NULL,NULL,'2023-03-30 15:26:17','2023-03-30 15:26:17'),(2725,1,6,565,NULL,NULL,NULL,'2023-03-30 15:26:17','2023-03-30 15:26:17'),(2726,1,7,565,NULL,NULL,NULL,'2023-03-30 15:26:17','2023-03-30 15:26:17'),(2727,1,8,565,NULL,NULL,NULL,'2023-03-30 15:26:17','2023-03-30 15:26:17'),(2728,1,9,565,NULL,NULL,NULL,'2023-03-30 15:26:17','2023-03-30 15:26:17'),(2729,1,1,1748,NULL,NULL,NULL,'2023-03-30 15:27:21','2023-03-30 16:15:37'),(2730,1,4,1748,NULL,NULL,NULL,'2023-03-30 15:27:21','2023-03-30 16:15:37'),(2731,1,5,1748,NULL,NULL,NULL,'2023-03-30 15:27:21','2023-03-30 16:15:37'),(2732,1,6,1748,NULL,NULL,NULL,'2023-03-30 15:27:21','2023-03-30 16:15:37'),(2733,1,7,1748,NULL,NULL,NULL,'2023-03-30 15:27:21','2023-03-30 16:15:37'),(2734,1,8,1748,NULL,NULL,NULL,'2023-03-30 15:27:21','2023-03-30 16:15:37'),(2735,1,9,1748,NULL,NULL,NULL,'2023-03-30 15:27:21','2023-03-30 16:15:37'),(2736,1,1,566,NULL,NULL,NULL,'2023-03-30 15:27:37','2023-03-30 15:27:37'),(2737,1,4,566,NULL,NULL,NULL,'2023-03-30 15:27:37','2023-03-30 15:27:37'),(2738,1,5,566,NULL,NULL,NULL,'2023-03-30 15:27:37','2023-03-30 15:27:37'),(2739,1,6,566,NULL,NULL,NULL,'2023-03-30 15:27:37','2023-03-30 15:27:37'),(2740,1,7,566,NULL,NULL,NULL,'2023-03-30 15:27:37','2023-03-30 15:27:37'),(2741,1,8,566,NULL,NULL,NULL,'2023-03-30 15:27:37','2023-03-30 15:27:37'),(2742,1,9,566,NULL,NULL,NULL,'2023-03-30 15:27:37','2023-03-30 15:27:37'),(2743,1,1,392,NULL,NULL,NULL,'2023-03-30 15:28:00','2023-03-30 15:28:00'),(2744,1,1,1004,NULL,NULL,NULL,'2023-03-30 15:28:46','2023-03-30 15:28:46'),(2745,1,4,1004,NULL,NULL,NULL,'2023-03-30 15:28:46','2023-03-30 15:28:46'),(2746,1,5,1004,NULL,NULL,NULL,'2023-03-30 15:28:46','2023-03-30 15:28:46'),(2747,1,6,1004,NULL,NULL,NULL,'2023-03-30 15:28:46','2023-03-30 15:28:46'),(2748,1,7,1004,NULL,NULL,NULL,'2023-03-30 15:28:46','2023-03-30 15:28:46'),(2749,1,8,1004,NULL,NULL,NULL,'2023-03-30 15:28:46','2023-03-30 15:28:46'),(2750,1,9,1004,NULL,NULL,NULL,'2023-03-30 15:28:46','2023-03-30 15:28:46'),(2751,1,1,568,NULL,NULL,NULL,'2023-03-30 15:29:44','2023-03-30 15:31:16'),(2752,1,4,568,NULL,NULL,NULL,'2023-03-30 15:29:44','2023-03-30 15:31:16'),(2753,1,5,568,NULL,NULL,NULL,'2023-03-30 15:29:44','2023-03-30 15:31:16'),(2754,1,6,568,NULL,NULL,NULL,'2023-03-30 15:29:44','2023-03-30 15:31:16'),(2755,1,7,568,NULL,NULL,NULL,'2023-03-30 15:29:44','2023-03-30 15:31:16'),(2756,1,8,568,NULL,NULL,NULL,'2023-03-30 15:29:44','2023-03-30 15:31:16'),(2757,1,9,568,NULL,NULL,NULL,'2023-03-30 15:29:44','2023-03-30 15:31:16'),(2758,1,1,380,NULL,NULL,NULL,'2023-03-30 15:30:28','2023-03-30 15:30:28'),(2759,1,1,569,NULL,NULL,NULL,'2023-03-30 15:30:51','2023-03-30 15:30:51'),(2760,1,4,569,NULL,NULL,NULL,'2023-03-30 15:30:51','2023-03-30 15:30:51'),(2761,1,5,569,NULL,NULL,NULL,'2023-03-30 15:30:51','2023-03-30 15:30:51'),(2762,1,6,569,NULL,NULL,NULL,'2023-03-30 15:30:51','2023-03-30 15:30:51'),(2763,1,7,569,NULL,NULL,NULL,'2023-03-30 15:30:51','2023-03-30 15:30:51'),(2764,1,8,569,NULL,NULL,NULL,'2023-03-30 15:30:51','2023-03-30 15:30:51'),(2765,1,9,569,NULL,NULL,NULL,'2023-03-30 15:30:51','2023-03-30 15:30:51'),(2766,1,1,570,NULL,NULL,NULL,'2023-03-30 15:31:49','2023-03-30 15:31:49'),(2767,1,4,570,NULL,NULL,NULL,'2023-03-30 15:31:49','2023-03-30 15:31:49'),(2768,1,5,570,NULL,NULL,NULL,'2023-03-30 15:31:49','2023-03-30 15:31:49'),(2769,1,6,570,NULL,NULL,NULL,'2023-03-30 15:31:49','2023-03-30 15:31:49'),(2770,1,7,570,NULL,NULL,NULL,'2023-03-30 15:31:49','2023-03-30 15:31:49'),(2771,1,8,570,NULL,NULL,NULL,'2023-03-30 15:31:49','2023-03-30 15:31:49'),(2772,1,9,570,NULL,NULL,NULL,'2023-03-30 15:31:49','2023-03-30 15:31:49'),(2773,1,1,571,NULL,NULL,NULL,'2023-03-30 15:32:50','2023-03-30 15:32:50'),(2774,1,4,571,NULL,NULL,NULL,'2023-03-30 15:32:50','2023-03-30 15:32:50'),(2775,1,5,571,NULL,NULL,NULL,'2023-03-30 15:32:50','2023-03-30 15:32:50'),(2776,1,6,571,NULL,NULL,NULL,'2023-03-30 15:32:50','2023-03-30 15:32:50'),(2777,1,7,571,NULL,NULL,NULL,'2023-03-30 15:32:50','2023-03-30 15:32:50'),(2778,1,8,571,NULL,NULL,NULL,'2023-03-30 15:32:50','2023-03-30 15:32:50'),(2779,1,9,571,NULL,NULL,NULL,'2023-03-30 15:32:50','2023-03-30 15:32:50'),(2780,1,1,381,NULL,NULL,NULL,'2023-03-30 15:32:58','2023-03-30 15:32:58'),(2781,1,1,572,NULL,NULL,NULL,'2023-03-30 15:33:30','2023-03-30 15:33:30'),(2782,1,4,572,NULL,NULL,NULL,'2023-03-30 15:33:30','2023-03-30 15:33:30'),(2783,1,5,572,NULL,NULL,NULL,'2023-03-30 15:33:30','2023-03-30 15:33:30'),(2784,1,6,572,NULL,NULL,NULL,'2023-03-30 15:33:30','2023-03-30 15:33:30'),(2785,1,7,572,NULL,NULL,NULL,'2023-03-30 15:33:30','2023-03-30 15:33:30'),(2786,1,8,572,NULL,NULL,NULL,'2023-03-30 15:33:30','2023-03-30 15:33:30'),(2787,1,9,572,NULL,NULL,NULL,'2023-03-30 15:33:30','2023-03-30 15:33:30'),(2788,1,1,573,NULL,NULL,NULL,'2023-03-30 15:34:13','2023-03-30 15:34:13'),(2789,1,4,573,NULL,NULL,NULL,'2023-03-30 15:34:13','2023-03-30 15:34:13'),(2790,1,5,573,NULL,NULL,NULL,'2023-03-30 15:34:13','2023-03-30 15:34:13'),(2791,1,6,573,NULL,NULL,NULL,'2023-03-30 15:34:13','2023-03-30 15:34:13'),(2792,1,7,573,NULL,NULL,NULL,'2023-03-30 15:34:13','2023-03-30 15:34:13'),(2793,1,8,573,NULL,NULL,NULL,'2023-03-30 15:34:13','2023-03-30 15:34:13'),(2794,1,9,573,NULL,NULL,NULL,'2023-03-30 15:34:13','2023-03-30 15:34:13'),(2795,1,1,384,NULL,NULL,NULL,'2023-03-30 15:35:23','2023-03-30 15:35:23'),(2796,1,1,383,NULL,NULL,NULL,'2023-03-30 15:36:12','2023-03-30 15:36:12'),(2797,1,1,994,NULL,NULL,NULL,'2023-03-30 15:36:47','2023-03-30 15:36:47'),(2798,1,4,994,NULL,NULL,NULL,'2023-03-30 15:36:47','2023-03-30 15:36:47'),(2799,1,5,994,NULL,NULL,NULL,'2023-03-30 15:36:47','2023-03-30 15:36:47'),(2800,1,6,994,NULL,NULL,NULL,'2023-03-30 15:36:47','2023-03-30 15:36:47'),(2801,1,7,994,NULL,NULL,NULL,'2023-03-30 15:36:47','2023-03-30 15:36:47'),(2802,1,8,994,NULL,NULL,NULL,'2023-03-30 15:36:47','2023-03-30 15:36:47'),(2803,1,9,994,NULL,NULL,NULL,'2023-03-30 15:36:47','2023-03-30 15:36:47'),(2804,1,1,394,NULL,NULL,NULL,'2023-03-30 15:37:26','2023-03-30 15:37:26'),(2805,1,1,575,NULL,NULL,NULL,'2023-03-30 15:37:47','2023-03-30 15:37:47'),(2806,1,4,575,NULL,NULL,NULL,'2023-03-30 15:37:47','2023-03-30 15:37:47'),(2807,1,5,575,NULL,NULL,NULL,'2023-03-30 15:37:47','2023-03-30 15:37:47'),(2808,1,6,575,NULL,NULL,NULL,'2023-03-30 15:37:47','2023-03-30 15:37:47'),(2809,1,7,575,NULL,NULL,NULL,'2023-03-30 15:37:47','2023-03-30 15:37:47'),(2810,1,8,575,NULL,NULL,NULL,'2023-03-30 15:37:47','2023-03-30 15:37:47'),(2811,1,9,575,NULL,NULL,NULL,'2023-03-30 15:37:47','2023-03-30 15:37:47'),(2812,1,1,391,NULL,NULL,NULL,'2023-03-30 15:38:03','2023-03-30 15:38:03'),(2813,1,1,639,NULL,NULL,NULL,'2023-03-30 15:38:15','2023-03-30 15:38:15'),(2814,1,4,639,NULL,NULL,NULL,'2023-03-30 15:38:15','2023-03-30 15:38:15'),(2815,1,5,639,NULL,NULL,NULL,'2023-03-30 15:38:15','2023-03-30 15:38:15'),(2816,1,6,639,NULL,NULL,NULL,'2023-03-30 15:38:15','2023-03-30 15:38:15'),(2817,1,7,639,NULL,NULL,NULL,'2023-03-30 15:38:15','2023-03-30 15:38:15'),(2818,1,8,639,NULL,NULL,NULL,'2023-03-30 15:38:15','2023-03-30 15:38:15'),(2819,1,9,639,NULL,NULL,NULL,'2023-03-30 15:38:15','2023-03-30 15:38:15'),(2820,1,1,990,NULL,NULL,NULL,'2023-03-30 15:39:38','2023-03-30 15:39:38'),(2821,1,4,990,NULL,NULL,NULL,'2023-03-30 15:39:38','2023-03-30 15:39:38'),(2822,1,5,990,NULL,NULL,NULL,'2023-03-30 15:39:38','2023-03-30 15:39:38'),(2823,1,6,990,NULL,NULL,NULL,'2023-03-30 15:39:38','2023-03-30 15:39:38'),(2824,1,7,990,NULL,NULL,NULL,'2023-03-30 15:39:38','2023-03-30 15:39:38'),(2825,1,8,990,NULL,NULL,NULL,'2023-03-30 15:39:38','2023-03-30 15:39:38'),(2826,1,9,990,NULL,NULL,NULL,'2023-03-30 15:39:38','2023-03-30 15:39:38'),(2827,1,1,1749,NULL,NULL,NULL,'2023-03-30 15:39:57','2023-03-30 15:39:57'),(2828,1,4,1749,NULL,NULL,NULL,'2023-03-30 15:39:57','2023-03-30 15:39:57'),(2829,1,5,1749,NULL,NULL,NULL,'2023-03-30 15:39:57','2023-03-30 15:39:57'),(2830,1,6,1749,NULL,NULL,NULL,'2023-03-30 15:39:57','2023-03-30 15:39:57'),(2831,1,7,1749,NULL,NULL,NULL,'2023-03-30 15:39:57','2023-03-30 15:39:57'),(2832,1,8,1749,NULL,NULL,NULL,'2023-03-30 15:39:57','2023-03-30 15:39:57'),(2833,1,9,1749,NULL,NULL,NULL,'2023-03-30 15:39:57','2023-03-30 15:39:57'),(2834,1,1,991,NULL,NULL,NULL,'2023-03-30 15:40:10','2023-03-30 15:40:10'),(2835,1,4,991,NULL,NULL,NULL,'2023-03-30 15:40:10','2023-03-30 15:40:10'),(2836,1,5,991,NULL,NULL,NULL,'2023-03-30 15:40:10','2023-03-30 15:40:10'),(2837,1,6,991,NULL,NULL,NULL,'2023-03-30 15:40:10','2023-03-30 15:40:10'),(2838,1,7,991,NULL,NULL,NULL,'2023-03-30 15:40:10','2023-03-30 15:40:10'),(2839,1,8,991,NULL,NULL,NULL,'2023-03-30 15:40:10','2023-03-30 15:40:10'),(2840,1,9,991,NULL,NULL,NULL,'2023-03-30 15:40:10','2023-03-30 15:40:10'),(2841,1,1,1006,NULL,NULL,NULL,'2023-03-30 15:40:43','2023-03-30 15:40:43'),(2842,1,4,1006,NULL,NULL,NULL,'2023-03-30 15:40:43','2023-03-30 15:40:43'),(2843,1,5,1006,NULL,NULL,NULL,'2023-03-30 15:40:43','2023-03-30 15:40:43'),(2844,1,6,1006,NULL,NULL,NULL,'2023-03-30 15:40:43','2023-03-30 15:40:43'),(2845,1,7,1006,NULL,NULL,NULL,'2023-03-30 15:40:43','2023-03-30 15:40:43'),(2846,1,8,1006,NULL,NULL,NULL,'2023-03-30 15:40:43','2023-03-30 15:40:43'),(2847,1,9,1006,NULL,NULL,NULL,'2023-03-30 15:40:43','2023-03-30 15:40:43'),(2848,1,1,691,NULL,NULL,NULL,'2023-03-30 15:41:24','2023-03-30 15:41:24'),(2849,1,4,691,NULL,NULL,NULL,'2023-03-30 15:41:24','2023-03-30 15:41:24'),(2850,1,5,691,NULL,NULL,NULL,'2023-03-30 15:41:24','2023-03-30 15:41:24'),(2851,1,6,691,NULL,NULL,NULL,'2023-03-30 15:41:24','2023-03-30 15:41:24'),(2852,1,7,691,NULL,NULL,NULL,'2023-03-30 15:41:24','2023-03-30 15:41:24'),(2853,1,8,691,NULL,NULL,NULL,'2023-03-30 15:41:24','2023-03-30 15:41:24'),(2854,1,9,691,NULL,NULL,NULL,'2023-03-30 15:41:24','2023-03-30 15:41:24'),(2855,1,1,385,NULL,NULL,NULL,'2023-03-30 15:42:03','2023-03-30 15:42:03'),(2856,1,1,692,NULL,NULL,NULL,'2023-03-30 15:42:04','2023-03-30 15:42:04'),(2857,1,4,692,NULL,NULL,NULL,'2023-03-30 15:42:04','2023-03-30 15:42:04'),(2858,1,5,692,NULL,NULL,NULL,'2023-03-30 15:42:04','2023-03-30 15:42:04'),(2859,1,6,692,NULL,NULL,NULL,'2023-03-30 15:42:04','2023-03-30 15:42:04'),(2860,1,7,692,NULL,NULL,NULL,'2023-03-30 15:42:04','2023-03-30 15:42:04'),(2861,1,8,692,NULL,NULL,NULL,'2023-03-30 15:42:04','2023-03-30 15:42:04'),(2862,1,9,692,NULL,NULL,NULL,'2023-03-30 15:42:04','2023-03-30 15:42:04'),(2863,1,1,386,NULL,NULL,NULL,'2023-03-30 15:42:34','2023-03-30 15:42:34'),(2864,1,1,388,NULL,NULL,NULL,'2023-03-30 15:43:14','2023-03-30 15:43:14'),(2865,1,1,436,NULL,NULL,NULL,'2023-03-30 16:02:56','2023-03-30 16:02:56'),(2866,1,1,435,NULL,NULL,NULL,'2023-03-30 16:03:27','2023-03-30 16:03:27'),(2867,1,1,431,NULL,NULL,NULL,'2023-03-30 16:04:12','2023-03-30 16:04:12'),(2868,1,1,795,NULL,NULL,NULL,'2023-03-30 16:05:30','2023-03-30 16:05:30'),(2869,1,1,690,NULL,NULL,NULL,'2023-03-30 16:05:47','2023-03-30 16:05:47'),(2870,1,4,690,NULL,NULL,NULL,'2023-03-30 16:05:47','2023-03-30 16:05:47'),(2871,1,5,690,NULL,NULL,NULL,'2023-03-30 16:05:47','2023-03-30 16:05:47'),(2872,1,6,690,NULL,NULL,NULL,'2023-03-30 16:05:47','2023-03-30 16:05:47'),(2873,1,7,690,NULL,NULL,NULL,'2023-03-30 16:05:47','2023-03-30 16:05:47'),(2874,1,8,690,NULL,NULL,NULL,'2023-03-30 16:05:47','2023-03-30 16:05:47'),(2875,1,9,690,NULL,NULL,NULL,'2023-03-30 16:05:47','2023-03-30 16:05:47'),(2876,1,1,437,NULL,NULL,NULL,'2023-03-30 16:06:13','2023-03-30 16:06:13'),(2877,1,1,697,NULL,NULL,NULL,'2023-03-30 16:06:31','2023-03-30 16:06:31'),(2878,1,4,697,NULL,NULL,NULL,'2023-03-30 16:06:31','2023-03-30 16:06:31'),(2879,1,5,697,NULL,NULL,NULL,'2023-03-30 16:06:31','2023-03-30 16:06:31'),(2880,1,6,697,NULL,NULL,NULL,'2023-03-30 16:06:31','2023-03-30 16:06:31'),(2881,1,7,697,NULL,NULL,NULL,'2023-03-30 16:06:31','2023-03-30 16:06:31'),(2882,1,8,697,NULL,NULL,NULL,'2023-03-30 16:06:31','2023-03-30 16:06:31'),(2883,1,9,697,NULL,NULL,NULL,'2023-03-30 16:06:31','2023-03-30 16:06:31'),(2884,1,1,1007,NULL,NULL,NULL,'2023-03-30 16:07:08','2023-03-30 16:07:08'),(2885,1,4,1007,NULL,NULL,NULL,'2023-03-30 16:07:08','2023-03-30 16:07:08'),(2886,1,5,1007,NULL,NULL,NULL,'2023-03-30 16:07:08','2023-03-30 16:07:08'),(2887,1,6,1007,NULL,NULL,NULL,'2023-03-30 16:07:08','2023-03-30 16:07:08'),(2888,1,7,1007,NULL,NULL,NULL,'2023-03-30 16:07:08','2023-03-30 16:07:08'),(2889,1,8,1007,NULL,NULL,NULL,'2023-03-30 16:07:08','2023-03-30 16:07:08'),(2890,1,9,1007,NULL,NULL,NULL,'2023-03-30 16:07:08','2023-03-30 16:07:08'),(2891,1,1,794,NULL,NULL,NULL,'2023-03-30 16:07:21','2023-03-30 16:07:21'),(2892,1,1,698,NULL,NULL,NULL,'2023-03-30 16:07:47','2023-03-30 16:07:47'),(2893,1,4,698,NULL,NULL,NULL,'2023-03-30 16:07:47','2023-03-30 16:07:47'),(2894,1,5,698,NULL,NULL,NULL,'2023-03-30 16:07:47','2023-03-30 16:07:47'),(2895,1,6,698,NULL,NULL,NULL,'2023-03-30 16:07:47','2023-03-30 16:07:47'),(2896,1,7,698,NULL,NULL,NULL,'2023-03-30 16:07:47','2023-03-30 16:07:47'),(2897,1,8,698,NULL,NULL,NULL,'2023-03-30 16:07:47','2023-03-30 16:07:47'),(2898,1,9,698,NULL,NULL,NULL,'2023-03-30 16:07:47','2023-03-30 16:07:47'),(2899,1,1,847,NULL,NULL,NULL,'2023-03-30 16:08:17','2023-03-30 16:08:17'),(2900,1,1,845,NULL,NULL,NULL,'2023-03-30 16:09:02','2023-03-30 16:09:02'),(2901,1,1,844,NULL,NULL,NULL,'2023-03-30 16:09:37','2023-03-30 16:09:37'),(2902,1,4,1199,NULL,NULL,NULL,'2023-03-30 16:09:48','2023-03-30 16:09:48'),(2903,1,5,1199,NULL,NULL,NULL,'2023-03-30 16:09:48','2023-03-30 16:09:48'),(2904,1,6,1199,NULL,NULL,NULL,'2023-03-30 16:09:48','2023-03-30 16:09:48'),(2905,1,7,1199,NULL,NULL,NULL,'2023-03-30 16:09:48','2023-03-30 16:09:48'),(2906,1,8,1199,NULL,NULL,NULL,'2023-03-30 16:09:48','2023-03-30 16:09:48'),(2907,1,9,1199,NULL,NULL,NULL,'2023-03-30 16:09:48','2023-03-30 16:09:48'),(2908,1,4,1200,NULL,NULL,NULL,'2023-03-30 16:10:16','2023-03-30 16:10:16'),(2909,1,5,1200,NULL,NULL,NULL,'2023-03-30 16:10:16','2023-03-30 16:10:16'),(2910,1,6,1200,NULL,NULL,NULL,'2023-03-30 16:10:16','2023-03-30 16:10:16'),(2911,1,7,1200,NULL,NULL,NULL,'2023-03-30 16:10:16','2023-03-30 16:10:16'),(2912,1,8,1200,NULL,NULL,NULL,'2023-03-30 16:10:16','2023-03-30 16:10:16'),(2913,1,9,1200,NULL,NULL,NULL,'2023-03-30 16:10:16','2023-03-30 16:10:16'),(2914,1,1,773,NULL,NULL,NULL,'2023-03-30 16:10:32','2023-03-30 16:10:32'),(2915,1,1,798,NULL,NULL,NULL,'2023-03-30 16:11:32','2023-03-30 16:11:32'),(2916,1,1,772,NULL,NULL,NULL,'2023-03-30 16:12:55','2023-03-30 16:12:55'),(2917,1,1,797,NULL,NULL,NULL,'2023-03-30 16:13:40','2023-03-30 16:13:40'),(2918,1,4,700,NULL,NULL,NULL,'2023-03-30 16:15:10','2023-03-30 16:15:10'),(2919,1,5,700,NULL,NULL,NULL,'2023-03-30 16:15:10','2023-03-30 16:15:10'),(2920,1,6,700,NULL,NULL,NULL,'2023-03-30 16:15:10','2023-03-30 16:15:10'),(2921,1,7,700,NULL,NULL,NULL,'2023-03-30 16:15:10','2023-03-30 16:15:10'),(2922,1,8,700,NULL,NULL,NULL,'2023-03-30 16:15:10','2023-03-30 16:15:10'),(2923,1,9,700,NULL,NULL,NULL,'2023-03-30 16:15:10','2023-03-30 16:15:10'),(2924,1,1,432,NULL,NULL,NULL,'2023-03-30 16:15:15','2023-03-30 16:15:15'),(2925,1,4,1194,NULL,NULL,NULL,'2023-03-30 16:22:27','2023-03-30 16:22:27'),(2926,1,5,1194,NULL,NULL,NULL,'2023-03-30 16:22:27','2023-03-30 16:22:27'),(2927,1,6,1194,NULL,NULL,NULL,'2023-03-30 16:22:27','2023-03-30 16:22:27'),(2928,1,7,1194,NULL,NULL,NULL,'2023-03-30 16:22:27','2023-03-30 16:22:27'),(2929,1,8,1194,NULL,NULL,NULL,'2023-03-30 16:22:27','2023-03-30 16:22:27'),(2930,1,9,1194,NULL,NULL,NULL,'2023-03-30 16:22:27','2023-03-30 16:22:27'),(2931,1,1,693,NULL,NULL,NULL,'2023-03-30 16:22:55','2023-03-30 16:22:55'),(2932,1,4,693,NULL,NULL,NULL,'2023-03-30 16:22:55','2023-03-30 16:22:55'),(2933,1,5,693,NULL,NULL,NULL,'2023-03-30 16:22:55','2023-03-30 16:22:55'),(2934,1,6,693,NULL,NULL,NULL,'2023-03-30 16:22:55','2023-03-30 16:22:55'),(2935,1,7,693,NULL,NULL,NULL,'2023-03-30 16:22:55','2023-03-30 16:22:55'),(2936,1,8,693,NULL,NULL,NULL,'2023-03-30 16:22:55','2023-03-30 16:22:55'),(2937,1,9,693,NULL,NULL,NULL,'2023-03-30 16:22:55','2023-03-30 16:22:55'),(2938,1,4,1198,NULL,NULL,NULL,'2023-03-30 16:23:26','2023-03-30 16:23:26'),(2939,1,5,1198,NULL,NULL,NULL,'2023-03-30 16:23:26','2023-03-30 16:23:26'),(2940,1,6,1198,NULL,NULL,NULL,'2023-03-30 16:23:26','2023-03-30 16:23:26'),(2941,1,7,1198,NULL,NULL,NULL,'2023-03-30 16:23:26','2023-03-30 16:23:26'),(2942,1,8,1198,NULL,NULL,NULL,'2023-03-30 16:23:26','2023-03-30 16:23:26'),(2943,1,9,1198,NULL,NULL,NULL,'2023-03-30 16:23:26','2023-03-30 16:23:26'),(2944,1,1,419,NULL,NULL,NULL,'2023-03-30 16:23:54','2023-03-30 16:23:54'),(2945,1,4,1197,NULL,NULL,NULL,'2023-03-30 16:23:57','2023-03-30 16:23:57'),(2946,1,5,1197,NULL,NULL,NULL,'2023-03-30 16:23:57','2023-03-30 16:23:57'),(2947,1,6,1197,NULL,NULL,NULL,'2023-03-30 16:23:57','2023-03-30 16:23:57'),(2948,1,7,1197,NULL,NULL,NULL,'2023-03-30 16:23:57','2023-03-30 16:23:57'),(2949,1,8,1197,NULL,NULL,NULL,'2023-03-30 16:23:57','2023-03-30 16:23:57'),(2950,1,9,1197,NULL,NULL,NULL,'2023-03-30 16:23:57','2023-03-30 16:23:57'),(2951,1,4,1195,NULL,NULL,NULL,'2023-03-30 16:24:22','2023-03-30 16:24:22'),(2952,1,5,1195,NULL,NULL,NULL,'2023-03-30 16:24:22','2023-03-30 16:24:22'),(2953,1,6,1195,NULL,NULL,NULL,'2023-03-30 16:24:22','2023-03-30 16:24:22'),(2954,1,7,1195,NULL,NULL,NULL,'2023-03-30 16:24:22','2023-03-30 16:24:22'),(2955,1,8,1195,NULL,NULL,NULL,'2023-03-30 16:24:22','2023-03-30 16:24:22'),(2956,1,9,1195,NULL,NULL,NULL,'2023-03-30 16:24:22','2023-03-30 16:24:22'),(2957,1,4,699,NULL,NULL,NULL,'2023-03-30 16:25:03','2023-03-30 16:25:03'),(2958,1,5,699,NULL,NULL,NULL,'2023-03-30 16:25:03','2023-03-30 16:25:03'),(2959,1,6,699,NULL,NULL,NULL,'2023-03-30 16:25:03','2023-03-30 16:25:03'),(2960,1,7,699,NULL,NULL,NULL,'2023-03-30 16:25:03','2023-03-30 16:25:03'),(2961,1,8,699,NULL,NULL,NULL,'2023-03-30 16:25:03','2023-03-30 16:25:03'),(2962,1,9,699,NULL,NULL,NULL,'2023-03-30 16:25:03','2023-03-30 16:25:03'),(2963,1,1,694,NULL,NULL,NULL,'2023-03-30 16:26:00','2023-03-30 16:26:00'),(2964,1,4,694,NULL,NULL,NULL,'2023-03-30 16:26:00','2023-03-30 16:26:00'),(2965,1,5,694,NULL,NULL,NULL,'2023-03-30 16:26:00','2023-03-30 16:26:00'),(2966,1,6,694,NULL,NULL,NULL,'2023-03-30 16:26:00','2023-03-30 16:26:00'),(2967,1,7,694,NULL,NULL,NULL,'2023-03-30 16:26:00','2023-03-30 16:26:00'),(2968,1,8,694,NULL,NULL,NULL,'2023-03-30 16:26:00','2023-03-30 16:26:00'),(2969,1,9,694,NULL,NULL,NULL,'2023-03-30 16:26:00','2023-03-30 16:26:00'),(2970,1,1,1752,NULL,NULL,NULL,'2023-03-30 16:26:04','2023-03-30 16:26:04'),(2971,1,4,1752,NULL,NULL,NULL,'2023-03-30 16:26:04','2023-03-30 16:26:04'),(2972,1,5,1752,NULL,NULL,NULL,'2023-03-30 16:26:04','2023-03-30 16:26:04'),(2973,1,6,1752,NULL,NULL,NULL,'2023-03-30 16:26:04','2023-03-30 16:26:04'),(2974,1,7,1752,NULL,NULL,NULL,'2023-03-30 16:26:04','2023-03-30 16:26:04'),(2975,1,8,1752,NULL,NULL,NULL,'2023-03-30 16:26:04','2023-03-30 16:26:04'),(2976,1,9,1752,NULL,NULL,NULL,'2023-03-30 16:26:04','2023-03-30 16:26:04'),(2977,1,1,695,NULL,NULL,NULL,'2023-03-30 16:26:24','2023-03-30 16:26:24'),(2978,1,4,695,NULL,NULL,NULL,'2023-03-30 16:26:24','2023-03-30 16:26:24'),(2979,1,5,695,NULL,NULL,NULL,'2023-03-30 16:26:24','2023-03-30 16:26:24'),(2980,1,6,695,NULL,NULL,NULL,'2023-03-30 16:26:24','2023-03-30 16:26:24'),(2981,1,7,695,NULL,NULL,NULL,'2023-03-30 16:26:24','2023-03-30 16:26:24'),(2982,1,8,695,NULL,NULL,NULL,'2023-03-30 16:26:24','2023-03-30 16:26:24'),(2983,1,9,695,NULL,NULL,NULL,'2023-03-30 16:26:24','2023-03-30 16:26:24'),(2984,1,1,696,NULL,NULL,NULL,'2023-03-30 16:27:22','2023-03-30 16:27:22'),(2985,1,4,696,NULL,NULL,NULL,'2023-03-30 16:27:22','2023-03-30 16:27:22'),(2986,1,5,696,NULL,NULL,NULL,'2023-03-30 16:27:22','2023-03-30 16:27:22'),(2987,1,6,696,NULL,NULL,NULL,'2023-03-30 16:27:22','2023-03-30 16:27:22'),(2988,1,7,696,NULL,NULL,NULL,'2023-03-30 16:27:22','2023-03-30 16:27:22'),(2989,1,8,696,NULL,NULL,NULL,'2023-03-30 16:27:22','2023-03-30 16:27:22'),(2990,1,9,696,NULL,NULL,NULL,'2023-03-30 16:27:22','2023-03-30 16:27:22'),(2991,1,1,704,NULL,NULL,NULL,'2023-03-30 16:29:05','2023-03-30 16:29:05'),(2992,1,4,704,NULL,NULL,NULL,'2023-03-30 16:29:05','2023-03-30 16:29:05'),(2993,1,5,704,NULL,NULL,NULL,'2023-03-30 16:29:05','2023-03-30 16:29:05'),(2994,1,6,704,NULL,NULL,NULL,'2023-03-30 16:29:05','2023-03-30 16:29:05'),(2995,1,7,704,NULL,NULL,NULL,'2023-03-30 16:29:05','2023-03-30 16:29:05'),(2996,1,8,704,NULL,NULL,NULL,'2023-03-30 16:29:05','2023-03-30 16:29:05'),(2997,1,9,704,NULL,NULL,NULL,'2023-03-30 16:29:05','2023-03-30 16:29:05'),(2998,1,1,421,NULL,NULL,NULL,'2023-03-30 16:29:40','2023-03-30 16:29:40'),(2999,1,1,434,NULL,NULL,NULL,'2023-03-30 16:50:14','2023-03-30 16:50:14'),(3000,1,1,428,NULL,NULL,NULL,'2023-03-30 17:05:00','2023-03-30 17:05:00'),(3001,1,1,423,NULL,NULL,NULL,'2023-03-30 17:05:46','2023-03-30 17:05:46'),(3002,1,1,426,NULL,NULL,NULL,'2023-03-30 17:06:28','2023-03-30 17:06:28'),(3003,1,1,430,NULL,NULL,NULL,'2023-03-30 17:07:14','2023-03-30 17:07:14'),(3004,1,1,102,NULL,NULL,NULL,'2023-03-30 17:20:36','2023-03-30 17:20:36'),(3005,1,4,102,NULL,NULL,NULL,'2023-03-30 17:20:36','2023-03-30 17:20:36'),(3006,1,5,102,NULL,NULL,NULL,'2023-03-30 17:20:36','2023-03-30 17:20:36'),(3007,1,6,102,NULL,NULL,NULL,'2023-03-30 17:20:36','2023-03-30 17:20:36'),(3008,1,7,102,NULL,NULL,NULL,'2023-03-30 17:20:36','2023-03-30 17:20:36'),(3009,1,8,102,NULL,NULL,NULL,'2023-03-30 17:20:36','2023-03-30 17:20:36'),(3010,1,9,102,NULL,NULL,NULL,'2023-03-30 17:20:36','2023-03-30 17:20:36'),(3011,1,1,103,NULL,NULL,NULL,'2023-03-30 17:21:32','2023-03-30 17:21:32'),(3012,1,4,103,NULL,NULL,NULL,'2023-03-30 17:21:32','2023-03-30 17:21:32'),(3013,1,5,103,NULL,NULL,NULL,'2023-03-30 17:21:32','2023-03-30 17:21:32'),(3014,1,6,103,NULL,NULL,NULL,'2023-03-30 17:21:32','2023-03-30 17:21:32'),(3015,1,7,103,NULL,NULL,NULL,'2023-03-30 17:21:32','2023-03-30 17:21:32'),(3016,1,8,103,NULL,NULL,NULL,'2023-03-30 17:21:32','2023-03-30 17:21:32'),(3017,1,9,103,NULL,NULL,NULL,'2023-03-30 17:21:32','2023-03-30 17:21:32'),(3018,1,1,104,NULL,NULL,NULL,'2023-03-30 17:23:30','2023-03-30 17:23:30'),(3019,1,4,104,NULL,NULL,NULL,'2023-03-30 17:23:30','2023-03-30 17:23:30'),(3020,1,5,104,NULL,NULL,NULL,'2023-03-30 17:23:30','2023-03-30 17:23:30'),(3021,1,6,104,NULL,NULL,NULL,'2023-03-30 17:23:30','2023-03-30 17:23:30'),(3022,1,7,104,NULL,NULL,NULL,'2023-03-30 17:23:30','2023-03-30 17:23:30'),(3023,1,8,104,NULL,NULL,NULL,'2023-03-30 17:23:30','2023-03-30 17:23:30'),(3024,1,9,104,NULL,NULL,NULL,'2023-03-30 17:23:30','2023-03-30 17:23:30'),(3025,1,1,105,NULL,NULL,NULL,'2023-03-30 17:24:45','2023-03-30 17:24:45'),(3026,1,4,105,NULL,NULL,NULL,'2023-03-30 17:24:45','2023-03-30 17:24:45'),(3027,1,5,105,NULL,NULL,NULL,'2023-03-30 17:24:45','2023-03-30 17:24:45'),(3028,1,6,105,NULL,NULL,NULL,'2023-03-30 17:24:45','2023-03-30 17:24:45'),(3029,1,7,105,NULL,NULL,NULL,'2023-03-30 17:24:45','2023-03-30 17:24:45'),(3030,1,8,105,NULL,NULL,NULL,'2023-03-30 17:24:45','2023-03-30 17:24:45'),(3031,1,9,105,NULL,NULL,NULL,'2023-03-30 17:24:45','2023-03-30 17:24:45'),(3032,1,1,1021,NULL,NULL,NULL,'2023-03-30 17:26:00','2023-03-30 17:26:00'),(3033,1,4,1021,NULL,NULL,NULL,'2023-03-30 17:26:00','2023-03-30 17:26:00'),(3034,1,5,1021,NULL,NULL,NULL,'2023-03-30 17:26:00','2023-03-30 17:26:00'),(3035,1,6,1021,NULL,NULL,NULL,'2023-03-30 17:26:00','2023-03-30 17:26:00'),(3036,1,7,1021,NULL,NULL,NULL,'2023-03-30 17:26:00','2023-03-30 17:26:00'),(3037,1,8,1021,NULL,NULL,NULL,'2023-03-30 17:26:00','2023-03-30 17:26:00'),(3038,1,9,1021,NULL,NULL,NULL,'2023-03-30 17:26:00','2023-03-30 17:26:00'),(3039,1,1,1022,NULL,NULL,NULL,'2023-03-30 17:26:53','2023-03-30 17:26:53'),(3040,1,4,1022,NULL,NULL,NULL,'2023-03-30 17:26:53','2023-03-30 17:26:53'),(3041,1,5,1022,NULL,NULL,NULL,'2023-03-30 17:26:53','2023-03-30 17:26:53'),(3042,1,6,1022,NULL,NULL,NULL,'2023-03-30 17:26:53','2023-03-30 17:26:53'),(3043,1,7,1022,NULL,NULL,NULL,'2023-03-30 17:26:53','2023-03-30 17:26:53'),(3044,1,8,1022,NULL,NULL,NULL,'2023-03-30 17:26:53','2023-03-30 17:26:53'),(3045,1,9,1022,NULL,NULL,NULL,'2023-03-30 17:26:53','2023-03-30 17:26:53');
